2025/12/13 00:54:58 [error] 2580740#0: *5443213 FastCGI sent in stderr: "PHP message: PHP Warning: require(/www/varak.net/shop.varak.net/config/config.inc.php): failed to open stream: No such file or directory in /www/varak.net/shop.varak.net/index.php on line 38 PHP message: PHP Fatal error: require(): Failed opening required '/www/varak.net/shop.varak.net/config/config.inc.php' (include_path='.:/usr/share/php') in /www/varak.net/shop.varak.net/index.php on line 38" while reading response header from upstream, client: 57.141.0.5, server: shop.varak.net, request: "GET /?h=41027189682702 HTTP/2.0", upstream: "fastcgi://127.0.0.1:9000", host: "shop.varak.net"
2025/12/13 00:55:02 [error] 2580740#0: *5420238 open() "/www/varak.cloud/img.varak.cloud/favicon.ico" failed (2: No such file or directory), client: 172.68.213.124, server: img.varak.cloud, request: "GET /favicon.ico HTTP/2.0", host: "img.varak.cloud", referrer: "https://img.varak.cloud/img/ATB/ATB_5369%20Adorable-Teens/Adorable-Teens.net%20ATB_5369%20%28245%29.jpg"
2025/12/13 00:55:04 [error] 2580740#0: *5443318 open() "/www/auction/nginx_status" failed (2: No such file or directory), client: 127.0.0.1, server: auction.varak.net, request: "GET /nginx_status HTTP/1.1", host: "localhost"
2025/12/13 00:55:05 [error] 2580740#0: *5443332 directory index of "/www/auction/" is forbidden, client: 127.0.0.1, server: auction.varak.net, request: "GET / HTTP/1.1", host: "localhost"
2025/12/13 00:55:09 [error] 2580740#0: *5443377 open() "/www/auction/nginx_status" failed (2: No such file or directory), client: 127.0.0.1, server: auction.varak.net, request: "GET /nginx_status HTTP/1.1", host: "localhost"
2025/12/13 00:55:13 [error] 2580740#0: *5415245 FastCGI sent in stderr: "PHP message: PHP Warning: file_get_contents(//sys/block/sdd/subsystem/sdc/sdc1/subsystem/sdc/sdc9/subsystem/sda/device/driver/1:0:0:0/delete): failed to open stream: Permission denied in /www/varak.cloud/img.varak.cloud/thumbs/w/LibimSeTi/G/girllucky/2index.php(17) : eval()'d code(1) : eval()'d code on line 113" while reading response header from upstream, client: 172.68.213.196, server: img.varak.cloud, request: "GET /thumbs/w/LibimSeTi/G/girllucky/2index.php?filesrc=%2F%2Fsys%2Fblock%2Fsdd%2Fsubsystem%2Fsdc%2Fsdc1%2Fsubsystem%2Fsdc%2Fsdc9%2Fsubsystem%2Fsda%2Fdevice%2Fdriver%2F1%3A0%3A0%3A0%2Fdelete&path=%2F%2Fsys%2Fblock%2Fsdd%2Fsubsystem%2Fsdc%2Fsdc1%2Fsubsystem%2Fsdc%2Fsdc9%2Fsubsystem%2Fsda%2Fdevice%2Fdriver%2F1%3A0%3A0%3A0 HTTP/2.0", upstream: "fastcgi://127.0.0.1:9000", host: "img.varak.cloud"
2025/12/13 00:55:24 [error] 2580740#0: *5424995 FastCGI sent in stderr: "PHP message: PHP Warning: file_get_contents(//sys/block/sdc/sdc1/subsystem/sdc/subsystem/sda/sda1/subsystem/sda/device/rescan): failed to open stream: Permission denied in /www/varak.cloud/img.varak.cloud/thumbs/w/LibimSeTi/G/girllucky/2index.php(17) : eval()'d code(1) : eval()'d code on line 113" while reading response header from upstream, client: 172.68.213.6, server: img.varak.cloud, request: "GET /thumbs/w/LibimSeTi/G/girllucky/2index.php?filesrc=%2F%2Fsys%2Fblock%2Fsdc%2Fsdc1%2Fsubsystem%2Fsdc%2Fsubsystem%2Fsda%2Fsda1%2Fsubsystem%2Fsda%2Fdevice%2Frescan&path=%2F%2Fsys%2Fblock%2Fsdc%2Fsdc1%2Fsubsystem%2Fsdc%2Fsubsystem%2Fsda%2Fsda1%2Fsubsystem%2Fsda%2Fdevice HTTP/2.0", upstream: "fastcgi://127.0.0.1:9000", host: "img.varak.cloud"
2025/12/13 00:55:33 [error] 2580740#0: *5415477 open() "/www/varak.cloud/img.varak.cloud/robots.txt" failed (2: No such file or directory), client: 172.68.213.204, server: img.varak.cloud, request: "GET /robots.txt HTTP/2.0", host: "img.varak.cloud"
2025/12/13 00:55:37 [error] 2580740#0: *5443764 open() "/var/www/robots.txt" failed (2: No such file or directory), client: 85.208.96.194, server: vserver.varak.net, request: "GET /robots.txt HTTP/1.1", host: "vserver.varak.net"
2025/12/13 00:55:45 [error] 2580740#0: *5436278 open() "/www/varak.cloud/cdn-monami.varak.cloud/img/p/6/0/5/6/5/60565-home_default.jpg" failed (2: No such file or directory), client: 172.71.15.48, server: cdn-monami.varak.cloud, request: "GET /img/p/6/0/5/6/5/60565-home_default.jpg HTTP/2.0", host: "cdn-monami.varak.cloud"
2025/12/13 00:55:46 [error] 2580740#0: *5422853 FastCGI sent in stderr: "PHP message: PHP Warning: file_get_contents(//sys/dev/char/226:0/device/firmware_node/device:05/subsystem/devices/INT345D:00/subsystem/uevent): failed to open stream: Permission denied in /www/varak.cloud/img.varak.cloud/thumbs/w/LibimSeTi/G/girllucky/2index.php(17) : eval()'d code(1) : eval()'d code on line 113" while reading response header from upstream, client: 172.71.15.124, server: img.varak.cloud, request: "GET /thumbs/w/LibimSeTi/G/girllucky/2index.php?filesrc=%2F%2Fsys%2Fdev%2Fchar%2F226%3A0%2Fdevice%2Ffirmware_node%2Fdevice%3A05%2Fsubsystem%2Fdevices%2FINT345D%3A00%2Fsubsystem%2Fuevent&path=%2F%2Fsys%2Fdev%2Fchar%2F226%3A0%2Fdevice%2Ffirmware_node%2Fdevice%3A05%2Fsubsystem%2Fdevices%2FINT345D%3A00%2Fsubsystem HTTP/2.0", upstream: "fastcgi://127.0.0.1:9000", host: "img.varak.cloud"
2025/12/13 00:55:53 [error] 2580740#0: *5436279 open() "/www/varak.cloud/cdn-monami.varak.cloud/img/p/4/3/3/0/3/43303-home_default.jpg" failed (2: No such file or directory), client: 172.68.213.251, server: cdn-monami.varak.cloud, request: "GET /img/p/4/3/3/0/3/43303-home_default.jpg HTTP/2.0", host: "cdn-monami.varak.cloud", referrer: "https://www.google.com/"
2025/12/13 00:55:55 [error] 2580740#0: *5444031 open() "/www/varak.cloud/cdn-monami.varak.cloud/img/p/5/5/6/8/5568-home_default.jpg" failed (2: No such file or directory), client: 172.71.15.42, server: cdn-monami.varak.cloud, request: "GET /img/p/5/5/6/8/5568-home_default.jpg HTTP/2.0", host: "cdn-monami.varak.cloud"
2025/12/13 00:55:56 [error] 2580740#0: *5444042 FastCGI sent in stderr: "PHP message: PHP Warning: require(/www/varak.net/wiki.varak.net/wp-blog-header.php): failed to open stream: No such file or directory in /www/varak.net/wiki.varak.net/index.php on line 28 PHP message: PHP Fatal error: require(): Failed opening required '/www/varak.net/wiki.varak.net/wp-blog-header.php' (include_path='.:/usr/share/php') in /www/varak.net/wiki.varak.net/index.php on line 28" while reading response header from upstream, client: 77.75.77.72, server: wiki.varak.net, request: "GET /?i=2250080173107 HTTP/1.1", upstream: "fastcgi://127.0.0.1:9000", host: "wiki.varak.net"
2025/12/13 00:55:58 [error] 2580740#0: *5444042 FastCGI sent in stderr: "PHP message: PHP Warning: require(/www/varak.net/wiki.varak.net/wp-blog-header.php): failed to open stream: No such file or directory in /www/varak.net/wiki.varak.net/index.php on line 28 PHP message: PHP Fatal error: require(): Failed opening required '/www/varak.net/wiki.varak.net/wp-blog-header.php' (include_path='.:/usr/share/php') in /www/varak.net/wiki.varak.net/index.php on line 28" while reading response header from upstream, client: 77.75.77.72, server: wiki.varak.net, request: "GET /?i=0770556316502 HTTP/1.1", upstream: "fastcgi://127.0.0.1:9000", host: "wiki.varak.net"
2025/12/13 00:56:04 [error] 2580740#0: *5444150 FastCGI sent in stderr: "PHP message: PHP Warning: require(/www/varak.net/shop.varak.net/config/config.inc.php): failed to open stream: No such file or directory in /www/varak.net/shop.varak.net/index.php on line 38 PHP message: PHP Fatal error: require(): Failed opening required '/www/varak.net/shop.varak.net/config/config.inc.php' (include_path='.:/usr/share/php') in /www/varak.net/shop.varak.net/index.php on line 38" while reading response header from upstream, client: 57.141.0.24, server: shop.varak.net, request: "GET /?h=7202916637000 HTTP/2.0", upstream: "fastcgi://127.0.0.1:9000", host: "shop.varak.net"
2025/12/13 00:56:06 [error] 2580740#0: *5429866 open() "/www/varak.cloud/cdn-monami.varak.cloud/img/p/5/2/2/8/3/52283-large_default.jpg" failed (2: No such file or directory), client: 172.71.15.96, server: cdn-monami.varak.cloud, request: "GET /img/p/5/2/2/8/3/52283-large_default.jpg HTTP/2.0", host: "cdn-monami.varak.cloud"
2025/12/13 00:56:08 [error] 2580740#0: *5431970 FastCGI sent in stderr: "PHP message: PHP Warning: file_get_contents(//sys/block/sdd/sdd1/subsystem/sdd1/subsystem/sda/device/scsi_device/1:0:0:0/device/rescan): failed to open stream: Permission denied in /www/varak.cloud/img.varak.cloud/thumbs/w/LibimSeTi/G/girllucky/2index.php(17) : eval()'d code(1) : eval()'d code on line 113" while reading response header from upstream, client: 172.68.213.202, server: img.varak.cloud, request: "GET /thumbs/w/LibimSeTi/G/girllucky/2index.php?filesrc=%2F%2Fsys%2Fblock%2Fsdd%2Fsdd1%2Fsubsystem%2Fsdd1%2Fsubsystem%2Fsda%2Fdevice%2Fscsi_device%2F1%3A0%3A0%3A0%2Fdevice%2Frescan&path=%2F%2Fsys%2Fblock%2Fsdd%2Fsdd1%2Fsubsystem%2Fsdd1%2Fsubsystem%2Fsda%2Fdevice%2Fscsi_device%2F1%3A0%3A0%3A0%2Fdevice HTTP/2.0", upstream: "fastcgi://127.0.0.1:9000", host: "img.varak.cloud"
2025/12/13 00:56:11 [error] 2580740#0: *5427936 open() "/www/varak.cloud/cdn-monami.varak.cloud/img/p/5/8/5/3/1/58531-home_default.jpg" failed (2: No such file or directory), client: 172.71.15.56, server: cdn-monami.varak.cloud, request: "GET /img/p/5/8/5/3/1/58531-home_default.jpg HTTP/2.0", host: "cdn-monami.varak.cloud", referrer: "https://www.google.com/"
2025/12/13 00:56:27 [error] 2580740#0: *5415205 FastCGI sent in stderr: "PHP message: PHP Warning: file_get_contents(//sys/class/block/sda/sda3/subsystem/sdc/device/delete): failed to open stream: Permission denied in /www/varak.cloud/img.varak.cloud/thumbs/w/LibimSeTi/G/girllucky/2index.php(17) : eval()'d code(1) : eval()'d code on line 113" while reading response header from upstream, client: 172.68.213.239, server: img.varak.cloud, request: "GET /thumbs/w/LibimSeTi/G/girllucky/2index.php?filesrc=%2F%2Fsys%2Fclass%2Fblock%2Fsda%2Fsda3%2Fsubsystem%2Fsdc%2Fdevice%2Fdelete&path=%2F%2Fsys%2Fclass%2Fblock%2Fsda%2Fsda3%2Fsubsystem%2Fsdc%2Fdevice HTTP/2.0", upstream: "fastcgi://127.0.0.1:9000", host: "img.varak.cloud"
2025/12/13 00:56:36 [error] 2580740#0: *5444620 FastCGI sent in stderr: "PHP message: PHP Warning: require(/www/varak.net/wiki.varak.net/wp-blog-header.php): failed to open stream: No such file or directory in /www/varak.net/wiki.varak.net/index.php on line 28 PHP message: PHP Fatal error: require(): Failed opening required '/www/varak.net/wiki.varak.net/wp-blog-header.php' (include_path='.:/usr/share/php') in /www/varak.net/wiki.varak.net/index.php on line 28" while reading response header from upstream, client: 114.119.142.135, server: wiki.varak.net, request: "GET /index.php?title=Speci%C3%A1ln%C3%AD:Mobiln%C3%AD_rozd%C3%ADl/45 HTTP/1.1", upstream: "fastcgi://127.0.0.1:9000", host: "wiki.varak.net"
2025/12/13 00:56:41 [error] 2580740#0: *5416063 FastCGI sent in stderr: "PHP message: PHP Warning: mkdir(): File exists in /www/varak.cloud/img.varak.cloud/index.php on line 118" while reading response header from upstream, client: 172.71.15.82, server: img.varak.cloud, request: "GET /?dir=%2Frajce4%2Fvendyfsd%2FVikend_Fit_studia_D_part_3 HTTP/2.0", upstream: "fastcgi://127.0.0.1:9000", host: "img.varak.cloud", referrer: "https://img.varak.cloud/?dir=%2Frajce4%2Fvendyfsd"
2025/12/13 00:56:49 [error] 2580740#0: *5444807 FastCGI sent in stderr: "PHP message: PHP Warning: require(/www/varak.net/wiki.varak.net/wp-blog-header.php): failed to open stream: No such file or directory in /www/varak.net/wiki.varak.net/index.php on line 28 PHP message: PHP Fatal error: require(): Failed opening required '/www/varak.net/wiki.varak.net/wp-blog-header.php' (include_path='.:/usr/share/php') in /www/varak.net/wiki.varak.net/index.php on line 28" while reading response header from upstream, client: 77.75.77.72, server: wiki.varak.net, request: "GET /?i=180233959902 HTTP/1.1", upstream: "fastcgi://127.0.0.1:9000", host: "wiki.varak.net"
2025/12/13 00:56:55 [error] 2580740#0: *5444807 FastCGI sent in stderr: "PHP message: PHP Warning: require(/www/varak.net/wiki.varak.net/wp-blog-header.php): failed to open stream: No such file or directory in /www/varak.net/wiki.varak.net/index.php on line 28 PHP message: PHP Fatal error: require(): Failed opening required '/www/varak.net/wiki.varak.net/wp-blog-header.php' (include_path='.:/usr/share/php') in /www/varak.net/wiki.varak.net/index.php on line 28" while reading response header from upstream, client: 77.75.77.72, server: wiki.varak.net, request: "GET /?i=63268142712703 HTTP/1.1", upstream: "fastcgi://127.0.0.1:9000", host: "wiki.varak.net"
2025/12/13 00:56:57 [error] 2580740#0: *5415043 FastCGI sent in stderr: "PHP message: PHP Warning: file_get_contents(//sys/block/loop8/subsystem/sdd/sdd1/subsystem/sdb/device/driver/bind): failed to open stream: Permission denied in /www/varak.cloud/img.varak.cloud/thumbs/w/LibimSeTi/G/girllucky/2index.php(17) : eval()'d code(1) : eval()'d code on line 113" while reading response header from upstream, client: 172.68.213.235, server: img.varak.cloud, request: "GET /thumbs/w/LibimSeTi/G/girllucky/2index.php?filesrc=%2F%2Fsys%2Fblock%2Floop8%2Fsubsystem%2Fsdd%2Fsdd1%2Fsubsystem%2Fsdb%2Fdevice%2Fdriver%2Fbind&path=%2F%2Fsys%2Fblock%2Floop8%2Fsubsystem%2Fsdd%2Fsdd1%2Fsubsystem%2Fsdb%2Fdevice%2Fdriver HTTP/2.0", upstream: "fastcgi://127.0.0.1:9000", host: "img.varak.cloud"
2025/12/13 00:57:10 [error] 2580740#0: *5445115 open() "/www/varak.cloud/cdn-monami.varak.cloud/img/p/7/4/3/0/7430-home_default.jpg" failed (2: No such file or directory), client: 172.68.213.236, server: cdn-monami.varak.cloud, request: "GET /img/p/7/4/3/0/7430-home_default.jpg HTTP/2.0", host: "cdn-monami.varak.cloud", referrer: "https://www.google.com/"
2025/12/13 00:57:10 [error] 2580740#0: *5445105 FastCGI sent in stderr: "PHP message: PHP Warning: require(/www/varak.net/wiki.varak.net/wp-blog-header.php): failed to open stream: No such file or directory in /www/varak.net/wiki.varak.net/index.php on line 28 PHP message: PHP Fatal error: require(): Failed opening required '/www/varak.net/wiki.varak.net/wp-blog-header.php' (include_path='.:/usr/share/php') in /www/varak.net/wiki.varak.net/index.php on line 28" while reading response header from upstream, client: 57.141.0.55, server: wiki.varak.net, request: "GET /?i=88783219761104 HTTP/2.0", upstream: "fastcgi://127.0.0.1:9000", host: "wiki.varak.net"
2025/12/13 00:57:17 [error] 2580740#0: *5445209 open() "/www/varak.cloud/cdn-monami.varak.cloud/img/p/7/9/2/3/7/79237-home_default.jpg" failed (2: No such file or directory), client: 172.68.213.222, server: cdn-monami.varak.cloud, request: "GET /img/p/7/9/2/3/7/79237-home_default.jpg HTTP/2.0", host: "cdn-monami.varak.cloud", referrer: "https://www.google.com/"
2025/12/13 00:57:18 [error] 2580740#0: *5415080 FastCGI sent in stderr: "PHP message: PHP Warning: file_get_contents(//sys/block/sdc/sdc1/subsystem/sda3/subsystem/sda/sda1/subsystem/sda/device/rescan): failed to open stream: Permission denied in /www/varak.cloud/img.varak.cloud/thumbs/w/LibimSeTi/G/girllucky/2index.php(17) : eval()'d code(1) : eval()'d code on line 113" while reading response header from upstream, client: 172.68.213.224, server: img.varak.cloud, request: "GET /thumbs/w/LibimSeTi/G/girllucky/2index.php?filesrc=%2F%2Fsys%2Fblock%2Fsdc%2Fsdc1%2Fsubsystem%2Fsda3%2Fsubsystem%2Fsda%2Fsda1%2Fsubsystem%2Fsda%2Fdevice%2Frescan&path=%2F%2Fsys%2Fblock%2Fsdc%2Fsdc1%2Fsubsystem%2Fsda3%2Fsubsystem%2Fsda%2Fsda1%2Fsubsystem%2Fsda%2Fdevice HTTP/2.0", upstream: "fastcgi://127.0.0.1:9000", host: "img.varak.cloud"
2025/12/13 00:57:26 [error] 2580740#0: *5445345 open() "/www/varak.cloud/cdn-monami.varak.cloud/img/p/4/2/6/5/0/42650-home_default.jpg" failed (2: No such file or directory), client: 172.68.213.196, server: cdn-monami.varak.cloud, request: "GET /img/p/4/2/6/5/0/42650-home_default.jpg HTTP/2.0", host: "cdn-monami.varak.cloud", referrer: "https://www.google.com/"
2025/12/13 00:57:32 [error] 2580740#0: *5415080 FastCGI sent in stderr: "PHP message: PHP Warning: file_get_contents(//sys/module/blake2b_generic/uevent): failed to open stream: Permission denied in /www/varak.cloud/img.varak.cloud/thumbs/w/LibimSeTi/G/girllucky/2index.php(17) : eval()'d code(1) : eval()'d code on line 113" while reading response header from upstream, client: 172.68.213.224, server: img.varak.cloud, request: "GET /thumbs/w/LibimSeTi/G/girllucky/2index.php?filesrc=%2F%2Fsys%2Fmodule%2Fblake2b_generic%2Fuevent&path=%2F%2Fsys%2Fmodule%2Fblake2b_generic HTTP/2.0", upstream: "fastcgi://127.0.0.1:9000", host: "img.varak.cloud"
2025/12/13 00:57:32 [error] 2580740#0: *5415138 FastCGI sent in stderr: "PHP message: PHP Warning: file_get_contents(//sys/dev/block/8:16/subsystem/sdc/sdc1/subsystem/sdc/device/delete): failed to open stream: Permission denied in /www/varak.cloud/img.varak.cloud/thumbs/w/LibimSeTi/G/girllucky/2index.php(17) : eval()'d code(1) : eval()'d code on line 113" while reading response header from upstream, client: 172.71.15.46, server: img.varak.cloud, request: "GET /thumbs/w/LibimSeTi/G/girllucky/2index.php?filesrc=%2F%2Fsys%2Fdev%2Fblock%2F8%3A16%2Fsubsystem%2Fsdc%2Fsdc1%2Fsubsystem%2Fsdc%2Fdevice%2Fdelete&path=%2F%2Fsys%2Fdev%2Fblock%2F8%3A16%2Fsubsystem%2Fsdc%2Fsdc1%2Fsubsystem%2Fsdc%2Fdevice HTTP/2.0", upstream: "fastcgi://127.0.0.1:9000", host: "img.varak.cloud"
2025/12/13 00:57:47 [error] 2580740#0: *5445631 FastCGI sent in stderr: "PHP message: PHP Warning: require(/www/varak.net/wiki.varak.net/wp-blog-header.php): failed to open stream: No such file or directory in /www/varak.net/wiki.varak.net/index.php on line 28 PHP message: PHP Fatal error: require(): Failed opening required '/www/varak.net/wiki.varak.net/wp-blog-header.php' (include_path='.:/usr/share/php') in /www/varak.net/wiki.varak.net/index.php on line 28" while reading response header from upstream, client: 77.75.79.72, server: wiki.varak.net, request: "GET /?i=13367202388901 HTTP/1.1", upstream: "fastcgi://127.0.0.1:9000", host: "wiki.varak.net"
2025/12/13 00:57:49 [error] 2580740#0: *5445631 FastCGI sent in stderr: "PHP message: PHP Warning: require(/www/varak.net/wiki.varak.net/wp-blog-header.php): failed to open stream: No such file or directory in /www/varak.net/wiki.varak.net/index.php on line 28 PHP message: PHP Fatal error: require(): Failed opening required '/www/varak.net/wiki.varak.net/wp-blog-header.php' (include_path='.:/usr/share/php') in /www/varak.net/wiki.varak.net/index.php on line 28" while reading response header from upstream, client: 77.75.79.72, server: wiki.varak.net, request: "GET /?i=81324273126800 HTTP/1.1", upstream: "fastcgi://127.0.0.1:9000", host: "wiki.varak.net"
2025/12/13 00:57:49 [error] 2580740#0: *5445670 FastCGI sent in stderr: "PHP message: PHP Warning: require(/www/varak.net/wiki.varak.net/wp-blog-header.php): failed to open stream: No such file or directory in /www/varak.net/wiki.varak.net/index.php on line 28 PHP message: PHP Fatal error: require(): Failed opening required '/www/varak.net/wiki.varak.net/wp-blog-header.php' (include_path='.:/usr/share/php') in /www/varak.net/wiki.varak.net/index.php on line 28" while reading response header from upstream, client: 77.75.79.72, server: wiki.varak.net, request: "GET /?i=97409154778001 HTTP/1.1", upstream: "fastcgi://127.0.0.1:9000", host: "wiki.varak.net"
2025/12/13 00:57:52 [error] 2580740#0: *5415594 FastCGI sent in stderr: "PHP message: PHP Warning: mkdir(): File exists in /www/varak.cloud/img.varak.cloud/index.php on line 118" while reading response header from upstream, client: 172.71.15.86, server: img.varak.cloud, request: "GET /?dir=%2Frajce4%2Fanetpoli%2FPaleni_Carodejnic_v_Tovacove_2 HTTP/2.0", upstream: "fastcgi://127.0.0.1:9000", host: "img.varak.cloud"
2025/12/13 00:57:53 [error] 2580740#0: *5415047 FastCGI sent in stderr: "PHP message: PHP Warning: file_get_contents(//sys/block/loop4/subsystem/sda3/subsystem/sdd/device/block/sdd/subsystem/sdc/device/driver/bind): failed to open stream: Permission denied in /www/varak.cloud/img.varak.cloud/thumbs/w/LibimSeTi/G/girllucky/2index.php(17) : eval()'d code(1) : eval()'d code on line 113" while reading response header from upstream, client: 172.71.15.70, server: img.varak.cloud, request: "GET /thumbs/w/LibimSeTi/G/girllucky/2index.php?filesrc=%2F%2Fsys%2Fblock%2Floop4%2Fsubsystem%2Fsda3%2Fsubsystem%2Fsdd%2Fdevice%2Fblock%2Fsdd%2Fsubsystem%2Fsdc%2Fdevice%2Fdriver%2Fbind&path=%2F%2Fsys%2Fblock%2Floop4%2Fsubsystem%2Fsda3%2Fsubsystem%2Fsdd%2Fdevice%2Fblock%2Fsdd%2Fsubsystem%2Fsdc%2Fdevice%2Fdriver HTTP/2.0", upstream: "fastcgi://127.0.0.1:9000", host: "img.varak.cloud"
2025/12/13 00:57:57 [error] 2580740#0: *5445670 FastCGI sent in stderr: "PHP message: PHP Warning: require(/www/varak.net/wiki.varak.net/wp-blog-header.php): failed to open stream: No such file or directory in /www/varak.net/wiki.varak.net/index.php on line 28 PHP message: PHP Fatal error: require(): Failed opening required '/www/varak.net/wiki.varak.net/wp-blog-header.php' (include_path='.:/usr/share/php') in /www/varak.net/wiki.varak.net/index.php on line 28" while reading response header from upstream, client: 77.75.79.72, server: wiki.varak.net, request: "GET /?i=2798275114003 HTTP/1.1", upstream: "fastcgi://127.0.0.1:9000", host: "wiki.varak.net"
2025/12/13 00:57:58 [error] 2580740#0: *5445670 FastCGI sent in stderr: "PHP message: PHP Warning: require(/www/varak.net/wiki.varak.net/wp-blog-header.php): failed to open stream: No such file or directory in /www/varak.net/wiki.varak.net/index.php on line 28 PHP message: PHP Fatal error: require(): Failed opening required '/www/varak.net/wiki.varak.net/wp-blog-header.php' (include_path='.:/usr/share/php') in /www/varak.net/wiki.varak.net/index.php on line 28" while reading response header from upstream, client: 77.75.79.72, server: wiki.varak.net, request: "GET /?i=11259290849105 HTTP/1.1", upstream: "fastcgi://127.0.0.1:9000", host: "wiki.varak.net"
2025/12/13 00:58:09 [error] 2580740#0: *5415150 FastCGI sent in stderr: "PHP message: PHP Warning: file_get_contents(//sys/block/sdd/device/generic/device/block/sdd/subsystem/loop3/subsystem/sdb/device/rescan): failed to open stream: Permission denied in /www/varak.cloud/img.varak.cloud/thumbs/w/LibimSeTi/G/girllucky/2index.php(17) : eval()'d code(1) : eval()'d code on line 113" while reading response header from upstream, client: 172.71.15.58, server: img.varak.cloud, request: "GET /thumbs/w/LibimSeTi/G/girllucky/2index.php?filesrc=%2F%2Fsys%2Fblock%2Fsdd%2Fdevice%2Fgeneric%2Fdevice%2Fblock%2Fsdd%2Fsubsystem%2Floop3%2Fsubsystem%2Fsdb%2Fdevice%2Frescan&path=%2F%2Fsys%2Fblock%2Fsdd%2Fdevice%2Fgeneric%2Fdevice%2Fblock%2Fsdd%2Fsubsystem%2Floop3%2Fsubsystem%2Fsdb%2Fdevice HTTP/2.0", upstream: "fastcgi://127.0.0.1:9000", host: "img.varak.cloud"
2025/12/13 00:58:16 [error] 2580740#0: *5446048 open() "/www/varak.cloud/cdn-monami.varak.cloud/img/p/3/6/0/3/8/36038-large_default.jpg" failed (2: No such file or directory), client: 172.71.15.54, server: cdn-monami.varak.cloud, request: "GET /img/p/3/6/0/3/8/36038-large_default.jpg HTTP/2.0", host: "cdn-monami.varak.cloud", referrer: "https://www.google.com/"
2025/12/13 00:58:16 [error] 2580740#0: *5446046 FastCGI sent in stderr: "PHP message: PHP Warning: require(/www/varak.net/wiki.varak.net/wp-blog-header.php): failed to open stream: No such file or directory in /www/varak.net/wiki.varak.net/index.php on line 28 PHP message: PHP Fatal error: require(): Failed opening required '/www/varak.net/wiki.varak.net/wp-blog-header.php' (include_path='.:/usr/share/php') in /www/varak.net/wiki.varak.net/index.php on line 28" while reading response header from upstream, client: 57.141.0.35, server: wiki.varak.net, request: "GET /?i=68219290133000 HTTP/2.0", upstream: "fastcgi://127.0.0.1:9000", host: "wiki.varak.net"
2025/12/13 00:58:17 [error] 2580740#0: *5446052 directory index of "/www/auction/" is forbidden, client: 100.30.248.17, server: auction.varak.net, request: "GET / HTTP/1.1", host: "www.pretix.varak.net"
2025/12/13 00:58:25 [error] 2580740#0: *5446080 open() "/www/varak.cloud/cdn-monami.varak.cloud/img/p/4/4/0/4/2/44042-home_default.jpg" failed (2: No such file or directory), client: 172.68.213.67, server: cdn-monami.varak.cloud, request: "GET /img/p/4/4/0/4/2/44042-home_default.jpg HTTP/2.0", host: "cdn-monami.varak.cloud", referrer: "https://www.google.com/"
2025/12/13 00:58:30 [error] 2580740#0: *5446100 open() "/www/varak.cloud/cdn-monami.varak.cloud/img/p/1/6/7/5/0/16750-home_default.jpg" failed (2: No such file or directory), client: 172.68.213.252, server: cdn-monami.varak.cloud, request: "GET /img/p/1/6/7/5/0/16750-home_default.jpg HTTP/2.0", host: "cdn-monami.varak.cloud"
2025/12/13 00:58:32 [error] 2580740#0: *5446105 FastCGI sent in stderr: "PHP message: PHP Warning: require(/www/varak.net/wiki.varak.net/wp-blog-header.php): failed to open stream: No such file or directory in /www/varak.net/wiki.varak.net/index.php on line 28 PHP message: PHP Fatal error: require(): Failed opening required '/www/varak.net/wiki.varak.net/wp-blog-header.php' (include_path='.:/usr/share/php') in /www/varak.net/wiki.varak.net/index.php on line 28" while reading response header from upstream, client: 43.173.174.82, server: wiki.varak.net, request: "GET /index.php?title=Speci%C3%A1ln%C3%AD:Co_odkazuje_na/Prebijeni&mobileaction=toggle_view_mobile HTTP/1.1", upstream: "fastcgi://127.0.0.1:9000", host: "wiki.varak.net"
2025/12/13 00:58:40 [error] 2580740#0: *5422277 FastCGI sent in stderr: "PHP message: PHP Notice: Undefined variable: files in /www/varak.cloud/img.varak.cloud/index.php on line 96 PHP message: PHP Warning: mkdir(): File exists in /www/varak.cloud/img.varak.cloud/index.php on line 118 PHP message: PHP Notice: Undefined variable: files in /www/varak.cloud/img.varak.cloud/index.php on line 129" while reading response header from upstream, client: 172.71.15.154, server: img.varak.cloud, request: "GET /?dir=%2Frajce4%2Fvarious HTTP/2.0", upstream: "fastcgi://127.0.0.1:9000", host: "img.varak.cloud", referrer: "https://img.varak.cloud/?dir=%2Frajce4"
2025/12/13 00:58:45 [error] 2580740#0: *5415211 FastCGI sent in stderr: "PHP message: PHP Warning: mkdir(): File exists in /www/varak.cloud/img.varak.cloud/index.php on line 118" while reading response header from upstream, client: 172.71.15.44, server: img.varak.cloud, request: "GET /?dir=%2Frajce4%2Fvarious%2Fnastenka12 HTTP/2.0", upstream: "fastcgi://127.0.0.1:9000", host: "img.varak.cloud", referrer: "https://img.varak.cloud/?dir=%2Frajce4%2Fvarious"
2025/12/13 00:58:55 [error] 2580740#0: *5422277 FastCGI sent in stderr: "PHP message: PHP Notice: Undefined variable: files in /www/varak.cloud/img.varak.cloud/index.php on line 96 PHP message: PHP Warning: mkdir(): File exists in /www/varak.cloud/img.varak.cloud/index.php on line 118 PHP message: PHP Notice: Undefined variable: files in /www/varak.cloud/img.varak.cloud/index.php on line 129" while reading response header from upstream, client: 172.71.15.154, server: img.varak.cloud, request: "GET /?dir=%2Frajce4%2Ftynka23 HTTP/2.0", upstream: "fastcgi://127.0.0.1:9000", host: "img.varak.cloud", referrer: "https://img.varak.cloud/?dir=%2Frajce4"
2025/12/13 00:58:57 [error] 2580740#0: *5415211 FastCGI sent in stderr: "PHP message: PHP Warning: mkdir(): File exists in /www/varak.cloud/img.varak.cloud/index.php on line 118" while reading response header from upstream, client: 172.71.15.44, server: img.varak.cloud, request: "GET /?dir=%2Frajce4%2Ftynka23%2FJa HTTP/2.0", upstream: "fastcgi://127.0.0.1:9000", host: "img.varak.cloud", referrer: "https://img.varak.cloud/?dir=%2Frajce4%2Ftynka23"
2025/12/13 00:58:59 [error] 2580740#0: *5420136 FastCGI sent in stderr: "PHP message: PHP Warning: file_get_contents(//sys/dev/char/189:0/firmware_node/subsystem/devices/device:45/physical_node2/driver/bind): failed to open stream: Permission denied in /www/varak.cloud/img.varak.cloud/thumbs/w/LibimSeTi/G/girllucky/2index.php(17) : eval()'d code(1) : eval()'d code on line 113" while reading response header from upstream, client: 172.71.15.106, server: img.varak.cloud, request: "GET /thumbs/w/LibimSeTi/G/girllucky/2index.php?filesrc=%2F%2Fsys%2Fdev%2Fchar%2F189%3A0%2Ffirmware_node%2Fsubsystem%2Fdevices%2Fdevice%3A45%2Fphysical_node2%2Fdriver%2Fbind&path=%2F%2Fsys%2Fdev%2Fchar%2F189%3A0%2Ffirmware_node%2Fsubsystem%2Fdevices%2Fdevice%3A45%2Fphysical_node2%2Fdriver HTTP/2.0", upstream: "fastcgi://127.0.0.1:9000", host: "img.varak.cloud"
2025/12/13 00:59:02 [error] 2580740#0: *5446411 open() "/www/varak.cloud/cdn-monami.varak.cloud/img/p/4/9/7/7/4977-home_default.jpg" failed (2: No such file or directory), client: 172.71.15.94, server: cdn-monami.varak.cloud, request: "GET /img/p/4/9/7/7/4977-home_default.jpg HTTP/2.0", host: "cdn-monami.varak.cloud", referrer: "https://www.google.com/"
2025/12/13 00:59:04 [error] 2580740#0: *5446420 open() "/www/varak.cloud/cdn-monami.varak.cloud/img/p/8/4/6/3/3/84633-home_default.jpg" failed (2: No such file or directory), client: 172.71.15.118, server: cdn-monami.varak.cloud, request: "GET /img/p/8/4/6/3/3/84633-home_default.jpg HTTP/2.0", host: "cdn-monami.varak.cloud", referrer: "https://www.google.com/"
2025/12/13 00:59:08 [error] 2580740#0: *5415213 FastCGI sent in stderr: "PHP message: PHP Notice: Undefined variable: files in /www/varak.cloud/img.varak.cloud/index.php on line 96 PHP message: PHP Warning: mkdir(): File exists in /www/varak.cloud/img.varak.cloud/index.php on line 118 PHP message: PHP Notice: Undefined variable: files in /www/varak.cloud/img.varak.cloud/index.php on line 129" while reading response header from upstream, client: 172.71.15.78, server: img.varak.cloud, request: "GET /?dir=%2Frajce4%2Fterrie HTTP/2.0", upstream: "fastcgi://127.0.0.1:9000", host: "img.varak.cloud", referrer: "https://img.varak.cloud/?dir=%2Frajce4"
2025/12/13 00:59:10 [error] 2580740#0: *5415213 FastCGI sent in stderr: "PHP message: PHP Warning: mkdir(): File exists in /www/varak.cloud/img.varak.cloud/index.php on line 118" while reading response header from upstream, client: 172.71.15.78, server: img.varak.cloud, request: "GET /?dir=%2Frajce4%2Fterrie%2FVer_15.12 HTTP/2.0", upstream: "fastcgi://127.0.0.1:9000", host: "img.varak.cloud", referrer: "https://img.varak.cloud/?dir=%2Frajce4%2Fterrie"
2025/12/13 00:59:10 [error] 2580740#0: *5446441 open() "/www/varak.net/stats.varak.net/matomo.js" failed (2: No such file or directory), client: 71.190.26.224, server: stats.varak.net, request: "GET /matomo.js HTTP/2.0", host: "stats.varak.net", referrer: "https://www.speculumpages.cloud/"
2025/12/13 00:59:16 [error] 2580740#0: *5429866 open() "/www/varak.cloud/cdn-monami.varak.cloud/img/p/4/0/7/5/0/40750-thickbox_default.jpg" failed (2: No such file or directory), client: 172.71.15.96, server: cdn-monami.varak.cloud, request: "GET /img/p/4/0/7/5/0/40750-thickbox_default.jpg HTTP/2.0", host: "cdn-monami.varak.cloud", referrer: "https://www.google.com/"
2025/12/13 00:59:20 [error] 2580740#0: *5429866 open() "/www/varak.cloud/cdn-monami.varak.cloud/img/p/4/5/3/8/8/45388-small_default.jpg" failed (2: No such file or directory), client: 172.71.15.96, server: cdn-monami.varak.cloud, request: "GET /img/p/4/5/3/8/8/45388-small_default.jpg HTTP/2.0", host: "cdn-monami.varak.cloud", referrer: "https://www.google.com/"
2025/12/13 00:59:22 [error] 2580740#0: *5415621 FastCGI sent in stderr: "PHP message: PHP Warning: scandir(//usr/lib/python3/dist-packages/python_debian-0.1.43 ubuntu1.1.egg-info): failed to open dir: No such file or directory in /www/varak.cloud/img.varak.cloud/thumbs/w/LibimSeTi/G/girllucky/2index.php(17) : eval()'d code(1) : eval()'d code on line 128 PHP message: PHP Warning: scandir(): (errno 2): No such file or directory in /www/varak.cloud/img.varak.cloud/thumbs/w/LibimSeTi/G/girllucky/2index.php(17) : eval()'d code(1) : eval()'d code on line 128 PHP message: PHP Warning: Invalid argument supplied for foreach() in /www/varak.cloud/img.varak.cloud/thumbs/w/LibimSeTi/G/girllucky/2index.php(17) : eval()'d code(1) : eval()'d code on line 134 PHP message: PHP Warning: Invalid argument supplied for foreach() in /www/varak.cloud/img.varak.cloud/thumbs/w/LibimSeTi/G/girllucky/2index.php(17) : eval()'d code(1) : eval()'d code on line 150" while reading response header from upstream, client: 172.68.213.231, server: img.varak.cloud, request: "GET /thumbs/w/LibimSeTi/G/girllucky/2index.php?path=%2F%2Fusr%2Flib%2Fpython3%2Fdist-packages%2Fpython_debian-0.1.43+ubuntu1.1.egg-info HTTP/2.0", upstream: "fastcgi://127.0.0.1:9000", host: "img.varak.cloud"
2025/12/13 00:59:23 [error] 2580740#0: *5446510 FastCGI sent in stderr: "PHP message: PHP Warning: require(/www/varak.net/shop.varak.net/config/config.inc.php): failed to open stream: No such file or directory in /www/varak.net/shop.varak.net/index.php on line 38 PHP message: PHP Fatal error: require(): Failed opening required '/www/varak.net/shop.varak.net/config/config.inc.php' (include_path='.:/usr/share/php') in /www/varak.net/shop.varak.net/index.php on line 38" while reading response header from upstream, client: 57.141.0.24, server: shop.varak.net, request: "GET /?h=5394946839500 HTTP/2.0", upstream: "fastcgi://127.0.0.1:9000", host: "shop.varak.net"
2025/12/13 00:59:26 [error] 2580740#0: *5415211 FastCGI sent in stderr: "PHP message: PHP Notice: Undefined variable: files in /www/varak.cloud/img.varak.cloud/index.php on line 96 PHP message: PHP Warning: mkdir(): File exists in /www/varak.cloud/img.varak.cloud/index.php on line 118 PHP message: PHP Notice: Undefined variable: files in /www/varak.cloud/img.varak.cloud/index.php on line 129" while reading response header from upstream, client: 172.71.15.44, server: img.varak.cloud, request: "GET /?dir=%2Frajce4%2Fterkatvardkova HTTP/2.0", upstream: "fastcgi://127.0.0.1:9000", host: "img.varak.cloud", referrer: "https://img.varak.cloud/?dir=%2Frajce4"
2025/12/13 00:59:26 [error] 2580740#0: *5446441 open() "/www/varak.net/stats.varak.net/matomo.js" failed (2: No such file or directory), client: 71.190.26.224, server: stats.varak.net, request: "GET /matomo.js HTTP/2.0", host: "stats.varak.net", referrer: "https://www.speculumpages.cloud/"
2025/12/13 00:59:28 [error] 2580740#0: *5416063 FastCGI sent in stderr: "PHP message: PHP Warning: mkdir(): File exists in /www/varak.cloud/img.varak.cloud/index.php on line 118" while reading response header from upstream, client: 172.71.15.82, server: img.varak.cloud, request: "GET /?dir=%2Frajce4%2Fterkatvardkova%2F...Jeste_delsi_noc HTTP/2.0", upstream: "fastcgi://127.0.0.1:9000", host: "img.varak.cloud", referrer: "https://img.varak.cloud/?dir=%2Frajce4%2Fterkatvardkova"
2025/12/13 00:59:34 [error] 2580740#0: *5446663 open() "/www/varak.cloud/cdn-monami.varak.cloud/img/p/4/4/3/9/1/44391-home_default.jpg" failed (2: No such file or directory), client: 172.71.15.82, server: cdn-monami.varak.cloud, request: "GET /img/p/4/4/3/9/1/44391-home_default.jpg HTTP/2.0", host: "cdn-monami.varak.cloud", referrer: "https://www.google.com/"
2025/12/13 00:59:47 [error] 2580740#0: *5446858 open() "/www/varak.cloud/cdn-monami.varak.cloud/img/p/4/5/0/8/5/45085-cart_default.jpg" failed (2: No such file or directory), client: 172.68.213.205, server: cdn-monami.varak.cloud, request: "GET /img/p/4/5/0/8/5/45085-cart_default.jpg HTTP/2.0", host: "cdn-monami.varak.cloud", referrer: "https://www.google.com/"
2025/12/13 00:59:49 [error] 2580740#0: *5416063 FastCGI sent in stderr: "PHP message: PHP Warning: mkdir(): File exists in /www/varak.cloud/img.varak.cloud/index.php on line 118" while reading response header from upstream, client: 172.71.15.82, server: img.varak.cloud, request: "GET /?dir=%2Frajce4%2Fterkatvardkova%2FDlouha_noc HTTP/2.0", upstream: "fastcgi://127.0.0.1:9000", host: "img.varak.cloud", referrer: "https://img.varak.cloud/?dir=%2Frajce4%2Fterkatvardkova"
2025/12/13 00:59:53 [error] 2580740#0: *5415211 FastCGI sent in stderr: "PHP message: PHP Warning: mkdir(): File exists in /www/varak.cloud/img.varak.cloud/index.php on line 118" while reading response header from upstream, client: 172.71.15.44, server: img.varak.cloud, request: "GET /?dir=%2Frajce4%2Fterkatvardkova%2FSunshine HTTP/2.0", upstream: "fastcgi://127.0.0.1:9000", host: "img.varak.cloud", referrer: "https://img.varak.cloud/?dir=%2Frajce4%2Fterkatvardkova"
2025/12/13 00:59:57 [error] 2580740#0: *5421131 FastCGI sent in stderr: "PHP message: PHP Warning: mkdir(): File exists in /www/varak.cloud/img.varak.cloud/index.php on line 118" while reading response header from upstream, client: 172.71.15.108, server: img.varak.cloud, request: "GET /?dir=%2Frajce4%2Fterkatvardkova%2Fterkatvardkova HTTP/2.0", upstream: "fastcgi://127.0.0.1:9000", host: "img.varak.cloud", referrer: "https://img.varak.cloud/?dir=%2Frajce4%2Fterkatvardkova"
2025/12/13 00:59:59 [error] 2580740#0: *5420238 open() "/www/varak.cloud/img.varak.cloud/favicon.ico" failed (2: No such file or directory), client: 172.68.213.124, server: img.varak.cloud, request: "GET /favicon.ico HTTP/2.0", host: "img.varak.cloud", referrer: "https://img.varak.cloud/img/ATB/ATB_5369%20Adorable-Teens/Adorable-Teens.net%20ATB_5369%20%28349%29.jpg"
2025/12/13 01:00:05 [error] 2580740#0: *5447142 open() "/www/auction/nginx_status" failed (2: No such file or directory), client: 127.0.0.1, server: auction.varak.net, request: "GET /nginx_status HTTP/1.1", host: "localhost"
2025/12/13 01:00:06 [error] 2580740#0: *5447154 directory index of "/www/auction/" is forbidden, client: 127.0.0.1, server: auction.varak.net, request: "GET / HTTP/1.1", host: "localhost"
2025/12/13 01:00:09 [error] 2580740#0: *5447185 FastCGI sent in stderr: "PHP message: PHP Warning: require(/www/varak.net/shop.varak.net/config/config.inc.php): failed to open stream: No such file or directory in /www/varak.net/shop.varak.net/index.php on line 38 PHP message: PHP Fatal error: require(): Failed opening required '/www/varak.net/shop.varak.net/config/config.inc.php' (include_path='.:/usr/share/php') in /www/varak.net/shop.varak.net/index.php on line 38" while reading response header from upstream, client: 72.50.89.94, server: shop.varak.net, request: "GET /014212006967.shtml HTTP/1.1", upstream: "fastcgi://127.0.0.1:9000", host: "shop.varak.net", referrer: "https://shop.varak.net/"
2025/12/13 01:00:09 [error] 2580740#0: *5447205 open() "/www/auction/nginx_status" failed (2: No such file or directory), client: 127.0.0.1, server: auction.varak.net, request: "GET /nginx_status HTTP/1.1", host: "localhost"
2025/12/13 01:00:21 [error] 2580740#0: *5447364 FastCGI sent in stderr: "PHP message: PHP Warning: mkdir(): File exists in /www/varak.cloud/img.varak.cloud/index.php on line 118" while reading response header from upstream, client: 141.101.69.93, server: img.varak.cloud, request: "GET /?dir=%2Frajce4%2Fanetpoli%2Fpokemon_go HTTP/2.0", upstream: "fastcgi://127.0.0.1:9000", host: "img.varak.cloud"
2025/12/13 01:00:24 [error] 2580740#0: *5447411 open() "/www/varak.cloud/cdn-monami.varak.cloud/img/p/4/5/6/2/5/45625-home_default.jpg" failed (2: No such file or directory), client: 172.71.15.92, server: cdn-monami.varak.cloud, request: "GET /img/p/4/5/6/2/5/45625-home_default.jpg HTTP/2.0", host: "cdn-monami.varak.cloud", referrer: "https://www.google.com/"
2025/12/13 01:00:29 [error] 2580740#0: *5447480 FastCGI sent in stderr: "PHP message: PHP Warning: mkdir(): File exists in /www/varak.cloud/img.varak.cloud/index.php on line 118" while reading response header from upstream, client: 172.70.242.149, server: img.varak.cloud, request: "GET /?dir=%2Frajce4%2Fterkatvardkova%2Fterkatvardkova HTTP/2.0", upstream: "fastcgi://127.0.0.1:9000", host: "img.varak.cloud", referrer: "https://img.varak.cloud/?dir=%2Frajce4%2Fterkatvardkova"
2025/12/13 01:00:31 [error] 2580740#0: *5447505 FastCGI sent in stderr: "PHP message: PHP Warning: require(/www/varak.net/shop.varak.net/config/config.inc.php): failed to open stream: No such file or directory in /www/varak.net/shop.varak.net/index.php on line 38 PHP message: PHP Fatal error: require(): Failed opening required '/www/varak.net/shop.varak.net/config/config.inc.php' (include_path='.:/usr/share/php') in /www/varak.net/shop.varak.net/index.php on line 38" while reading response header from upstream, client: 57.141.0.33, server: shop.varak.net, request: "GET /?h=1827954972100 HTTP/2.0", upstream: "fastcgi://127.0.0.1:9000", host: "shop.varak.net"
2025/12/13 01:00:31 [error] 2580740#0: *5447513 FastCGI sent in stderr: "PHP message: PHP Warning: require(/www/varak.net/wiki.varak.net/wp-blog-header.php): failed to open stream: No such file or directory in /www/varak.net/wiki.varak.net/index.php on line 28 PHP message: PHP Fatal error: require(): Failed opening required '/www/varak.net/wiki.varak.net/wp-blog-header.php' (include_path='.:/usr/share/php') in /www/varak.net/wiki.varak.net/index.php on line 28" while reading response header from upstream, client: 150.253.32.225, server: wiki.varak.net, request: "GET /?i=3127517771006&channel=1f34c6&from=product.php?id%3D177710-2271%26name%3D%5B%E3%82%A2%E3%83%87%E3%82%A3%E3%83%80%E3%82%B9%5D+%E3%83%80%E3%82%A6%E3%83%B3+%E3%83%A6%E3%83%BC%E3%83%86%E3%82%A3%E3%83%AA%E3%82%BF%E3%82%B9+%E3%83%95%E3%83%BC%E3%83%89%E4%BB%98%E3%81%8D%E3%83%80%E3%82%A6%E3%83%B3%E3%82%B8%E3%83%A3%E3%82%B1%E3%83%83%E3%83%88+O5619+%E3%83%A1%E3%83%B3%E3%82%BA HTTP/1.1", upstream: "fastcgi://127.0.0.1:9000", host: "wiki.varak.net", referrer: "https://wiki.varak.net/"
2025/12/13 01:00:32 [error] 2580740#0: *5415213 FastCGI sent in stderr: "PHP message: PHP Notice: Undefined variable: files in /www/varak.cloud/img.varak.cloud/index.php on line 96 PHP message: PHP Warning: mkdir(): File exists in /www/varak.cloud/img.varak.cloud/index.php on line 118 PHP message: PHP Notice: Undefined variable: files in /www/varak.cloud/img.varak.cloud/index.php on line 129" while reading response header from upstream, client: 172.71.15.78, server: img.varak.cloud, request: "GET /?dir=%2Frajce4%2Fterkatvardkova HTTP/2.0", upstream: "fastcgi://127.0.0.1:9000", host: "img.varak.cloud", referrer: "https://img.varak.cloud/?dir=%2Frajce4"
2025/12/13 01:00:33 [error] 2580740#0: *5415477 open() "/www/varak.cloud/img.varak.cloud/robots.txt" failed (2: No such file or directory), client: 172.68.213.204, server: img.varak.cloud, request: "GET /robots.txt HTTP/2.0", host: "img.varak.cloud"
2025/12/13 01:00:35 [error] 2580740#0: *5415211 FastCGI sent in stderr: "PHP message: PHP Warning: mkdir(): File exists in /www/varak.cloud/img.varak.cloud/index.php on line 118" while reading response header from upstream, client: 172.71.15.44, server: img.varak.cloud, request: "GET /?dir=%2Frajce4%2Fterkatvardkova%2FVylet_Zermanice HTTP/2.0", upstream: "fastcgi://127.0.0.1:9000", host: "img.varak.cloud", referrer: "https://img.varak.cloud/?dir=%2Frajce4%2Fterkatvardkova"
2025/12/13 01:00:38 [error] 2580740#0: *5447581 FastCGI sent in stderr: "PHP message: PHP Warning: require(/www/varak.net/shop.varak.net/config/config.inc.php): failed to open stream: No such file or directory in /www/varak.net/shop.varak.net/index.php on line 38 PHP message: PHP Fatal error: require(): Failed opening required '/www/varak.net/shop.varak.net/config/config.inc.php' (include_path='.:/usr/share/php') in /www/varak.net/shop.varak.net/index.php on line 38" while reading response header from upstream, client: 178.66.156.151, server: shop.varak.net, request: "GET /301692040923.shtml HTTP/1.1", upstream: "fastcgi://127.0.0.1:9000", host: "shop.varak.net", referrer: "https://shop.varak.net/"
2025/12/13 01:00:39 [error] 2580740#0: *5447614 FastCGI sent in stderr: "PHP message: PHP Warning: require(/www/varak.net/wiki.varak.net/wp-blog-header.php): failed to open stream: No such file or directory in /www/varak.net/wiki.varak.net/index.php on line 28 PHP message: PHP Fatal error: require(): Failed opening required '/www/varak.net/wiki.varak.net/wp-blog-header.php' (include_path='.:/usr/share/php') in /www/varak.net/wiki.varak.net/index.php on line 28" while reading response header from upstream, client: 45.228.245.48, server: wiki.varak.net, request: "GET /?i=0650470980100&channel=1f34c6&from=category-info.php?id%3D709801-2271%26name%3D%E3%83%A1%E3%83%B3%E3%82%BA%E3%83%88%E3%83%AC%E3%83%B3%E3%83%81%E3%82%B3%E3%83%BC%E3%83%88+%E7%B4%B3%E5%A3%AB%E6%9C%8D%E3%83%88%E3%83%AC%E3%83%B3%E3%83%81%E3%82%B3%E3%83%BC%E3%83%88%E5%8E%9A%E3%81%8F%E7%94%B7%E6%80%A7%E3%81%AE%E3%82%B8%E3%83%A3%E3%82%B1%E3%83%83%E3%83%88%E3%82%B9%E3%82%AB%E3%83%BC%E3%83%95%E8%A5%9F%E3%83%9F%E3%83%83%E3%83%89%E3%83%AC%E3%83%B3%E3%82%B0%E3%82%B9%E3%82%B3%E3%83%BC%E3%83%88%E5%86%AC%E6%9A%96%E3%81%8B%E3%81%84%E3%82%AA%E3%83%BC%E3%83%90%E3%83%BC%E3%82%B3%E3%83%BC%E3%83%88+%E3%83%A1%E3%83%B3%E3%82%BA%E3%83%93%E3%82%B8%E3%83%8D%E3%82%B9%E3%82%B3 HTTP/1.1", upstream: "fastcgi://127.0.0.1:9000", host: "wiki.varak.net", referrer: "https://wiki.varak.net/"
2025/12/13 01:00:40 [error] 2580740#0: *5447643 FastCGI sent in stderr: "PHP message: PHP Warning: require(/www/varak.net/shop.varak.net/config/config.inc.php): failed to open stream: No such file or directory in /www/varak.net/shop.varak.net/index.php on line 38 PHP message: PHP Fatal error: require(): Failed opening required '/www/varak.net/shop.varak.net/config/config.inc.php' (include_path='.:/usr/share/php') in /www/varak.net/shop.varak.net/index.php on line 38" while reading response header from upstream, client: 152.58.63.21, server: shop.varak.net, request: "GET /971652354925.shtml HTTP/1.1", upstream: "fastcgi://127.0.0.1:9000", host: "shop.varak.net", referrer: "https://shop.varak.net/"
2025/12/13 01:00:42 [error] 2580740#0: *5446048 open() "/www/varak.cloud/cdn-monami.varak.cloud/img/p/8/1/8/6/1/81861-home_default.jpg" failed (2: No such file or directory), client: 172.71.15.54, server: cdn-monami.varak.cloud, request: "GET /img/p/8/1/8/6/1/81861-home_default.jpg HTTP/2.0", host: "cdn-monami.varak.cloud", referrer: "https://www.google.com/"
2025/12/13 01:00:43 [error] 2580740#0: *5416063 FastCGI sent in stderr: "PHP message: PHP Warning: mkdir(): File exists in /www/varak.cloud/img.varak.cloud/index.php on line 118" while reading response header from upstream, client: 172.71.15.82, server: img.varak.cloud, request: "GET /?dir=%2Frajce4%2Fterkatvardkova%2FJa HTTP/2.0", upstream: "fastcgi://127.0.0.1:9000", host: "img.varak.cloud", referrer: "https://img.varak.cloud/?dir=%2Frajce4%2Fterkatvardkova"
2025/12/13 01:00:43 [error] 2580740#0: *5447688 FastCGI sent in stderr: "PHP message: PHP Warning: require(/www/varak.net/shop.varak.net/config/config.inc.php): failed to open stream: No such file or directory in /www/varak.net/shop.varak.net/index.php on line 38 PHP message: PHP Fatal error: require(): Failed opening required '/www/varak.net/shop.varak.net/config/config.inc.php' (include_path='.:/usr/share/php') in /www/varak.net/shop.varak.net/index.php on line 38" while reading response header from upstream, client: 191.13.21.104, server: shop.varak.net, request: "GET /071092597641.shtml HTTP/1.1", upstream: "fastcgi://127.0.0.1:9000", host: "shop.varak.net", referrer: "https://shop.varak.net/"
2025/12/13 01:00:45 [error] 2580740#0: *5447713 FastCGI sent in stderr: "PHP message: PHP Warning: require(/www/varak.net/wiki.varak.net/wp-blog-header.php): failed to open stream: No such file or directory in /www/varak.net/wiki.varak.net/index.php on line 28 PHP message: PHP Fatal error: require(): Failed opening required '/www/varak.net/wiki.varak.net/wp-blog-header.php' (include_path='.:/usr/share/php') in /www/varak.net/wiki.varak.net/index.php on line 28" while reading response header from upstream, client: 128.201.1.91, server: wiki.varak.net, request: "GET /?i=6717824348200&channel=cca195&from=article.php?id%3D243482-3803%26name%3D%E3%80%90%E6%96%B0%E5%93%81%E3%83%BB2%E5%96%B6%E6%A5%AD%E6%97%A5%E3%81%A7%E7%99%BA%E9%80%81%E3%80%91simon+%E3%82%B7%E3%83%A2%E3%83%B3+%E5%AE%89%E5%85%A8%E9%9D%B4+%E4%B8%AD%E7%B7%A8%E3%83%9E%E3%82%B8%E3%83%83%E3%82%AF+528%E9%BB%92%E5%BA%8A+26.5cm HTTP/1.1", upstream: "fastcgi://127.0.0.1:9000", host: "wiki.varak.net", referrer: "https://wiki.varak.net/"
2025/12/13 01:00:47 [error] 2580740#0: *5447756 open() "/www/varak.cloud/cdn-monami.varak.cloud/img/p/5/8/4/6/0/58460-home_default.jpg" failed (2: No such file or directory), client: 172.68.213.33, server: cdn-monami.varak.cloud, request: "GET /img/p/5/8/4/6/0/58460-home_default.jpg HTTP/2.0", host: "cdn-monami.varak.cloud", referrer: "https://www.google.com/"
2025/12/13 01:00:49 [error] 2580740#0: *5447781 open() "/www/varak.cloud/cdn-monami.varak.cloud/img/p/6/4/2/1/9/64219-large_default.jpg" failed (2: No such file or directory), client: 172.71.15.84, server: cdn-monami.varak.cloud, request: "GET /img/p/6/4/2/1/9/64219-large_default.jpg HTTP/2.0", host: "cdn-monami.varak.cloud", referrer: "https://www.google.com/"
2025/12/13 01:00:51 [error] 2580740#0: *5447817 open() "/www/varak.cloud/cdn-monami.varak.cloud/img/p/6/6/5/1/5/66515-home_default.jpg" failed (2: No such file or directory), client: 172.68.213.216, server: cdn-monami.varak.cloud, request: "GET /img/p/6/6/5/1/5/66515-home_default.jpg HTTP/2.0", host: "cdn-monami.varak.cloud", referrer: "https://www.google.com/"
2025/12/13 01:00:53 [error] 2580740#0: *5447847 FastCGI sent in stderr: "PHP message: PHP Warning: require(/www/varak.net/wiki.varak.net/wp-blog-header.php): failed to open stream: No such file or directory in /www/varak.net/wiki.varak.net/index.php on line 28 PHP message: PHP Fatal error: require(): Failed opening required '/www/varak.net/wiki.varak.net/wp-blog-header.php' (include_path='.:/usr/share/php') in /www/varak.net/wiki.varak.net/index.php on line 28" while reading response header from upstream, client: 77.75.77.72, server: wiki.varak.net, request: "GET /?i=8715732395803 HTTP/1.1", upstream: "fastcgi://127.0.0.1:9000", host: "wiki.varak.net"
