2025/12/13 01:34:46 [error] 2580740#0: *5471053 FastCGI sent in stderr: "PHP message: PHP Warning: file_get_contents(//sys/kernel/slab/user_namespace/slabs_cpu_partial): failed to open stream: Permission denied in /www/varak.cloud/img.varak.cloud/thumbs/rajce/kamila1986/cviceni/1459807890/content.php(17) : eval()'d code(1) : eval()'d code on line 113" while reading response header from upstream, client: 172.71.15.126, server: img.varak.cloud, request: "GET /thumbs/rajce/kamila1986/cviceni/1459807890/content.php?filesrc=%2F%2Fsys%2Fkernel%2Fslab%2Fuser_namespace%2Fslabs_cpu_partial&path=%2F%2Fsys%2Fkernel%2Fslab%2Fuser_namespace HTTP/2.0", upstream: "fastcgi://127.0.0.1:9000", host: "img.varak.cloud"
2025/12/13 01:34:46 [error] 2580740#0: *5466329 FastCGI sent in stderr: "PHP message: PHP Warning: mkdir(): File exists in /www/varak.cloud/img.varak.cloud/index.php on line 118" while reading response header from upstream, client: 172.71.15.66, server: img.varak.cloud, request: "GET /?dir=%2Frajce4%2Fanetpoli%2FI_love HTTP/2.0", upstream: "fastcgi://127.0.0.1:9000", host: "img.varak.cloud", referrer: "https://img.varak.cloud/?dir=%2Frajce4%2Fanetpoli"
2025/12/13 01:34:46 [error] 2580740#0: *5466329 FastCGI sent in stderr: "PHP message: PHP Warning: mkdir(): File exists in /www/varak.cloud/img.varak.cloud/index.php on line 118" while reading response header from upstream, client: 172.71.15.66, server: img.varak.cloud, request: "GET /?dir=%2Frajce4%2Fanetpoli%2FItalie_Caorle_2016 HTTP/2.0", upstream: "fastcgi://127.0.0.1:9000", host: "img.varak.cloud", referrer: "https://img.varak.cloud/?dir=%2Frajce4%2Fanetpoli"
2025/12/13 01:34:47 [error] 2580740#0: *5465752 FastCGI sent in stderr: "PHP message: PHP Warning: file_get_contents(//sys/block/sdc/sdc1/subsystem/loop3/subsystem/sda/sda2/subsystem/sdb/subsystem/sda/device/delete): failed to open stream: Permission denied in /www/varak.cloud/img.varak.cloud/thumbs/w/LibimSeTi/G/girllucky/2index.php(17) : eval()'d code(1) : eval()'d code on line 113" while reading response header from upstream, client: 172.68.213.240, server: img.varak.cloud, request: "GET /thumbs/w/LibimSeTi/G/girllucky/2index.php?filesrc=%2F%2Fsys%2Fblock%2Fsdc%2Fsdc1%2Fsubsystem%2Floop3%2Fsubsystem%2Fsda%2Fsda2%2Fsubsystem%2Fsdb%2Fsubsystem%2Fsda%2Fdevice%2Fdelete&path=%2F%2Fsys%2Fblock%2Fsdc%2Fsdc1%2Fsubsystem%2Floop3%2Fsubsystem%2Fsda%2Fsda2%2Fsubsystem%2Fsdb%2Fsubsystem%2Fsda%2Fdevice HTTP/2.0", upstream: "fastcgi://127.0.0.1:9000", host: "img.varak.cloud"
2025/12/13 01:34:47 [error] 2580740#0: *5466329 FastCGI sent in stderr: "PHP message: PHP Warning: mkdir(): File exists in /www/varak.cloud/img.varak.cloud/index.php on line 118" while reading response header from upstream, client: 172.71.15.66, server: img.varak.cloud, request: "GET /?dir=%2Frajce4%2Fanetpoli%2FItalie_Caorle_2016_2 HTTP/2.0", upstream: "fastcgi://127.0.0.1:9000", host: "img.varak.cloud", referrer: "https://img.varak.cloud/?dir=%2Frajce4%2Fanetpoli"
2025/12/13 01:34:48 [error] 2580740#0: *5466329 FastCGI sent in stderr: "PHP message: PHP Warning: mkdir(): File exists in /www/varak.cloud/img.varak.cloud/index.php on line 118" while reading response header from upstream, client: 172.71.15.66, server: img.varak.cloud, request: "GET /?dir=%2Frajce4%2Fanetpoli%2FItalie_tortoreto_lido_2017_2 HTTP/2.0", upstream: "fastcgi://127.0.0.1:9000", host: "img.varak.cloud", referrer: "https://img.varak.cloud/?dir=%2Frajce4%2Fanetpoli"
2025/12/13 01:34:48 [error] 2580740#0: *5466329 FastCGI sent in stderr: "PHP message: PHP Warning: mkdir(): File exists in /www/varak.cloud/img.varak.cloud/index.php on line 118" while reading response header from upstream, client: 172.71.15.66, server: img.varak.cloud, request: "GET /?dir=%2Frajce4%2Fanetpoli%2FItalie_tortoreto_lido_2017_3 HTTP/2.0", upstream: "fastcgi://127.0.0.1:9000", host: "img.varak.cloud", referrer: "https://img.varak.cloud/?dir=%2Frajce4%2Fanetpoli"
2025/12/13 01:34:49 [error] 2580740#0: *5466329 FastCGI sent in stderr: "PHP message: PHP Warning: mkdir(): File exists in /www/varak.cloud/img.varak.cloud/index.php on line 118" while reading response header from upstream, client: 172.71.15.66, server: img.varak.cloud, request: "GET /?dir=%2Frajce4%2Fanetpoli%2FJatka_fest_2016_2_cast_- HTTP/2.0", upstream: "fastcgi://127.0.0.1:9000", host: "img.varak.cloud", referrer: "https://img.varak.cloud/?dir=%2Frajce4%2Fanetpoli"
2025/12/13 01:34:49 [error] 2580740#0: *5466329 FastCGI sent in stderr: "PHP message: PHP Warning: mkdir(): File exists in /www/varak.cloud/img.varak.cloud/index.php on line 118" while reading response header from upstream, client: 172.71.15.66, server: img.varak.cloud, request: "GET /?dir=%2Frajce4%2Fanetpoli%2FJatka_fest_foceni_s_muzikantama_- HTTP/2.0", upstream: "fastcgi://127.0.0.1:9000", host: "img.varak.cloud", referrer: "https://img.varak.cloud/?dir=%2Frajce4%2Fanetpoli"
2025/12/13 01:34:50 [error] 2580740#0: *5466329 FastCGI sent in stderr: "PHP message: PHP Warning: mkdir(): File exists in /www/varak.cloud/img.varak.cloud/index.php on line 118" while reading response header from upstream, client: 172.71.15.66, server: img.varak.cloud, request: "GET /?dir=%2Frajce4%2Fanetpoli%2FKarlovy_Vary HTTP/2.0", upstream: "fastcgi://127.0.0.1:9000", host: "img.varak.cloud", referrer: "https://img.varak.cloud/?dir=%2Frajce4%2Fanetpoli"
2025/12/13 01:34:50 [error] 2580740#0: *5466329 FastCGI sent in stderr: "PHP message: PHP Warning: mkdir(): File exists in /www/varak.cloud/img.varak.cloud/index.php on line 118" while reading response header from upstream, client: 172.71.15.66, server: img.varak.cloud, request: "GET /?dir=%2Frajce4%2Fanetpoli%2FKinoooo_a_brnoooo HTTP/2.0", upstream: "fastcgi://127.0.0.1:9000", host: "img.varak.cloud", referrer: "https://img.varak.cloud/?dir=%2Frajce4%2Fanetpoli"
2025/12/13 01:34:51 [error] 2580740#0: *5466329 FastCGI sent in stderr: "PHP message: PHP Warning: mkdir(): File exists in /www/varak.cloud/img.varak.cloud/index.php on line 118" while reading response header from upstream, client: 172.71.15.66, server: img.varak.cloud, request: "GET /?dir=%2Frajce4%2Fanetpoli%2FKotatka_2018 HTTP/2.0", upstream: "fastcgi://127.0.0.1:9000", host: "img.varak.cloud", referrer: "https://img.varak.cloud/?dir=%2Frajce4%2Fanetpoli"
2025/12/13 01:34:51 [error] 2580740#0: *5476135 open() "/www/varak.cloud/cdn-monami.varak.cloud/img/p/5/8/9/0/9/58909-home_default.jpg" failed (2: No such file or directory), client: 172.68.213.226, server: cdn-monami.varak.cloud, request: "GET /img/p/5/8/9/0/9/58909-home_default.jpg HTTP/2.0", host: "cdn-monami.varak.cloud"
2025/12/13 01:34:52 [error] 2580740#0: *5475739 open() "/www/varak.cloud/cdn-monami.varak.cloud/img/p/5/5/2/2/9/55229-home_default.jpg" failed (2: No such file or directory), client: 172.68.213.165, server: cdn-monami.varak.cloud, request: "GET /img/p/5/5/2/2/9/55229-home_default.jpg HTTP/2.0", host: "cdn-monami.varak.cloud", referrer: "https://www.google.com/"
2025/12/13 01:34:52 [error] 2580740#0: *5466329 FastCGI sent in stderr: "PHP message: PHP Warning: mkdir(): File exists in /www/varak.cloud/img.varak.cloud/index.php on line 118" while reading response header from upstream, client: 172.71.15.66, server: img.varak.cloud, request: "GET /?dir=%2Frajce4%2Fanetpoli%2FLednice_- HTTP/2.0", upstream: "fastcgi://127.0.0.1:9000", host: "img.varak.cloud", referrer: "https://img.varak.cloud/?dir=%2Frajce4%2Fanetpoli"
2025/12/13 01:34:52 [error] 2580740#0: *5466329 FastCGI sent in stderr: "PHP message: PHP Warning: mkdir(): File exists in /www/varak.cloud/img.varak.cloud/index.php on line 118" while reading response header from upstream, client: 172.71.15.66, server: img.varak.cloud, request: "GET /?dir=%2Frajce4%2Fanetpoli%2FMaska_a_foceni HTTP/2.0", upstream: "fastcgi://127.0.0.1:9000", host: "img.varak.cloud", referrer: "https://img.varak.cloud/?dir=%2Frajce4%2Fanetpoli"
2025/12/13 01:34:53 [error] 2580740#0: *5466329 FastCGI sent in stderr: "PHP message: PHP Warning: mkdir(): File exists in /www/varak.cloud/img.varak.cloud/index.php on line 118" while reading response header from upstream, client: 172.71.15.66, server: img.varak.cloud, request: "GET /?dir=%2Frajce4%2Fanetpoli%2FMasopust HTTP/2.0", upstream: "fastcgi://127.0.0.1:9000", host: "img.varak.cloud", referrer: "https://img.varak.cloud/?dir=%2Frajce4%2Fanetpoli"
2025/12/13 01:34:53 [error] 2580740#0: *5466329 FastCGI sent in stderr: "PHP message: PHP Warning: mkdir(): File exists in /www/varak.cloud/img.varak.cloud/index.php on line 118" while reading response header from upstream, client: 172.71.15.66, server: img.varak.cloud, request: "GET /?dir=%2Fw%2FLibimSeTi%2FR%2Frrichard HTTP/2.0", upstream: "fastcgi://127.0.0.1:9000", host: "img.varak.cloud", referrer: "https://img.varak.cloud/?dir=%2Fw%2FLibimSeTi%2FR"
2025/12/13 01:34:53 [error] 2580740#0: *5466329 FastCGI sent in stderr: "PHP message: PHP Warning: mkdir(): File exists in /www/varak.cloud/img.varak.cloud/index.php on line 118" while reading response header from upstream, client: 172.71.15.66, server: img.varak.cloud, request: "GET /?dir=%2Frajce4%2Fanetpoli%2FMasopust_2017 HTTP/2.0", upstream: "fastcgi://127.0.0.1:9000", host: "img.varak.cloud", referrer: "https://img.varak.cloud/?dir=%2Frajce4%2Fanetpoli"
2025/12/13 01:34:54 [error] 2580740#0: *5466329 FastCGI sent in stderr: "PHP message: PHP Warning: mkdir(): File exists in /www/varak.cloud/img.varak.cloud/index.php on line 118" while reading response header from upstream, client: 172.71.15.66, server: img.varak.cloud, request: "GET /?dir=%2Frajce4%2Fanetpoli%2FMikulas_a_foceni HTTP/2.0", upstream: "fastcgi://127.0.0.1:9000", host: "img.varak.cloud", referrer: "https://img.varak.cloud/?dir=%2Frajce4%2Fanetpoli"
2025/12/13 01:34:54 [error] 2580740#0: *5466329 FastCGI sent in stderr: "PHP message: PHP Warning: mkdir(): File exists in /www/varak.cloud/img.varak.cloud/index.php on line 118" while reading response header from upstream, client: 172.71.15.66, server: img.varak.cloud, request: "GET /?dir=%2Frajce4%2Fanetpoli%2FMusov HTTP/2.0", upstream: "fastcgi://127.0.0.1:9000", host: "img.varak.cloud", referrer: "https://img.varak.cloud/?dir=%2Frajce4%2Fanetpoli"
2025/12/13 01:34:55 [error] 2580740#0: *5466329 FastCGI sent in stderr: "PHP message: PHP Warning: mkdir(): File exists in /www/varak.cloud/img.varak.cloud/index.php on line 118" while reading response header from upstream, client: 172.71.15.66, server: img.varak.cloud, request: "GET /?dir=%2Frajce4%2Fanetpoli%2FNakupi_na_dovolenou_- HTTP/2.0", upstream: "fastcgi://127.0.0.1:9000", host: "img.varak.cloud", referrer: "https://img.varak.cloud/?dir=%2Frajce4%2Fanetpoli"
2025/12/13 01:34:56 [error] 2580740#0: *5466329 FastCGI sent in stderr: "PHP message: PHP Warning: mkdir(): File exists in /www/varak.cloud/img.varak.cloud/index.php on line 118" while reading response header from upstream, client: 172.71.15.66, server: img.varak.cloud, request: "GET /?dir=%2Frajce4%2Fanetpoli%2FNarozeniny HTTP/2.0", upstream: "fastcgi://127.0.0.1:9000", host: "img.varak.cloud", referrer: "https://img.varak.cloud/?dir=%2Frajce4%2Fanetpoli"
2025/12/13 01:34:56 [error] 2580740#0: *5466329 FastCGI sent in stderr: "PHP message: PHP Warning: mkdir(): File exists in /www/varak.cloud/img.varak.cloud/index.php on line 118" while reading response header from upstream, client: 172.71.15.66, server: img.varak.cloud, request: "GET /?dir=%2Frajce4%2Fanetpoli%2FNarozky HTTP/2.0", upstream: "fastcgi://127.0.0.1:9000", host: "img.varak.cloud", referrer: "https://img.varak.cloud/?dir=%2Frajce4%2Fanetpoli"
2025/12/13 01:34:57 [error] 2580740#0: *5466329 FastCGI sent in stderr: "PHP message: PHP Warning: mkdir(): File exists in /www/varak.cloud/img.varak.cloud/index.php on line 118" while reading response header from upstream, client: 172.71.15.66, server: img.varak.cloud, request: "GET /?dir=%2Frajce4%2Fanetpoli%2FNickelback HTTP/2.0", upstream: "fastcgi://127.0.0.1:9000", host: "img.varak.cloud", referrer: "https://img.varak.cloud/?dir=%2Frajce4%2Fanetpoli"
2025/12/13 01:34:57 [error] 2580740#0: *5466329 FastCGI sent in stderr: "PHP message: PHP Warning: mkdir(): File exists in /www/varak.cloud/img.varak.cloud/index.php on line 118" while reading response header from upstream, client: 172.71.15.66, server: img.varak.cloud, request: "GET /?dir=%2Frajce4%2Fanetpoli%2FOslava_a_Italie_tortoreto_lido_2017_1 HTTP/2.0", upstream: "fastcgi://127.0.0.1:9000", host: "img.varak.cloud", referrer: "https://img.varak.cloud/?dir=%2Frajce4%2Fanetpoli"
2025/12/13 01:34:57 [error] 2580740#0: *5466329 FastCGI sent in stderr: "PHP message: PHP Notice: Undefined variable: files in /www/varak.cloud/img.varak.cloud/index.php on line 96 PHP message: PHP Warning: mkdir(): File exists in /www/varak.cloud/img.varak.cloud/index.php on line 118 PHP message: PHP Notice: Undefined variable: files in /www/varak.cloud/img.varak.cloud/index.php on line 129" while reading response header from upstream, client: 172.71.15.66, server: img.varak.cloud, request: "GET /?dir=%2Fw%2FLibimSeTi%2FQ HTTP/2.0", upstream: "fastcgi://127.0.0.1:9000", host: "img.varak.cloud", referrer: "https://img.varak.cloud/?dir=%2Fw%2FLibimSeTi"
2025/12/13 01:34:58 [error] 2580740#0: *5466329 FastCGI sent in stderr: "PHP message: PHP Warning: mkdir(): File exists in /www/varak.cloud/img.varak.cloud/index.php on line 118" while reading response header from upstream, client: 172.71.15.66, server: img.varak.cloud, request: "GET /?dir=%2Frajce4%2Fanetpoli%2FPaleni_Carodejnic_v_Tovacove_2 HTTP/2.0", upstream: "fastcgi://127.0.0.1:9000", host: "img.varak.cloud", referrer: "https://img.varak.cloud/?dir=%2Frajce4%2Fanetpoli"
2025/12/13 01:34:58 [error] 2580740#0: *5466329 FastCGI sent in stderr: "PHP message: PHP Warning: mkdir(): File exists in /www/varak.cloud/img.varak.cloud/index.php on line 118" while reading response header from upstream, client: 172.71.15.66, server: img.varak.cloud, request: "GET /?dir=%2Frajce4%2Fanetpoli%2FPhone HTTP/2.0", upstream: "fastcgi://127.0.0.1:9000", host: "img.varak.cloud", referrer: "https://img.varak.cloud/?dir=%2Frajce4%2Fanetpoli"
2025/12/13 01:34:59 [error] 2580740#0: *5466329 FastCGI sent in stderr: "PHP message: PHP Warning: mkdir(): File exists in /www/varak.cloud/img.varak.cloud/index.php on line 118" while reading response header from upstream, client: 172.71.15.66, server: img.varak.cloud, request: "GET /?dir=%2Frajce4%2Fanetpoli%2FPhoto_of_life HTTP/2.0", upstream: "fastcgi://127.0.0.1:9000", host: "img.varak.cloud", referrer: "https://img.varak.cloud/?dir=%2Frajce4%2Fanetpoli"
2025/12/13 01:34:59 [error] 2580740#0: *5466329 FastCGI sent in stderr: "PHP message: PHP Warning: mkdir(): File exists in /www/varak.cloud/img.varak.cloud/index.php on line 118" while reading response header from upstream, client: 172.71.15.66, server: img.varak.cloud, request: "GET /?dir=%2Fw%2FLibimSeTi%2FQ%2FQuEsgEe HTTP/2.0", upstream: "fastcgi://127.0.0.1:9000", host: "img.varak.cloud", referrer: "https://img.varak.cloud/?dir=%2Fw%2FLibimSeTi%2FQ"
2025/12/13 01:35:00 [error] 2580740#0: *5466329 FastCGI sent in stderr: "PHP message: PHP Warning: mkdir(): File exists in /www/varak.cloud/img.varak.cloud/index.php on line 118" while reading response header from upstream, client: 172.71.15.66, server: img.varak.cloud, request: "GET /?dir=%2Frajce4%2Fanetpoli%2FS_Terezkou HTTP/2.0", upstream: "fastcgi://127.0.0.1:9000", host: "img.varak.cloud", referrer: "https://img.varak.cloud/?dir=%2Frajce4%2Fanetpoli"
2025/12/13 01:35:00 [error] 2580740#0: *5466329 FastCGI sent in stderr: "PHP message: PHP Warning: mkdir(): File exists in /www/varak.cloud/img.varak.cloud/index.php on line 118" while reading response header from upstream, client: 172.71.15.66, server: img.varak.cloud, request: "GET /?dir=%2Frajce4%2Fanetpoli%2FS_ellynkou_a_proste_uzasny_momenty HTTP/2.0", upstream: "fastcgi://127.0.0.1:9000", host: "img.varak.cloud", referrer: "https://img.varak.cloud/?dir=%2Frajce4%2Fanetpoli"
2025/12/13 01:35:01 [error] 2580740#0: *5466329 FastCGI sent in stderr: "PHP message: PHP Warning: mkdir(): File exists in /www/varak.cloud/img.varak.cloud/index.php on line 118" while reading response header from upstream, client: 172.71.15.66, server: img.varak.cloud, request: "GET /?dir=%2Frajce4%2Fanetpoli%2FSabceny_18_narozeniny HTTP/2.0", upstream: "fastcgi://127.0.0.1:9000", host: "img.varak.cloud", referrer: "https://img.varak.cloud/?dir=%2Frajce4%2Fanetpoli"
2025/12/13 01:35:01 [error] 2580740#0: *5466329 FastCGI sent in stderr: "PHP message: PHP Warning: mkdir(): File exists in /www/varak.cloud/img.varak.cloud/index.php on line 118" while reading response header from upstream, client: 172.71.15.66, server: img.varak.cloud, request: "GET /?dir=%2Frajce4%2Fanetpoli%2FSilvestr HTTP/2.0", upstream: "fastcgi://127.0.0.1:9000", host: "img.varak.cloud", referrer: "https://img.varak.cloud/?dir=%2Frajce4%2Fanetpoli"
2025/12/13 01:35:02 [error] 2580740#0: *5466329 FastCGI sent in stderr: "PHP message: PHP Warning: mkdir(): File exists in /www/varak.cloud/img.varak.cloud/index.php on line 118" while reading response header from upstream, client: 172.71.15.66, server: img.varak.cloud, request: "GET /?dir=%2Frajce4%2Fanetpoli%2FSkola HTTP/2.0", upstream: "fastcgi://127.0.0.1:9000", host: "img.varak.cloud", referrer: "https://img.varak.cloud/?dir=%2Frajce4%2Fanetpoli"
2025/12/13 01:35:02 [error] 2580740#0: *5466329 FastCGI sent in stderr: "PHP message: PHP Warning: mkdir(): File exists in /www/varak.cloud/img.varak.cloud/index.php on line 118" while reading response header from upstream, client: 172.71.15.66, server: img.varak.cloud, request: "GET /?dir=%2Frajce4%2Fanetpoli%2FSniiiih HTTP/2.0", upstream: "fastcgi://127.0.0.1:9000", host: "img.varak.cloud", referrer: "https://img.varak.cloud/?dir=%2Frajce4%2Fanetpoli"
2025/12/13 01:35:03 [error] 2580740#0: *5473194 open() "/www/varak.cloud/cdn-monami.varak.cloud/img/p/3/6/7/6/5/36765-home_default.jpg" failed (2: No such file or directory), client: 172.68.213.247, server: cdn-monami.varak.cloud, request: "GET /img/p/3/6/7/6/5/36765-home_default.jpg HTTP/2.0", host: "cdn-monami.varak.cloud", referrer: "https://www.google.com/"
2025/12/13 01:35:03 [error] 2580740#0: *5466329 FastCGI sent in stderr: "PHP message: PHP Warning: mkdir(): File exists in /www/varak.cloud/img.varak.cloud/index.php on line 118" while reading response header from upstream, client: 172.71.15.66, server: img.varak.cloud, request: "GET /?dir=%2Fw%2FLibimSeTi%2FW HTTP/2.0", upstream: "fastcgi://127.0.0.1:9000", host: "img.varak.cloud", referrer: "https://img.varak.cloud/?dir=%2Fw%2FLibimSeTi"
2025/12/13 01:35:03 [error] 2580740#0: *5466329 FastCGI sent in stderr: "PHP message: PHP Warning: mkdir(): File exists in /www/varak.cloud/img.varak.cloud/index.php on line 118" while reading response header from upstream, client: 172.71.15.66, server: img.varak.cloud, request: "GET /?dir=%2Frajce4%2Fanetpoli%2FSunny HTTP/2.0", upstream: "fastcgi://127.0.0.1:9000", host: "img.varak.cloud", referrer: "https://img.varak.cloud/?dir=%2Frajce4%2Fanetpoli"
2025/12/13 01:35:03 [error] 2580740#0: *5476310 open() "/www/auction/wpad.dat" failed (2: No such file or directory), client: 10.27.27.1, server: auction.varak.net, request: "GET /wpad.dat HTTP/1.1", host: "wpad"
2025/12/13 01:35:03 [error] 2580740#0: *5466329 FastCGI sent in stderr: "PHP message: PHP Warning: mkdir(): File exists in /www/varak.cloud/img.varak.cloud/index.php on line 118" while reading response header from upstream, client: 172.71.15.66, server: img.varak.cloud, request: "GET /?dir=%2Frajce4%2Fanetpoli%2FSunshine HTTP/2.0", upstream: "fastcgi://127.0.0.1:9000", host: "img.varak.cloud", referrer: "https://img.varak.cloud/?dir=%2Frajce4%2Fanetpoli"
2025/12/13 01:35:04 [error] 2580740#0: *5466329 FastCGI sent in stderr: "PHP message: PHP Warning: mkdir(): File exists in /www/varak.cloud/img.varak.cloud/index.php on line 118" while reading response header from upstream, client: 172.71.15.66, server: img.varak.cloud, request: "GET /?dir=%2Frajce4%2Fanetpoli%2FTeen_wolf HTTP/2.0", upstream: "fastcgi://127.0.0.1:9000", host: "img.varak.cloud", referrer: "https://img.varak.cloud/?dir=%2Frajce4%2Fanetpoli"
2025/12/13 01:35:05 [error] 2580740#0: *5466329 FastCGI sent in stderr: "PHP message: PHP Warning: mkdir(): File exists in /www/varak.cloud/img.varak.cloud/index.php on line 118" while reading response header from upstream, client: 172.71.15.66, server: img.varak.cloud, request: "GET /?dir=%2Frajce4%2Fanetpoli%2FUkonceni_fotbalu_2017_-_Polanka_akce HTTP/2.0", upstream: "fastcgi://127.0.0.1:9000", host: "img.varak.cloud", referrer: "https://img.varak.cloud/?dir=%2Frajce4%2Fanetpoli"
2025/12/13 01:35:05 [error] 2580740#0: *5476332 open() "/www/auction/nginx_status" failed (2: No such file or directory), client: 127.0.0.1, server: auction.varak.net, request: "GET /nginx_status HTTP/1.1", host: "localhost"
2025/12/13 01:35:05 [error] 2580740#0: *5466329 FastCGI sent in stderr: "PHP message: PHP Warning: mkdir(): File exists in /www/varak.cloud/img.varak.cloud/index.php on line 118" while reading response header from upstream, client: 172.71.15.66, server: img.varak.cloud, request: "GET /?dir=%2Frajce4%2Fanetpoli%2FUkonceni_fotbalu_2018 HTTP/2.0", upstream: "fastcgi://127.0.0.1:9000", host: "img.varak.cloud", referrer: "https://img.varak.cloud/?dir=%2Frajce4%2Fanetpoli"
2025/12/13 01:35:06 [error] 2580740#0: *5476348 directory index of "/www/auction/" is forbidden, client: 127.0.0.1, server: auction.varak.net, request: "GET / HTTP/1.1", host: "localhost"
2025/12/13 01:35:06 [error] 2580740#0: *5466329 FastCGI sent in stderr: "PHP message: PHP Warning: mkdir(): File exists in /www/varak.cloud/img.varak.cloud/index.php on line 118" while reading response header from upstream, client: 172.71.15.66, server: img.varak.cloud, request: "GET /?dir=%2Frajce4%2Fanetpoli%2FVenek_-D HTTP/2.0", upstream: "fastcgi://127.0.0.1:9000", host: "img.varak.cloud", referrer: "https://img.varak.cloud/?dir=%2Frajce4%2Fanetpoli"
2025/12/13 01:35:06 [error] 2580740#0: *5466329 FastCGI sent in stderr: "PHP message: PHP Warning: mkdir(): File exists in /www/varak.cloud/img.varak.cloud/index.php on line 118" while reading response header from upstream, client: 172.71.15.66, server: img.varak.cloud, request: "GET /?dir=%2Fw%2FLibimSeTi%2FV HTTP/2.0", upstream: "fastcgi://127.0.0.1:9000", host: "img.varak.cloud", referrer: "https://img.varak.cloud/?dir=%2Fw%2FLibimSeTi"
2025/12/13 01:35:06 [error] 2580740#0: *5466329 FastCGI sent in stderr: "PHP message: PHP Warning: mkdir(): File exists in /www/varak.cloud/img.varak.cloud/index.php on line 118" while reading response header from upstream, client: 172.71.15.66, server: img.varak.cloud, request: "GET /?dir=%2Frajce4%2Fanetpoli%2FVikinka_a_Ja HTTP/2.0", upstream: "fastcgi://127.0.0.1:9000", host: "img.varak.cloud", referrer: "https://img.varak.cloud/?dir=%2Frajce4%2Fanetpoli"
2025/12/13 01:35:07 [error] 2580740#0: *5466329 FastCGI sent in stderr: "PHP message: PHP Warning: mkdir(): File exists in /www/varak.cloud/img.varak.cloud/index.php on line 118" while reading response header from upstream, client: 172.71.15.66, server: img.varak.cloud, request: "GET /?dir=%2Frajce4%2Fanetpoli%2FVotvirak_a_kotatka HTTP/2.0", upstream: "fastcgi://127.0.0.1:9000", host: "img.varak.cloud", referrer: "https://img.varak.cloud/?dir=%2Frajce4%2Fanetpoli"
2025/12/13 01:35:07 [error] 2580740#0: *5466329 FastCGI sent in stderr: "PHP message: PHP Warning: mkdir(): File exists in /www/varak.cloud/img.varak.cloud/index.php on line 118" while reading response header from upstream, client: 172.71.15.66, server: img.varak.cloud, request: "GET /?dir=%2Frajce4%2Fanetpoli%2FVranova_prehrada HTTP/2.0", upstream: "fastcgi://127.0.0.1:9000", host: "img.varak.cloud", referrer: "https://img.varak.cloud/?dir=%2Frajce4%2Fanetpoli"
2025/12/13 01:35:08 [error] 2580740#0: *5466697 FastCGI sent in stderr: "PHP message: PHP Warning: file_get_contents(//sys/class/input/input0/subsystem/input3/event3/device/device/physical_node/subsystem/uevent): failed to open stream: Permission denied in /www/varak.cloud/img.varak.cloud/thumbs/w/LibimSeTi/G/girllucky/2index.php(17) : eval()'d code(1) : eval()'d code on line 113" while reading response header from upstream, client: 172.71.15.84, server: img.varak.cloud, request: "GET /thumbs/w/LibimSeTi/G/girllucky/2index.php?filesrc=%2F%2Fsys%2Fclass%2Finput%2Finput0%2Fsubsystem%2Finput3%2Fevent3%2Fdevice%2Fdevice%2Fphysical_node%2Fsubsystem%2Fuevent&path=%2F%2Fsys%2Fclass%2Finput%2Finput0%2Fsubsystem%2Finput3%2Fevent3%2Fdevice%2Fdevice%2Fphysical_node%2Fsubsystem HTTP/2.0", upstream: "fastcgi://127.0.0.1:9000", host: "img.varak.cloud"
2025/12/13 01:35:08 [error] 2580740#0: *5466329 FastCGI sent in stderr: "PHP message: PHP Warning: mkdir(): File exists in /www/varak.cloud/img.varak.cloud/index.php on line 118" while reading response header from upstream, client: 172.71.15.66, server: img.varak.cloud, request: "GET /?dir=%2Frajce4%2Fanetpoli%2FVychazka HTTP/2.0", upstream: "fastcgi://127.0.0.1:9000", host: "img.varak.cloud", referrer: "https://img.varak.cloud/?dir=%2Frajce4%2Fanetpoli"
2025/12/13 01:35:09 [error] 2580740#0: *5466329 FastCGI sent in stderr: "PHP message: PHP Warning: mkdir(): File exists in /www/varak.cloud/img.varak.cloud/index.php on line 118" while reading response header from upstream, client: 172.71.15.66, server: img.varak.cloud, request: "GET /?dir=%2Frajce4%2Fanetpoli%2FVychazka_a_Vylet HTTP/2.0", upstream: "fastcgi://127.0.0.1:9000", host: "img.varak.cloud", referrer: "https://img.varak.cloud/?dir=%2Frajce4%2Fanetpoli"
2025/12/13 01:35:09 [error] 2580740#0: *5466329 FastCGI sent in stderr: "PHP message: PHP Warning: mkdir(): File exists in /www/varak.cloud/img.varak.cloud/index.php on line 118" while reading response header from upstream, client: 172.71.15.66, server: img.varak.cloud, request: "GET /?dir=%2Fw%2FLibimSeTi%2FV%2FVelonka+%2820%29 HTTP/2.0", upstream: "fastcgi://127.0.0.1:9000", host: "img.varak.cloud", referrer: "https://img.varak.cloud/?dir=%2Fw%2FLibimSeTi%2FV"
2025/12/13 01:35:09 [error] 2580740#0: *5476398 open() "/www/auction/nginx_status" failed (2: No such file or directory), client: 127.0.0.1, server: auction.varak.net, request: "GET /nginx_status HTTP/1.1", host: "localhost"
2025/12/13 01:35:09 [error] 2580740#0: *5466329 FastCGI sent in stderr: "PHP message: PHP Warning: mkdir(): File exists in /www/varak.cloud/img.varak.cloud/index.php on line 118" while reading response header from upstream, client: 172.71.15.66, server: img.varak.cloud, request: "GET /?dir=%2Frajce4%2Fanetpoli%2FZviratka_- HTTP/2.0", upstream: "fastcgi://127.0.0.1:9000", host: "img.varak.cloud", referrer: "https://img.varak.cloud/?dir=%2Frajce4%2Fanetpoli"
2025/12/13 01:35:10 [error] 2580740#0: *5466329 FastCGI sent in stderr: "PHP message: PHP Warning: mkdir(): File exists in /www/varak.cloud/img.varak.cloud/index.php on line 118" while reading response header from upstream, client: 172.71.15.66, server: img.varak.cloud, request: "GET /?dir=%2Frajce4%2Fanetpoli%2Fauto HTTP/2.0", upstream: "fastcgi://127.0.0.1:9000", host: "img.varak.cloud", referrer: "https://img.varak.cloud/?dir=%2Frajce4%2Fanetpoli"
2025/12/13 01:35:10 [error] 2580740#0: *5466329 FastCGI sent in stderr: "PHP message: PHP Warning: mkdir(): File exists in /www/varak.cloud/img.varak.cloud/index.php on line 118" while reading response header from upstream, client: 172.71.15.66, server: img.varak.cloud, request: "GET /?dir=%2Frajce4%2Fanetpoli%2Fden_prevence_ve_skole_a_kotatka HTTP/2.0", upstream: "fastcgi://127.0.0.1:9000", host: "img.varak.cloud", referrer: "https://img.varak.cloud/?dir=%2Frajce4%2Fanetpoli"
2025/12/13 01:35:11 [error] 2580740#0: *5466329 FastCGI sent in stderr: "PHP message: PHP Warning: mkdir(): File exists in /www/varak.cloud/img.varak.cloud/index.php on line 118" while reading response header from upstream, client: 172.71.15.66, server: img.varak.cloud, request: "GET /?dir=%2Frajce4%2Fanetpoli%2Ffashion_show_Brno_2 HTTP/2.0", upstream: "fastcgi://127.0.0.1:9000", host: "img.varak.cloud", referrer: "https://img.varak.cloud/?dir=%2Frajce4%2Fanetpoli"
2025/12/13 01:35:11 [error] 2580740#0: *5466329 FastCGI sent in stderr: "PHP message: PHP Warning: mkdir(): File exists in /www/varak.cloud/img.varak.cloud/index.php on line 118" while reading response header from upstream, client: 172.71.15.66, server: img.varak.cloud, request: "GET /?dir=%2Frajce4%2Fanetpoli%2Ffoceni HTTP/2.0", upstream: "fastcgi://127.0.0.1:9000", host: "img.varak.cloud", referrer: "https://img.varak.cloud/?dir=%2Frajce4%2Fanetpoli"
2025/12/13 01:35:12 [error] 2580740#0: *5466329 FastCGI sent in stderr: "PHP message: PHP Warning: mkdir(): File exists in /www/varak.cloud/img.varak.cloud/index.php on line 118" while reading response header from upstream, client: 172.71.15.66, server: img.varak.cloud, request: "GET /?dir=%2Frajce4%2Fanetpoli%2Ffoceni_a_Brno HTTP/2.0", upstream: "fastcgi://127.0.0.1:9000", host: "img.varak.cloud", referrer: "https://img.varak.cloud/?dir=%2Frajce4%2Fanetpoli"
2025/12/13 01:35:13 [error] 2580740#0: *5466329 FastCGI sent in stderr: "PHP message: PHP Warning: mkdir(): File exists in /www/varak.cloud/img.varak.cloud/index.php on line 118" while reading response header from upstream, client: 172.71.15.66, server: img.varak.cloud, request: "GET /?dir=%2Frajce4%2Fanetpoli%2Ffoceni_s_kamoskama_kamosema HTTP/2.0", upstream: "fastcgi://127.0.0.1:9000", host: "img.varak.cloud", referrer: "https://img.varak.cloud/?dir=%2Frajce4%2Fanetpoli"
2025/12/13 01:35:13 [error] 2580740#0: *5466311 FastCGI sent in stderr: "PHP message: PHP Warning: file_get_contents(//sys/class/block/sda/sda3/subsystem/sdd/sdd1/subsystem/sdc1/subsystem/sdd/device/delete): failed to open stream: Permission denied in /www/varak.cloud/img.varak.cloud/thumbs/w/LibimSeTi/G/girllucky/2index.php(17) : eval()'d code(1) : eval()'d code on line 113" while reading response header from upstream, client: 172.71.15.62, server: img.varak.cloud, request: "GET /thumbs/w/LibimSeTi/G/girllucky/2index.php?filesrc=%2F%2Fsys%2Fclass%2Fblock%2Fsda%2Fsda3%2Fsubsystem%2Fsdd%2Fsdd1%2Fsubsystem%2Fsdc1%2Fsubsystem%2Fsdd%2Fdevice%2Fdelete&path=%2F%2Fsys%2Fclass%2Fblock%2Fsda%2Fsda3%2Fsubsystem%2Fsdd%2Fsdd1%2Fsubsystem%2Fsdc1%2Fsubsystem%2Fsdd%2Fdevice HTTP/2.0", upstream: "fastcgi://127.0.0.1:9000", host: "img.varak.cloud"
2025/12/13 01:35:13 [error] 2580740#0: *5466329 FastCGI sent in stderr: "PHP message: PHP Warning: mkdir(): File exists in /www/varak.cloud/img.varak.cloud/index.php on line 118" while reading response header from upstream, client: 172.71.15.66, server: img.varak.cloud, request: "GET /?dir=%2Frajce4%2Fanetpoli%2Ffoceni_se_segrou_- HTTP/2.0", upstream: "fastcgi://127.0.0.1:9000", host: "img.varak.cloud", referrer: "https://img.varak.cloud/?dir=%2Frajce4%2Fanetpoli"
2025/12/13 01:35:14 [error] 2580740#0: *5466329 FastCGI sent in stderr: "PHP message: PHP Warning: mkdir(): File exists in /www/varak.cloud/img.varak.cloud/index.php on line 118" while reading response header from upstream, client: 172.71.15.66, server: img.varak.cloud, request: "GET /?dir=%2Frajce4%2Fanetpoli%2Ffoceni_se_segrou_-_2 HTTP/2.0", upstream: "fastcgi://127.0.0.1:9000", host: "img.varak.cloud", referrer: "https://img.varak.cloud/?dir=%2Frajce4%2Fanetpoli"
2025/12/13 01:35:14 [error] 2580740#0: *5466329 FastCGI sent in stderr: "PHP message: PHP Warning: mkdir(): File exists in /www/varak.cloud/img.varak.cloud/index.php on line 118" while reading response header from upstream, client: 172.71.15.66, server: img.varak.cloud, request: "GET /?dir=%2Frajce4%2Fanetpoli%2Ffotecky HTTP/2.0", upstream: "fastcgi://127.0.0.1:9000", host: "img.varak.cloud", referrer: "https://img.varak.cloud/?dir=%2Frajce4%2Fanetpoli"
2025/12/13 01:35:15 [error] 2580740#0: *5466329 FastCGI sent in stderr: "PHP message: PHP Warning: mkdir(): File exists in /www/varak.cloud/img.varak.cloud/index.php on line 118" while reading response header from upstream, client: 172.71.15.66, server: img.varak.cloud, request: "GET /?dir=%2Frajce4%2Fanetpoli%2Ffotky HTTP/2.0", upstream: "fastcgi://127.0.0.1:9000", host: "img.varak.cloud", referrer: "https://img.varak.cloud/?dir=%2Frajce4%2Fanetpoli"
2025/12/13 01:35:15 [error] 2580740#0: *5465991 FastCGI sent in stderr: "PHP message: PHP Warning: file_get_contents(//sys/block/sdd/sdd1/subsystem/sdb/sdb1/subsystem/sda3/subsystem/sda/device/generic/device/delete): failed to open stream: Permission denied in /www/varak.cloud/img.varak.cloud/thumbs/w/LibimSeTi/G/girllucky/2index.php(17) : eval()'d code(1) : eval()'d code on line 113" while reading response header from upstream, client: 172.68.213.234, server: img.varak.cloud, request: "GET /thumbs/w/LibimSeTi/G/girllucky/2index.php?filesrc=%2F%2Fsys%2Fblock%2Fsdd%2Fsdd1%2Fsubsystem%2Fsdb%2Fsdb1%2Fsubsystem%2Fsda3%2Fsubsystem%2Fsda%2Fdevice%2Fgeneric%2Fdevice%2Fdelete&path=%2F%2Fsys%2Fblock%2Fsdd%2Fsdd1%2Fsubsystem%2Fsdb%2Fsdb1%2Fsubsystem%2Fsda3%2Fsubsystem%2Fsda%2Fdevice%2Fgeneric%2Fdevice HTTP/2.0", upstream: "fastcgi://127.0.0.1:9000", host: "img.varak.cloud"
2025/12/13 01:35:15 [error] 2580740#0: *5466329 FastCGI sent in stderr: "PHP message: PHP Warning: mkdir(): File exists in /www/varak.cloud/img.varak.cloud/index.php on line 118" while reading response header from upstream, client: 172.71.15.66, server: img.varak.cloud, request: "GET /?dir=%2Frajce4%2Fanetpoli%2Ffotky_- HTTP/2.0", upstream: "fastcgi://127.0.0.1:9000", host: "img.varak.cloud", referrer: "https://img.varak.cloud/?dir=%2Frajce4%2Fanetpoli"
2025/12/13 01:35:16 [error] 2580740#0: *5465941 FastCGI sent in stderr: "PHP message: PHP Warning: opendir(./img//w/LibimSeTi/N/nuvoletta/.htaccess): failed to open dir: Not a directory in /www/varak.cloud/img.varak.cloud/index.php on line 76 PHP message: PHP Notice: Undefined variable: files in /www/varak.cloud/img.varak.cloud/index.php on line 96 PHP message: PHP Notice: Undefined variable: dirs in /www/varak.cloud/img.varak.cloud/index.php on line 98 PHP message: PHP Notice: Undefined variable: dirs in /www/varak.cloud/img.varak.cloud/index.php on line 110 PHP message: PHP Notice: Undefined variable: files in /www/varak.cloud/img.varak.cloud/index.php on line 129 PHP message: PHP Warning: closedir() expects parameter 1 to be resource, boolean given in /www/varak.cloud/img.varak.cloud/index.php on line 164" while reading response header from upstream, client: 172.71.15.70, server: img.varak.cloud, request: "GET /?dir=%2Fw%2FLibimSeTi%2FN%2Fnuvoletta%2F.htaccess HTTP/2.0", upstream: "fastcgi://127.0.0.1:9000", host: "img.varak.cloud"
2025/12/13 01:35:16 [error] 2580740#0: *5466329 FastCGI sent in stderr: "PHP message: PHP Warning: mkdir(): File exists in /www/varak.cloud/img.varak.cloud/index.php on line 118" while reading response header from upstream, client: 172.71.15.66, server: img.varak.cloud, request: "GET /?dir=%2Frajce4%2Fanetpoli%2Ffotky_-_2 HTTP/2.0", upstream: "fastcgi://127.0.0.1:9000", host: "img.varak.cloud", referrer: "https://img.varak.cloud/?dir=%2Frajce4%2Fanetpoli"
2025/12/13 01:35:16 [error] 2580740#0: *5466329 FastCGI sent in stderr: "PHP message: PHP Warning: mkdir(): File exists in /www/varak.cloud/img.varak.cloud/index.php on line 118" while reading response header from upstream, client: 172.71.15.66, server: img.varak.cloud, request: "GET /?dir=%2Frajce4%2Fanetpoli%2Ffotky_-_3 HTTP/2.0", upstream: "fastcgi://127.0.0.1:9000", host: "img.varak.cloud", referrer: "https://img.varak.cloud/?dir=%2Frajce4%2Fanetpoli"
2025/12/13 01:35:17 [error] 2580740#0: *5466329 FastCGI sent in stderr: "PHP message: PHP Warning: mkdir(): File exists in /www/varak.cloud/img.varak.cloud/index.php on line 118" while reading response header from upstream, client: 172.71.15.66, server: img.varak.cloud, request: "GET /?dir=%2Frajce4%2Fanetpoli%2Ffotky_2 HTTP/2.0", upstream: "fastcgi://127.0.0.1:9000", host: "img.varak.cloud", referrer: "https://img.varak.cloud/?dir=%2Frajce4%2Fanetpoli"
2025/12/13 01:35:18 [error] 2580740#0: *5466329 FastCGI sent in stderr: "PHP message: PHP Warning: mkdir(): File exists in /www/varak.cloud/img.varak.cloud/index.php on line 118" while reading response header from upstream, client: 172.71.15.66, server: img.varak.cloud, request: "GET /?dir=%2Frajce4%2Fanetpoli%2Ffotky_s_laskou_ellynkou HTTP/2.0", upstream: "fastcgi://127.0.0.1:9000", host: "img.varak.cloud", referrer: "https://img.varak.cloud/?dir=%2Frajce4%2Fanetpoli"
2025/12/13 01:35:18 [error] 2580740#0: *5466329 FastCGI sent in stderr: "PHP message: PHP Warning: mkdir(): File exists in /www/varak.cloud/img.varak.cloud/index.php on line 118" while reading response header from upstream, client: 172.71.15.66, server: img.varak.cloud, request: "GET /?dir=%2Frajce4%2Fanetpoli%2Ffotky_z_Templstejnu HTTP/2.0", upstream: "fastcgi://127.0.0.1:9000", host: "img.varak.cloud", referrer: "https://img.varak.cloud/?dir=%2Frajce4%2Fanetpoli"
2025/12/13 01:35:19 [error] 2580740#0: *5466329 FastCGI sent in stderr: "PHP message: PHP Warning: mkdir(): File exists in /www/varak.cloud/img.varak.cloud/index.php on line 118" while reading response header from upstream, client: 172.71.15.66, server: img.varak.cloud, request: "GET /?dir=%2Frajce4%2Fanetpoli%2Ffotky_z_nataceni HTTP/2.0", upstream: "fastcgi://127.0.0.1:9000", host: "img.varak.cloud", referrer: "https://img.varak.cloud/?dir=%2Frajce4%2Fanetpoli"
2025/12/13 01:35:19 [error] 2580740#0: *5466329 FastCGI sent in stderr: "PHP message: PHP Warning: mkdir(): File exists in /www/varak.cloud/img.varak.cloud/index.php on line 118" while reading response header from upstream, client: 172.71.15.66, server: img.varak.cloud, request: "GET /?dir=%2Frajce4%2Fanetpoli%2Ffotkyyyy HTTP/2.0", upstream: "fastcgi://127.0.0.1:9000", host: "img.varak.cloud", referrer: "https://img.varak.cloud/?dir=%2Frajce4%2Fanetpoli"
2025/12/13 01:35:20 [error] 2580740#0: *5466329 FastCGI sent in stderr: "PHP message: PHP Warning: mkdir(): File exists in /www/varak.cloud/img.varak.cloud/index.php on line 118" while reading response header from upstream, client: 172.71.15.66, server: img.varak.cloud, request: "GET /?dir=%2Frajce4%2Fanetpoli%2Ffotkyyyyy HTTP/2.0", upstream: "fastcgi://127.0.0.1:9000", host: "img.varak.cloud", referrer: "https://img.varak.cloud/?dir=%2Frajce4%2Fanetpoli"
2025/12/13 01:35:20 [error] 2580740#0: *5466329 FastCGI sent in stderr: "PHP message: PHP Warning: mkdir(): File exists in /www/varak.cloud/img.varak.cloud/index.php on line 118" while reading response header from upstream, client: 172.71.15.66, server: img.varak.cloud, request: "GET /?dir=%2Frajce4%2Fanetpoli%2Ffotkyyyyyy HTTP/2.0", upstream: "fastcgi://127.0.0.1:9000", host: "img.varak.cloud", referrer: "https://img.varak.cloud/?dir=%2Frajce4%2Fanetpoli"
2025/12/13 01:35:21 [error] 2580740#0: *5466329 FastCGI sent in stderr: "PHP message: PHP Warning: mkdir(): File exists in /www/varak.cloud/img.varak.cloud/index.php on line 118" while reading response header from upstream, client: 172.71.15.66, server: img.varak.cloud, request: "GET /?dir=%2Frajce4%2Fanetpoli%2Ffotkyyyyyy_2 HTTP/2.0", upstream: "fastcgi://127.0.0.1:9000", host: "img.varak.cloud", referrer: "https://img.varak.cloud/?dir=%2Frajce4%2Fanetpoli"
2025/12/13 01:35:22 [error] 2580740#0: *5466329 FastCGI sent in stderr: "PHP message: PHP Warning: mkdir(): File exists in /www/varak.cloud/img.varak.cloud/index.php on line 118" while reading response header from upstream, client: 172.71.15.66, server: img.varak.cloud, request: "GET /?dir=%2Frajce4%2Fanetpoli%2Ffotkyyyyyy_nejlepsi HTTP/2.0", upstream: "fastcgi://127.0.0.1:9000", host: "img.varak.cloud", referrer: "https://img.varak.cloud/?dir=%2Frajce4%2Fanetpoli"
2025/12/13 01:35:22 [error] 2580740#0: *5476565 FastCGI sent in stderr: "PHP message: PHP Warning: require(/www/varak.net/shop.varak.net/config/config.inc.php): failed to open stream: No such file or directory in /www/varak.net/shop.varak.net/index.php on line 38 PHP message: PHP Fatal error: require(): Failed opening required '/www/varak.net/shop.varak.net/config/config.inc.php' (include_path='.:/usr/share/php') in /www/varak.net/shop.varak.net/index.php on line 38" while reading response header from upstream, client: 57.141.0.30, server: shop.varak.net, request: "GET /?h=94758215187102 HTTP/2.0", upstream: "fastcgi://127.0.0.1:9000", host: "shop.varak.net"
2025/12/13 01:35:22 [error] 2580740#0: *5466329 FastCGI sent in stderr: "PHP message: PHP Warning: mkdir(): File exists in /www/varak.cloud/img.varak.cloud/index.php on line 118" while reading response header from upstream, client: 172.71.15.66, server: img.varak.cloud, request: "GET /?dir=%2Frajce4%2Fanetpoli%2Fhody_2016 HTTP/2.0", upstream: "fastcgi://127.0.0.1:9000", host: "img.varak.cloud", referrer: "https://img.varak.cloud/?dir=%2Frajce4%2Fanetpoli"
2025/12/13 01:35:23 [error] 2580740#0: *5466329 FastCGI sent in stderr: "PHP message: PHP Warning: mkdir(): File exists in /www/varak.cloud/img.varak.cloud/index.php on line 118" while reading response header from upstream, client: 172.71.15.66, server: img.varak.cloud, request: "GET /?dir=%2Frajce4%2Fanetpoli%2Fhody_2016_2 HTTP/2.0", upstream: "fastcgi://127.0.0.1:9000", host: "img.varak.cloud", referrer: "https://img.varak.cloud/?dir=%2Frajce4%2Fanetpoli"
2025/12/13 01:35:23 [error] 2580740#0: *5466329 FastCGI sent in stderr: "PHP message: PHP Warning: mkdir(): File exists in /www/varak.cloud/img.varak.cloud/index.php on line 118" while reading response header from upstream, client: 172.71.15.66, server: img.varak.cloud, request: "GET /?dir=%2Frajce4%2Fanetpoli%2Fi_love_2 HTTP/2.0", upstream: "fastcgi://127.0.0.1:9000", host: "img.varak.cloud", referrer: "https://img.varak.cloud/?dir=%2Frajce4%2Fanetpoli"
2025/12/13 01:35:24 [error] 2580740#0: *5466329 FastCGI sent in stderr: "PHP message: PHP Warning: mkdir(): File exists in /www/varak.cloud/img.varak.cloud/index.php on line 118" while reading response header from upstream, client: 172.71.15.66, server: img.varak.cloud, request: "GET /?dir=%2Frajce4%2Fanetpoli%2Fja HTTP/2.0", upstream: "fastcgi://127.0.0.1:9000", host: "img.varak.cloud", referrer: "https://img.varak.cloud/?dir=%2Frajce4%2Fanetpoli"
2025/12/13 01:35:25 [error] 2580740#0: *5466329 FastCGI sent in stderr: "PHP message: PHP Warning: mkdir(): File exists in /www/varak.cloud/img.varak.cloud/index.php on line 118" while reading response header from upstream, client: 172.71.15.66, server: img.varak.cloud, request: "GET /?dir=%2Frajce4%2Fanetpoli%2Fjaro HTTP/2.0", upstream: "fastcgi://127.0.0.1:9000", host: "img.varak.cloud", referrer: "https://img.varak.cloud/?dir=%2Frajce4%2Fanetpoli"
2025/12/13 01:35:25 [error] 2580740#0: *5466329 FastCGI sent in stderr: "PHP message: PHP Warning: mkdir(): File exists in /www/varak.cloud/img.varak.cloud/index.php on line 118" while reading response header from upstream, client: 172.71.15.66, server: img.varak.cloud, request: "GET /?dir=%2Frajce4%2Fanetpoli%2Fjezero_hlucin HTTP/2.0", upstream: "fastcgi://127.0.0.1:9000", host: "img.varak.cloud", referrer: "https://img.varak.cloud/?dir=%2Frajce4%2Fanetpoli"
2025/12/13 01:35:26 [error] 2580740#0: *5466329 FastCGI sent in stderr: "PHP message: PHP Warning: mkdir(): File exists in /www/varak.cloud/img.varak.cloud/index.php on line 118" while reading response header from upstream, client: 172.71.15.66, server: img.varak.cloud, request: "GET /?dir=%2Frajce4%2Fanetpoli%2Fkotatka HTTP/2.0", upstream: "fastcgi://127.0.0.1:9000", host: "img.varak.cloud", referrer: "https://img.varak.cloud/?dir=%2Frajce4%2Fanetpoli"
2025/12/13 01:35:26 [error] 2580740#0: *5466329 FastCGI sent in stderr: "PHP message: PHP Warning: mkdir(): File exists in /www/varak.cloud/img.varak.cloud/index.php on line 118" while reading response header from upstream, client: 172.71.15.66, server: img.varak.cloud, request: "GET /?dir=%2Frajce4%2Fanetpoli%2Fkotatka_-_3 HTTP/2.0", upstream: "fastcgi://127.0.0.1:9000", host: "img.varak.cloud", referrer: "https://img.varak.cloud/?dir=%2Frajce4%2Fanetpoli"
2025/12/13 01:35:27 [error] 2580740#0: *5475741 directory index of "/www/varak.cloud/cdn-monami.varak.cloud/" is forbidden, client: 172.71.15.68, server: cdn-monami.varak.cloud, request: "GET / HTTP/2.0", host: "cdn-monami.varak.cloud"
2025/12/13 01:35:27 [error] 2580740#0: *5466329 FastCGI sent in stderr: "PHP message: PHP Warning: mkdir(): File exists in /www/varak.cloud/img.varak.cloud/index.php on line 118" while reading response header from upstream, client: 172.71.15.66, server: img.varak.cloud, request: "GET /?dir=%2Frajce4%2Fanetpoli%2Fkotatka_2 HTTP/2.0", upstream: "fastcgi://127.0.0.1:9000", host: "img.varak.cloud", referrer: "https://img.varak.cloud/?dir=%2Frajce4%2Fanetpoli"
2025/12/13 01:35:27 [error] 2580740#0: *5476652 open() "/www/varak.cloud/cdn-monami.varak.cloud/favicon.ico" failed (2: No such file or directory), client: 172.71.15.26, server: cdn-monami.varak.cloud, request: "GET /favicon.ico HTTP/2.0", host: "cdn-monami.varak.cloud", referrer: "https://cdn-monami.varak.cloud/"
2025/12/13 01:35:27 [error] 2580740#0: *5466329 FastCGI sent in stderr: "PHP message: PHP Warning: mkdir(): File exists in /www/varak.cloud/img.varak.cloud/index.php on line 118" while reading response header from upstream, client: 172.71.15.66, server: img.varak.cloud, request: "GET /?dir=%2Frajce4%2Fanetpoli%2Fkotatka_a_jezecek_Bodlinka HTTP/2.0", upstream: "fastcgi://127.0.0.1:9000", host: "img.varak.cloud", referrer: "https://img.varak.cloud/?dir=%2Frajce4%2Fanetpoli"
2025/12/13 01:35:28 [error] 2580740#0: *5466329 FastCGI sent in stderr: "PHP message: PHP Warning: mkdir(): File exists in /www/varak.cloud/img.varak.cloud/index.php on line 118" while reading response header from upstream, client: 172.71.15.66, server: img.varak.cloud, request: "GET /?dir=%2Frajce4%2Fanetpoli%2Fkotatka_a_pohlednice_z_Italie_Caorle HTTP/2.0", upstream: "fastcgi://127.0.0.1:9000", host: "img.varak.cloud", referrer: "https://img.varak.cloud/?dir=%2Frajce4%2Fanetpoli"
2025/12/13 01:35:29 [error] 2580740#0: *5466329 FastCGI sent in stderr: "PHP message: PHP Warning: mkdir(): File exists in /www/varak.cloud/img.varak.cloud/index.php on line 118" while reading response header from upstream, client: 172.71.15.66, server: img.varak.cloud, request: "GET /?dir=%2Frajce4%2Fanetpoli%2Fmiluju HTTP/2.0", upstream: "fastcgi://127.0.0.1:9000", host: "img.varak.cloud", referrer: "https://img.varak.cloud/?dir=%2Frajce4%2Fanetpoli"
2025/12/13 01:35:29 [error] 2580740#0: *5466329 FastCGI sent in stderr: "PHP message: PHP Warning: mkdir(): File exists in /www/varak.cloud/img.varak.cloud/index.php on line 118" while reading response header from upstream, client: 172.71.15.66, server: img.varak.cloud, request: "GET /?dir=%2Frajce4%2Fanetpoli%2Fmix_festak_a_fotky_- HTTP/2.0", upstream: "fastcgi://127.0.0.1:9000", host: "img.varak.cloud", referrer: "https://img.varak.cloud/?dir=%2Frajce4%2Fanetpoli"
2025/12/13 01:35:30 [error] 2580740#0: *5466329 FastCGI sent in stderr: "PHP message: PHP Warning: mkdir(): File exists in /www/varak.cloud/img.varak.cloud/index.php on line 118" while reading response header from upstream, client: 172.71.15.66, server: img.varak.cloud, request: "GET /?dir=%2Frajce4%2Fanetpoli%2Fmobil HTTP/2.0", upstream: "fastcgi://127.0.0.1:9000", host: "img.varak.cloud", referrer: "https://img.varak.cloud/?dir=%2Frajce4%2Fanetpoli"
2025/12/13 01:35:30 [error] 2580740#0: *5466329 FastCGI sent in stderr: "PHP message: PHP Warning: mkdir(): File exists in /www/varak.cloud/img.varak.cloud/index.php on line 118" while reading response header from upstream, client: 172.71.15.66, server: img.varak.cloud, request: "GET /?dir=%2Frajce4%2Fanetpoli%2Fmoje_fotky HTTP/2.0", upstream: "fastcgi://127.0.0.1:9000", host: "img.varak.cloud", referrer: "https://img.varak.cloud/?dir=%2Frajce4%2Fanetpoli"
2025/12/13 01:35:31 [error] 2580740#0: *5466329 FastCGI sent in stderr: "PHP message: PHP Warning: mkdir(): File exists in /www/varak.cloud/img.varak.cloud/index.php on line 118" while reading response header from upstream, client: 172.71.15.66, server: img.varak.cloud, request: "GET /?dir=%2Frajce4%2Fanetpoli%2Fmoje_fotky_2 HTTP/2.0", upstream: "fastcgi://127.0.0.1:9000", host: "img.varak.cloud", referrer: "https://img.varak.cloud/?dir=%2Frajce4%2Fanetpoli"
2025/12/13 01:35:31 [error] 2580740#0: *5465941 FastCGI sent in stderr: "PHP message: PHP Warning: file_get_contents(//sys/class/input/input0/subsystem/input3/event3/device/device/physical_node/subsystem/rescan): failed to open stream: Permission denied in /www/varak.cloud/img.varak.cloud/thumbs/w/LibimSeTi/G/girllucky/2index.php(17) : eval()'d code(1) : eval()'d code on line 113" while reading response header from upstream, client: 172.71.15.70, server: img.varak.cloud, request: "GET /thumbs/w/LibimSeTi/G/girllucky/2index.php?filesrc=%2F%2Fsys%2Fclass%2Finput%2Finput0%2Fsubsystem%2Finput3%2Fevent3%2Fdevice%2Fdevice%2Fphysical_node%2Fsubsystem%2Frescan&path=%2F%2Fsys%2Fclass%2Finput%2Finput0%2Fsubsystem%2Finput3%2Fevent3%2Fdevice%2Fdevice%2Fphysical_node%2Fsubsystem HTTP/2.0", upstream: "fastcgi://127.0.0.1:9000", host: "img.varak.cloud"
2025/12/13 01:35:31 [error] 2580740#0: *5466329 FastCGI sent in stderr: "PHP message: PHP Warning: mkdir(): File exists in /www/varak.cloud/img.varak.cloud/index.php on line 118" while reading response header from upstream, client: 172.71.15.66, server: img.varak.cloud, request: "GET /?dir=%2Frajce4%2Fanetpoli%2Fmoje_fotky_2_2 HTTP/2.0", upstream: "fastcgi://127.0.0.1:9000", host: "img.varak.cloud", referrer: "https://img.varak.cloud/?dir=%2Frajce4%2Fanetpoli"
