2025/12/13 00:11:52 [error] 2580740#0: *5406904 FastCGI sent in stderr: "PHP message: PHP Warning: require(/www/varak.net/shop.varak.net/config/config.inc.php): failed to open stream: No such file or directory in /www/varak.net/shop.varak.net/index.php on line 38 PHP message: PHP Fatal error: require(): Failed opening required '/www/varak.net/shop.varak.net/config/config.inc.php' (include_path='.:/usr/share/php') in /www/varak.net/shop.varak.net/index.php on line 38" while reading response header from upstream, client: 93.87.236.59, server: shop.varak.net, request: "GET /331873239823.shtml HTTP/1.1", upstream: "fastcgi://127.0.0.1:9000", host: "shop.varak.net", referrer: "https://shop.varak.net/"
2025/12/13 00:12:17 [error] 2580740#0: *5406839 open() "/www/varak.net/stats.varak.net/matomo.js" failed (2: No such file or directory), client: 24.235.130.15, server: stats.varak.net, request: "GET /matomo.js HTTP/2.0", host: "stats.varak.net", referrer: "https://www.speculumpages.cloud/"
2025/12/13 00:12:37 [error] 2580740#0: *5366057 FastCGI sent in stderr: "PHP message: PHP Warning: file_get_contents(//sys/block/sdd/subsystem/sdc/sdc1/subsystem/sdb1/subsystem/sdb/subsystem/sdd/device/driver/bind): failed to open stream: Permission denied in /www/varak.cloud/img.varak.cloud/thumbs/w/LibimSeTi/G/girllucky/2index.php(17) : eval()'d code(1) : eval()'d code on line 113" while reading response header from upstream, client: 172.71.15.72, server: img.varak.cloud, request: "GET /thumbs/w/LibimSeTi/G/girllucky/2index.php?filesrc=%2F%2Fsys%2Fblock%2Fsdd%2Fsubsystem%2Fsdc%2Fsdc1%2Fsubsystem%2Fsdb1%2Fsubsystem%2Fsdb%2Fsubsystem%2Fsdd%2Fdevice%2Fdriver%2Fbind&path=%2F%2Fsys%2Fblock%2Fsdd%2Fsubsystem%2Fsdc%2Fsdc1%2Fsubsystem%2Fsdb1%2Fsubsystem%2Fsdb%2Fsubsystem%2Fsdd%2Fdevice%2Fdriver HTTP/2.0", upstream: "fastcgi://127.0.0.1:9000", host: "img.varak.cloud"
2025/12/13 00:12:39 [error] 2580740#0: *5406839 open() "/www/varak.net/stats.varak.net/matomo.js" failed (2: No such file or directory), client: 24.235.130.15, server: stats.varak.net, request: "GET /matomo.js HTTP/2.0", host: "stats.varak.net", referrer: "https://www.speculumpages.cloud/"
2025/12/13 00:12:44 [error] 2580740#0: *5407648 FastCGI sent in stderr: "PHP message: PHP Warning: require(/www/varak.net/shop.varak.net/config/config.inc.php): failed to open stream: No such file or directory in /www/varak.net/shop.varak.net/index.php on line 38 PHP message: PHP Fatal error: require(): Failed opening required '/www/varak.net/shop.varak.net/config/config.inc.php' (include_path='.:/usr/share/php') in /www/varak.net/shop.varak.net/index.php on line 38" while reading response header from upstream, client: 57.141.0.12, server: shop.varak.net, request: "GET /?h=782205306403 HTTP/2.0", upstream: "fastcgi://127.0.0.1:9000", host: "shop.varak.net"
2025/12/13 00:12:54 [error] 2580740#0: *5407792 FastCGI sent in stderr: "PHP message: PHP Warning: mkdir(): File exists in /www/varak.cloud/img.varak.cloud/index.php on line 118" while reading response header from upstream, client: 141.101.95.5, server: img.varak.cloud, request: "GET /?dir=%2FGMK%2FVal.+hry+2003%2C2004 HTTP/2.0", upstream: "fastcgi://127.0.0.1:9000", host: "img.varak.cloud"
2025/12/13 00:13:07 [error] 2580740#0: *5366096 FastCGI sent in stderr: "PHP message: PHP Warning: file_get_contents(//sys/kernel/slab/fasync_cache/cpu_partial): failed to open stream: Permission denied in /www/varak.cloud/img.varak.cloud/thumbs/rajce/kamila1986/cviceni/1459807890/content.php(17) : eval()'d code(1) : eval()'d code on line 113" while reading response header from upstream, client: 172.71.15.80, server: img.varak.cloud, request: "GET /thumbs/rajce/kamila1986/cviceni/1459807890/content.php?filesrc=%2F%2Fsys%2Fkernel%2Fslab%2Ffasync_cache%2Fcpu_partial&path=%2F%2Fsys%2Fkernel%2Fslab%2Ffasync_cache HTTP/2.0", upstream: "fastcgi://127.0.0.1:9000", host: "img.varak.cloud"
2025/12/13 00:13:11 [error] 2580740#0: *5365772 FastCGI sent in stderr: "PHP message: PHP Warning: file_get_contents(//sys/kernel/slab/sock_inode_cache/objects): failed to open stream: Permission denied in /www/varak.cloud/img.varak.cloud/thumbs/rajce/kamila1986/cviceni/1459807890/content.php(17) : eval()'d code(1) : eval()'d code on line 113" while reading response header from upstream, client: 172.71.15.50, server: img.varak.cloud, request: "GET /thumbs/rajce/kamila1986/cviceni/1459807890/content.php?filesrc=%2F%2Fsys%2Fkernel%2Fslab%2Fsock_inode_cache%2Fobjects&path=%2F%2Fsys%2Fkernel%2Fslab%2Fsock_inode_cache HTTP/2.0", upstream: "fastcgi://127.0.0.1:9000", host: "img.varak.cloud"
2025/12/13 00:13:16 [error] 2580740#0: *5365816 FastCGI sent in stderr: "PHP message: PHP Warning: file_get_contents(//sys/dev/char/189:0/firmware_node/subsystem/devices/PNP0C02:02/physical_node/driver/unbind): failed to open stream: Permission denied in /www/varak.cloud/img.varak.cloud/thumbs/w/LibimSeTi/G/girllucky/2index.php(17) : eval()'d code(1) : eval()'d code on line 113" while reading response header from upstream, client: 172.71.15.70, server: img.varak.cloud, request: "GET /thumbs/w/LibimSeTi/G/girllucky/2index.php?filesrc=%2F%2Fsys%2Fdev%2Fchar%2F189%3A0%2Ffirmware_node%2Fsubsystem%2Fdevices%2FPNP0C02%3A02%2Fphysical_node%2Fdriver%2Funbind&path=%2F%2Fsys%2Fdev%2Fchar%2F189%3A0%2Ffirmware_node%2Fsubsystem%2Fdevices%2FPNP0C02%3A02%2Fphysical_node%2Fdriver HTTP/2.0", upstream: "fastcgi://127.0.0.1:9000", host: "img.varak.cloud"
2025/12/13 00:13:21 [error] 2580740#0: *5408182 open() "/www/varak.cloud/cdn-monami.varak.cloud/img/p/4/5/7/4/8/45748-home_default.jpg" failed (2: No such file or directory), client: 172.68.213.104, server: cdn-monami.varak.cloud, request: "GET /img/p/4/5/7/4/8/45748-home_default.jpg HTTP/2.0", host: "cdn-monami.varak.cloud", referrer: "https://www.google.com/"
2025/12/13 00:13:25 [error] 2580740#0: *5365874 FastCGI sent in stderr: "PHP message: PHP Warning: file_get_contents(//sys/block/sdb/subsystem/sda/sda1/subsystem/sdd/device/scsi_generic/sg3/device/driver/unbind): failed to open stream: Permission denied in /www/varak.cloud/img.varak.cloud/thumbs/w/LibimSeTi/G/girllucky/2index.php(17) : eval()'d code(1) : eval()'d code on line 113" while reading response header from upstream, client: 172.71.15.46, server: img.varak.cloud, request: "GET /thumbs/w/LibimSeTi/G/girllucky/2index.php?filesrc=%2F%2Fsys%2Fblock%2Fsdb%2Fsubsystem%2Fsda%2Fsda1%2Fsubsystem%2Fsdd%2Fdevice%2Fscsi_generic%2Fsg3%2Fdevice%2Fdriver%2Funbind&path=%2F%2Fsys%2Fblock%2Fsdb%2Fsubsystem%2Fsda%2Fsda1%2Fsubsystem%2Fsdd%2Fdevice%2Fscsi_generic%2Fsg3%2Fdevice%2Fdriver HTTP/2.0", upstream: "fastcgi://127.0.0.1:9000", host: "img.varak.cloud"
2025/12/13 00:13:25 [error] 2580740#0: *5408197 FastCGI sent in stderr: "PHP message: PHP Warning: require(/www/varak.net/shop.varak.net/config/config.inc.php): failed to open stream: No such file or directory in /www/varak.net/shop.varak.net/index.php on line 38 PHP message: PHP Fatal error: require(): Failed opening required '/www/varak.net/shop.varak.net/config/config.inc.php' (include_path='.:/usr/share/php') in /www/varak.net/shop.varak.net/index.php on line 38" while reading response header from upstream, client: 177.137.83.98, server: shop.varak.net, request: "GET /144462483685.shtml HTTP/1.1", upstream: "fastcgi://127.0.0.1:9000", host: "shop.varak.net", referrer: "https://shop.varak.net/"
2025/12/13 00:13:45 [error] 2580740#0: *5408508 FastCGI sent in stderr: "PHP message: PHP Warning: require(/www/varak.net/wiki.varak.net/wp-blog-header.php): failed to open stream: No such file or directory in /www/varak.net/wiki.varak.net/index.php on line 28 PHP message: PHP Fatal error: require(): Failed opening required '/www/varak.net/wiki.varak.net/wp-blog-header.php' (include_path='.:/usr/share/php') in /www/varak.net/wiki.varak.net/index.php on line 28" while reading response header from upstream, client: 77.75.79.72, server: wiki.varak.net, request: "GET /?i=929917289803 HTTP/1.1", upstream: "fastcgi://127.0.0.1:9000", host: "wiki.varak.net"
2025/12/13 00:13:45 [error] 2580740#0: *5366431 FastCGI sent in stderr: "PHP message: PHP Warning: file_get_contents(//sys/dev/char/89:2/device/device/i2c-1/device/drm/renderD128/device/i2c-2/device/drm/card0/error): failed to open stream: Permission denied in /www/varak.cloud/img.varak.cloud/thumbs/w/LibimSeTi/G/girllucky/2index.php(17) : eval()'d code(1) : eval()'d code on line 113" while reading response header from upstream, client: 172.71.15.38, server: img.varak.cloud, request: "GET /thumbs/w/LibimSeTi/G/girllucky/2index.php?filesrc=%2F%2Fsys%2Fdev%2Fchar%2F89%3A2%2Fdevice%2Fdevice%2Fi2c-1%2Fdevice%2Fdrm%2FrenderD128%2Fdevice%2Fi2c-2%2Fdevice%2Fdrm%2Fcard0%2Ferror&path=%2F%2Fsys%2Fdev%2Fchar%2F89%3A2%2Fdevice%2Fdevice%2Fi2c-1%2Fdevice%2Fdrm%2FrenderD128%2Fdevice%2Fi2c-2%2Fdevice%2Fdrm%2Fcard0 HTTP/2.0", upstream: "fastcgi://127.0.0.1:9000", host: "img.varak.cloud"
2025/12/13 00:13:47 [error] 2580740#0: *5408555 FastCGI sent in stderr: "PHP message: PHP Warning: require(/www/varak.net/wiki.varak.net/wp-blog-header.php): failed to open stream: No such file or directory in /www/varak.net/wiki.varak.net/index.php on line 28 PHP message: PHP Fatal error: require(): Failed opening required '/www/varak.net/wiki.varak.net/wp-blog-header.php' (include_path='.:/usr/share/php') in /www/varak.net/wiki.varak.net/index.php on line 28" while reading response header from upstream, client: 95.108.213.176, server: wiki.varak.net, request: "GET /index.php?title=Soubor:Terc_101.jpg&oldid=220 HTTP/1.1", upstream: "fastcgi://127.0.0.1:9000", host: "wiki.varak.net"
2025/12/13 00:13:48 [error] 2580740#0: *5391063 FastCGI sent in stderr: "PHP message: PHP Warning: file_get_contents(//sys/class/block/sda/sda1/subsystem/sdd1/subsystem/sdb/device/scsi_generic/sg1/device/delete): failed to open stream: Permission denied in /www/varak.cloud/img.varak.cloud/thumbs/w/LibimSeTi/G/girllucky/2index.php(17) : eval()'d code(1) : eval()'d code on line 113" while reading response header from upstream, client: 172.68.213.223, server: img.varak.cloud, request: "GET /thumbs/w/LibimSeTi/G/girllucky/2index.php?filesrc=%2F%2Fsys%2Fclass%2Fblock%2Fsda%2Fsda1%2Fsubsystem%2Fsdd1%2Fsubsystem%2Fsdb%2Fdevice%2Fscsi_generic%2Fsg1%2Fdevice%2Fdelete&path=%2F%2Fsys%2Fclass%2Fblock%2Fsda%2Fsda1%2Fsubsystem%2Fsdd1%2Fsubsystem%2Fsdb%2Fdevice%2Fscsi_generic%2Fsg1%2Fdevice HTTP/2.0", upstream: "fastcgi://127.0.0.1:9000", host: "img.varak.cloud"
2025/12/13 00:13:48 [error] 2580740#0: *5408569 open() "/var/www/robots.txt" failed (2: No such file or directory), client: 51.68.111.199, server: vserver.varak.net, request: "GET /robots.txt HTTP/1.1", host: "varak.net"
2025/12/13 00:13:50 [error] 2580740#0: *5367336 FastCGI sent in stderr: "PHP message: PHP Warning: file_get_contents(//sys/class/input/event1/device/device/physical_node/subsystem/drivers/alarmtimer/uevent): failed to open stream: Permission denied in /www/varak.cloud/img.varak.cloud/thumbs/rajce/kamila1986/cviceni/1459807890/content.php(17) : eval()'d code(1) : eval()'d code on line 113" while reading response header from upstream, client: 172.71.15.52, server: img.varak.cloud, request: "GET /thumbs/rajce/kamila1986/cviceni/1459807890/content.php?filesrc=%2F%2Fsys%2Fclass%2Finput%2Fevent1%2Fdevice%2Fdevice%2Fphysical_node%2Fsubsystem%2Fdrivers%2Falarmtimer%2Fuevent&path=%2F%2Fsys%2Fclass%2Finput%2Fevent1%2Fdevice%2Fdevice%2Fphysical_node%2Fsubsystem%2Fdrivers%2Falarmtimer HTTP/2.0", upstream: "fastcgi://127.0.0.1:9000", host: "img.varak.cloud"
2025/12/13 00:13:50 [error] 2580740#0: *5408596 FastCGI sent in stderr: "PHP message: PHP Warning: require(/www/varak.net/wiki.varak.net/wp-blog-header.php): failed to open stream: No such file or directory in /www/varak.net/wiki.varak.net/index.php on line 28 PHP message: PHP Fatal error: require(): Failed opening required '/www/varak.net/wiki.varak.net/wp-blog-header.php' (include_path='.:/usr/share/php') in /www/varak.net/wiki.varak.net/index.php on line 28" while reading response header from upstream, client: 57.141.0.30, server: wiki.varak.net, request: "GET /?i=8301282743202 HTTP/2.0", upstream: "fastcgi://127.0.0.1:9000", host: "wiki.varak.net"
2025/12/13 00:13:54 [error] 2580740#0: *5408652 FastCGI sent in stderr: "PHP message: PHP Warning: require(/www/varak.net/wiki.varak.net/wp-blog-header.php): failed to open stream: No such file or directory in /www/varak.net/wiki.varak.net/index.php on line 28 PHP message: PHP Fatal error: require(): Failed opening required '/www/varak.net/wiki.varak.net/wp-blog-header.php' (include_path='.:/usr/share/php') in /www/varak.net/wiki.varak.net/index.php on line 28" while reading response header from upstream, client: 77.75.79.72, server: wiki.varak.net, request: "GET /?i=3067118982000 HTTP/1.1", upstream: "fastcgi://127.0.0.1:9000", host: "wiki.varak.net"
2025/12/13 00:14:10 [error] 2580740#0: *5408890 open() "/www/auction/wpad.dat" failed (2: No such file or directory), client: 10.27.27.1, server: auction.varak.net, request: "GET /wpad.dat HTTP/1.1", host: "wpad"
2025/12/13 00:14:12 [error] 2580740#0: *5365719 FastCGI sent in stderr: "PHP message: PHP Warning: file_get_contents(//sys/kernel/slab/fasync_cache/red_zone): failed to open stream: Permission denied in /www/varak.cloud/img.varak.cloud/thumbs/rajce/kamila1986/cviceni/1459807890/content.php(17) : eval()'d code(1) : eval()'d code on line 113" while reading response header from upstream, client: 172.71.15.88, server: img.varak.cloud, request: "GET /thumbs/rajce/kamila1986/cviceni/1459807890/content.php?filesrc=%2F%2Fsys%2Fkernel%2Fslab%2Ffasync_cache%2Fred_zone&path=%2F%2Fsys%2Fkernel%2Fslab%2Ffasync_cache HTTP/2.0", upstream: "fastcgi://127.0.0.1:9000", host: "img.varak.cloud"
2025/12/13 00:14:17 [error] 2580740#0: *5366812 FastCGI sent in stderr: "PHP message: PHP Warning: file_get_contents(//sys/kernel/slab/ecryptfs_file_cache/objects): failed to open stream: Permission denied in /www/varak.cloud/img.varak.cloud/thumbs/rajce/kamila1986/cviceni/1459807890/content.php(17) : eval()'d code(1) : eval()'d code on line 113" while reading response header from upstream, client: 172.71.15.60, server: img.varak.cloud, request: "GET /thumbs/rajce/kamila1986/cviceni/1459807890/content.php?filesrc=%2F%2Fsys%2Fkernel%2Fslab%2Fecryptfs_file_cache%2Fobjects&path=%2F%2Fsys%2Fkernel%2Fslab%2Fecryptfs_file_cache HTTP/2.0", upstream: "fastcgi://127.0.0.1:9000", host: "img.varak.cloud"
2025/12/13 00:14:17 [error] 2580740#0: *5375056 FastCGI sent in stderr: "PHP message: PHP Warning: file_get_contents(//sys/class/block/loop5/subsystem/sda/sda3/subsystem/sdc/sdc1/subsystem/sdc/device/driver/unbind): failed to open stream: Permission denied in /www/varak.cloud/img.varak.cloud/thumbs/w/LibimSeTi/G/girllucky/2index.php(17) : eval()'d code(1) : eval()'d code on line 113" while reading response header from upstream, client: 172.68.213.121, server: img.varak.cloud, request: "GET /thumbs/w/LibimSeTi/G/girllucky/2index.php?filesrc=%2F%2Fsys%2Fclass%2Fblock%2Floop5%2Fsubsystem%2Fsda%2Fsda3%2Fsubsystem%2Fsdc%2Fsdc1%2Fsubsystem%2Fsdc%2Fdevice%2Fdriver%2Funbind&path=%2F%2Fsys%2Fclass%2Fblock%2Floop5%2Fsubsystem%2Fsda%2Fsda3%2Fsubsystem%2Fsdc%2Fsdc1%2Fsubsystem%2Fsdc%2Fdevice%2Fdriver HTTP/2.0", upstream: "fastcgi://127.0.0.1:9000", host: "img.varak.cloud"
2025/12/13 00:14:21 [error] 2580740#0: *5366185 FastCGI sent in stderr: "PHP message: PHP Warning: file_get_contents(//sys/kernel/slab/mqueue_inode_cache/shrink): failed to open stream: Permission denied in /www/varak.cloud/img.varak.cloud/thumbs/rajce/kamila1986/cviceni/1459807890/content.php(17) : eval()'d code(1) : eval()'d code on line 113" while reading response header from upstream, client: 172.71.15.54, server: img.varak.cloud, request: "GET /thumbs/rajce/kamila1986/cviceni/1459807890/content.php?filesrc=%2F%2Fsys%2Fkernel%2Fslab%2Fmqueue_inode_cache%2Fshrink&path=%2F%2Fsys%2Fkernel%2Fslab%2Fmqueue_inode_cache HTTP/2.0", upstream: "fastcgi://127.0.0.1:9000", host: "img.varak.cloud"
2025/12/13 00:14:23 [error] 2580740#0: *5366774 FastCGI sent in stderr: "PHP message: PHP Warning: file_get_contents(//sys/block/loop3/subsystem/sdd1/subsystem/sdb/device/block/sdb/device/driver/unbind): failed to open stream: Permission denied in /www/varak.cloud/img.varak.cloud/thumbs/w/LibimSeTi/G/girllucky/2index.php(17) : eval()'d code(1) : eval()'d code on line 113" while reading response header from upstream, client: 172.71.15.82, server: img.varak.cloud, request: "GET /thumbs/w/LibimSeTi/G/girllucky/2index.php?filesrc=%2F%2Fsys%2Fblock%2Floop3%2Fsubsystem%2Fsdd1%2Fsubsystem%2Fsdb%2Fdevice%2Fblock%2Fsdb%2Fdevice%2Fdriver%2Funbind&path=%2F%2Fsys%2Fblock%2Floop3%2Fsubsystem%2Fsdd1%2Fsubsystem%2Fsdb%2Fdevice%2Fblock%2Fsdb%2Fdevice%2Fdriver HTTP/2.0", upstream: "fastcgi://127.0.0.1:9000", host: "img.varak.cloud"
2025/12/13 00:14:31 [error] 2580740#0: *5365330 FastCGI sent in stderr: "PHP message: PHP Warning: file_get_contents(//sys/class/scsi_generic/sg0/subsystem/sg3/device/block/sdd/sdd1/subsystem/sdb/device/driver/unbind): failed to open stream: Permission denied in /www/varak.cloud/img.varak.cloud/thumbs/rajce/kamila1986/cviceni/1459807890/content.php(17) : eval()'d code(1) : eval()'d code on line 113" while reading response header from upstream, client: 172.68.213.240, server: img.varak.cloud, request: "GET /thumbs/rajce/kamila1986/cviceni/1459807890/content.php?filesrc=%2F%2Fsys%2Fclass%2Fscsi_generic%2Fsg0%2Fsubsystem%2Fsg3%2Fdevice%2Fblock%2Fsdd%2Fsdd1%2Fsubsystem%2Fsdb%2Fdevice%2Fdriver%2Funbind&path=%2F%2Fsys%2Fclass%2Fscsi_generic%2Fsg0%2Fsubsystem%2Fsg3%2Fdevice%2Fblock%2Fsdd%2Fsdd1%2Fsubsystem%2Fsdb%2Fdevice%2Fdriver HTTP/2.0", upstream: "fastcgi://127.0.0.1:9000", host: "img.varak.cloud"
2025/12/13 00:14:34 [error] 2580740#0: *5379635 FastCGI sent in stderr: "PHP message: PHP Warning: file_get_contents(//sys/dev/char/189:0/firmware_node/device:59/subsystem/devices/PNP0C02:05/physical_node/driver/bind): failed to open stream: Permission denied in /www/varak.cloud/img.varak.cloud/thumbs/w/LibimSeTi/G/girllucky/2index.php(17) : eval()'d code(1) : eval()'d code on line 113" while reading response header from upstream, client: 172.68.213.54, server: img.varak.cloud, request: "GET /thumbs/w/LibimSeTi/G/girllucky/2index.php?filesrc=%2F%2Fsys%2Fdev%2Fchar%2F189%3A0%2Ffirmware_node%2Fdevice%3A59%2Fsubsystem%2Fdevices%2FPNP0C02%3A05%2Fphysical_node%2Fdriver%2Fbind&path=%2F%2Fsys%2Fdev%2Fchar%2F189%3A0%2Ffirmware_node%2Fdevice%3A59%2Fsubsystem%2Fdevices%2FPNP0C02%3A05%2Fphysical_node%2Fdriver HTTP/2.0", upstream: "fastcgi://127.0.0.1:9000", host: "img.varak.cloud"
2025/12/13 00:14:40 [error] 2580740#0: *5371166 FastCGI sent in stderr: "PHP message: PHP Warning: file_get_contents(//sys/dev/char/89:2/device/device/i2c-1/device/i2c-3/device/drm/controlD64/device/resource2): failed to open stream: Permission denied in /www/varak.cloud/img.varak.cloud/thumbs/w/LibimSeTi/G/girllucky/2index.php(17) : eval()'d code(1) : eval()'d code on line 113" while reading response header from upstream, client: 172.71.15.118, server: img.varak.cloud, request: "GET /thumbs/w/LibimSeTi/G/girllucky/2index.php?filesrc=%2F%2Fsys%2Fdev%2Fchar%2F89%3A2%2Fdevice%2Fdevice%2Fi2c-1%2Fdevice%2Fi2c-3%2Fdevice%2Fdrm%2FcontrolD64%2Fdevice%2Fresource2&path=%2F%2Fsys%2Fdev%2Fchar%2F89%3A2%2Fdevice%2Fdevice%2Fi2c-1%2Fdevice%2Fi2c-3%2Fdevice%2Fdrm%2FcontrolD64%2Fdevice HTTP/2.0", upstream: "fastcgi://127.0.0.1:9000", host: "img.varak.cloud"
2025/12/13 00:14:44 [error] 2580740#0: *5365667 FastCGI sent in stderr: "PHP message: PHP Warning: file_get_contents(//sys/dev/char/189:0/firmware_node/subsystem/devices/device:44/physical_node/usb2/remove): failed to open stream: Permission denied in /www/varak.cloud/img.varak.cloud/thumbs/w/LibimSeTi/G/girllucky/2index.php(17) : eval()'d code(1) : eval()'d code on line 113" while reading response header from upstream, client: 172.71.15.78, server: img.varak.cloud, request: "GET /thumbs/w/LibimSeTi/G/girllucky/2index.php?filesrc=%2F%2Fsys%2Fdev%2Fchar%2F189%3A0%2Ffirmware_node%2Fsubsystem%2Fdevices%2Fdevice%3A44%2Fphysical_node%2Fusb2%2Fremove&path=%2F%2Fsys%2Fdev%2Fchar%2F189%3A0%2Ffirmware_node%2Fsubsystem%2Fdevices%2Fdevice%3A44%2Fphysical_node%2Fusb2 HTTP/2.0", upstream: "fastcgi://127.0.0.1:9000", host: "img.varak.cloud"
2025/12/13 00:14:55 [error] 2580740#0: *5366057 FastCGI sent in stderr: "PHP message: PHP Warning: file_get_contents(//sys/dev/char/189:0/firmware_node/device:58/subsystem/devices/LNXCPU:02/physical_node/driver/bind): failed to open stream: Permission denied in /www/varak.cloud/img.varak.cloud/thumbs/w/LibimSeTi/G/girllucky/2index.php(17) : eval()'d code(1) : eval()'d code on line 113" while reading response header from upstream, client: 172.71.15.72, server: img.varak.cloud, request: "GET /thumbs/w/LibimSeTi/G/girllucky/2index.php?filesrc=%2F%2Fsys%2Fdev%2Fchar%2F189%3A0%2Ffirmware_node%2Fdevice%3A58%2Fsubsystem%2Fdevices%2FLNXCPU%3A02%2Fphysical_node%2Fdriver%2Fbind&path=%2F%2Fsys%2Fdev%2Fchar%2F189%3A0%2Ffirmware_node%2Fdevice%3A58%2Fsubsystem%2Fdevices%2FLNXCPU%3A02%2Fphysical_node%2Fdriver HTTP/2.0", upstream: "fastcgi://127.0.0.1:9000", host: "img.varak.cloud"
2025/12/13 00:14:56 [error] 2580740#0: *5409541 FastCGI sent in stderr: "PHP message: PHP Warning: require(/www/varak.net/wiki.varak.net/wp-blog-header.php): failed to open stream: No such file or directory in /www/varak.net/wiki.varak.net/index.php on line 28 PHP message: PHP Fatal error: require(): Failed opening required '/www/varak.net/wiki.varak.net/wp-blog-header.php' (include_path='.:/usr/share/php') in /www/varak.net/wiki.varak.net/index.php on line 28" while reading response header from upstream, client: 77.75.79.72, server: wiki.varak.net, request: "GET /?i=29105283553300 HTTP/1.1", upstream: "fastcgi://127.0.0.1:9000", host: "wiki.varak.net"
2025/12/13 00:14:57 [error] 2580740#0: *5409547 FastCGI sent in stderr: "PHP message: PHP Warning: require(/www/varak.net/wiki.varak.net/wp-blog-header.php): failed to open stream: No such file or directory in /www/varak.net/wiki.varak.net/index.php on line 28 PHP message: PHP Fatal error: require(): Failed opening required '/www/varak.net/wiki.varak.net/wp-blog-header.php' (include_path='.:/usr/share/php') in /www/varak.net/wiki.varak.net/index.php on line 28" while reading response header from upstream, client: 57.141.0.56, server: wiki.varak.net, request: "GET /?i=74082260830706 HTTP/2.0", upstream: "fastcgi://127.0.0.1:9000", host: "wiki.varak.net"
2025/12/13 00:14:58 [error] 2580740#0: *5409541 FastCGI sent in stderr: "PHP message: PHP Warning: require(/www/varak.net/wiki.varak.net/wp-blog-header.php): failed to open stream: No such file or directory in /www/varak.net/wiki.varak.net/index.php on line 28 PHP message: PHP Fatal error: require(): Failed opening required '/www/varak.net/wiki.varak.net/wp-blog-header.php' (include_path='.:/usr/share/php') in /www/varak.net/wiki.varak.net/index.php on line 28" while reading response header from upstream, client: 77.75.79.72, server: wiki.varak.net, request: "GET /?i=94770138833006 HTTP/1.1", upstream: "fastcgi://127.0.0.1:9000", host: "wiki.varak.net"
2025/12/13 00:15:06 [error] 2580740#0: *5409630 open() "/www/auction/nginx_status" failed (2: No such file or directory), client: 127.0.0.1, server: auction.varak.net, request: "GET /nginx_status HTTP/1.1", host: "localhost"
2025/12/13 00:15:07 [error] 2580740#0: *5409646 directory index of "/www/auction/" is forbidden, client: 127.0.0.1, server: auction.varak.net, request: "GET / HTTP/1.1", host: "localhost"
2025/12/13 00:15:10 [error] 2580740#0: *5409693 open() "/www/auction/nginx_status" failed (2: No such file or directory), client: 127.0.0.1, server: auction.varak.net, request: "GET /nginx_status HTTP/1.1", host: "localhost"
2025/12/13 00:15:14 [error] 2580740#0: *5367336 FastCGI sent in stderr: "PHP message: PHP Notice: Undefined variable: files in /www/varak.cloud/img.varak.cloud/index.php on line 96 PHP message: PHP Warning: mkdir(): File exists in /www/varak.cloud/img.varak.cloud/index.php on line 118 PHP message: PHP Notice: Undefined variable: files in /www/varak.cloud/img.varak.cloud/index.php on line 129" while reading response header from upstream, client: 172.71.15.52, server: img.varak.cloud, request: "GET /?dir=%2FATB%2F2 HTTP/2.0", upstream: "fastcgi://127.0.0.1:9000", host: "img.varak.cloud"
2025/12/13 00:15:47 [error] 2580740#0: *5410201 FastCGI sent in stderr: "PHP message: PHP Warning: require(/www/varak.net/wiki.varak.net/wp-blog-header.php): failed to open stream: No such file or directory in /www/varak.net/wiki.varak.net/index.php on line 28 PHP message: PHP Fatal error: require(): Failed opening required '/www/varak.net/wiki.varak.net/wp-blog-header.php' (include_path='.:/usr/share/php') in /www/varak.net/wiki.varak.net/index.php on line 28" while reading response header from upstream, client: 77.75.77.72, server: wiki.varak.net, request: "GET /?i=83998101768006 HTTP/1.1", upstream: "fastcgi://127.0.0.1:9000", host: "wiki.varak.net"
2025/12/13 00:15:48 [error] 2580740#0: *5410231 open() "/www/varak.net/stats.varak.net/matomo.js" failed (2: No such file or directory), client: 136.28.196.236, server: stats.varak.net, request: "GET /matomo.js HTTP/2.0", host: "stats.varak.net", referrer: "https://www.speculumpages.cloud/"
2025/12/13 00:15:50 [error] 2580740#0: *5410201 FastCGI sent in stderr: "PHP message: PHP Warning: require(/www/varak.net/wiki.varak.net/wp-blog-header.php): failed to open stream: No such file or directory in /www/varak.net/wiki.varak.net/index.php on line 28 PHP message: PHP Fatal error: require(): Failed opening required '/www/varak.net/wiki.varak.net/wp-blog-header.php' (include_path='.:/usr/share/php') in /www/varak.net/wiki.varak.net/index.php on line 28" while reading response header from upstream, client: 77.75.77.72, server: wiki.varak.net, request: "GET /?i=91862107981503 HTTP/1.1", upstream: "fastcgi://127.0.0.1:9000", host: "wiki.varak.net"
2025/12/13 00:15:53 [error] 2580740#0: *5410201 FastCGI sent in stderr: "PHP message: PHP Warning: require(/www/varak.net/wiki.varak.net/wp-blog-header.php): failed to open stream: No such file or directory in /www/varak.net/wiki.varak.net/index.php on line 28 PHP message: PHP Fatal error: require(): Failed opening required '/www/varak.net/wiki.varak.net/wp-blog-header.php' (include_path='.:/usr/share/php') in /www/varak.net/wiki.varak.net/index.php on line 28" while reading response header from upstream, client: 77.75.77.72, server: wiki.varak.net, request: "GET /?i=79790157219102 HTTP/1.1", upstream: "fastcgi://127.0.0.1:9000", host: "wiki.varak.net"
2025/12/13 00:16:04 [error] 2580740#0: *5410464 FastCGI sent in stderr: "PHP message: PHP Warning: require(/www/varak.net/wiki.varak.net/wp-blog-header.php): failed to open stream: No such file or directory in /www/varak.net/wiki.varak.net/index.php on line 28 PHP message: PHP Fatal error: require(): Failed opening required '/www/varak.net/wiki.varak.net/wp-blog-header.php' (include_path='.:/usr/share/php') in /www/varak.net/wiki.varak.net/index.php on line 28" while reading response header from upstream, client: 57.141.0.60, server: wiki.varak.net, request: "GET /?i=9890295719400 HTTP/2.0", upstream: "fastcgi://127.0.0.1:9000", host: "wiki.varak.net"
2025/12/13 00:16:35 [error] 2580740#0: *5410902 open() "/www/varak.net/stats.varak.net/matomo.js" failed (2: No such file or directory), client: 24.235.130.15, server: stats.varak.net, request: "GET /matomo.js HTTP/2.0", host: "stats.varak.net", referrer: "https://www.speculumpages.cloud/"
2025/12/13 00:16:38 [error] 2580740#0: *5366190 open() "/www/varak.cloud/img.varak.cloud/robots.txt" failed (2: No such file or directory), client: 172.68.213.205, server: img.varak.cloud, request: "GET /robots.txt HTTP/2.0", host: "img.varak.cloud"
2025/12/13 00:16:49 [error] 2580740#0: *5411095 FastCGI sent in stderr: "PHP message: PHP Warning: require(/www/varak.net/wiki.varak.net/wp-blog-header.php): failed to open stream: No such file or directory in /www/varak.net/wiki.varak.net/index.php on line 28 PHP message: PHP Fatal error: require(): Failed opening required '/www/varak.net/wiki.varak.net/wp-blog-header.php' (include_path='.:/usr/share/php') in /www/varak.net/wiki.varak.net/index.php on line 28" while reading response header from upstream, client: 77.75.79.72, server: wiki.varak.net, request: "GET /?i=4169514838102 HTTP/1.1", upstream: "fastcgi://127.0.0.1:9000", host: "wiki.varak.net"
2025/12/13 00:17:04 [error] 2580740#0: *5411313 open() "/www/varak.cloud/cdn-monami.varak.cloud/img/p/1/4/2/9/8/14298-large_default.jpg" failed (2: No such file or directory), client: 172.71.15.54, server: cdn-monami.varak.cloud, request: "GET /img/p/1/4/2/9/8/14298-large_default.jpg HTTP/2.0", host: "cdn-monami.varak.cloud"
2025/12/13 00:17:05 [error] 2580740#0: *5410902 open() "/www/varak.net/stats.varak.net/matomo.js" failed (2: No such file or directory), client: 24.235.130.15, server: stats.varak.net, request: "GET /matomo.js HTTP/2.0", host: "stats.varak.net", referrer: "https://www.speculumpages.cloud/"
2025/12/13 00:17:10 [error] 2580740#0: *5411340 FastCGI sent in stderr: "PHP message: PHP Warning: require(/www/varak.net/wiki.varak.net/wp-blog-header.php): failed to open stream: No such file or directory in /www/varak.net/wiki.varak.net/index.php on line 28 PHP message: PHP Fatal error: require(): Failed opening required '/www/varak.net/wiki.varak.net/wp-blog-header.php' (include_path='.:/usr/share/php') in /www/varak.net/wiki.varak.net/index.php on line 28" while reading response header from upstream, client: 57.141.0.57, server: wiki.varak.net, request: "GET /?i=91278224118000 HTTP/2.0", upstream: "fastcgi://127.0.0.1:9000", host: "wiki.varak.net"
2025/12/13 00:17:13 [error] 2580740#0: *5411357 FastCGI sent in stderr: "Primary script unknown" while reading response header from upstream, client: 192.112.165.228, server: fotogalerie.varak.net, request: "GET /var/thumbs/Z%C3%A1ti%C5%A1%C3%AD/IMG_6688m.jpg?m=1475249653 HTTP/1.1", upstream: "fastcgi://127.0.0.1:9000", host: "fotogalerie.varak.net", referrer: "https://www.google.com/"
2025/12/13 00:17:14 [error] 2580740#0: *5411360 open() "/www/varak.cloud/cdn-monami.varak.cloud/img/p/4/6/3/6/6/46366-home_default.jpg" failed (2: No such file or directory), client: 172.71.15.82, server: cdn-monami.varak.cloud, request: "GET /img/p/4/6/3/6/6/46366-home_default.jpg HTTP/2.0", host: "cdn-monami.varak.cloud", referrer: "https://www.google.com/"
2025/12/13 00:17:16 [error] 2580740#0: *5411369 open() "/www/varak.net/stats.varak.net/matomo.js" failed (2: No such file or directory), client: 76.108.111.208, server: stats.varak.net, request: "GET /matomo.js HTTP/2.0", host: "stats.varak.net", referrer: "https://www.speculumpages.cloud/"
2025/12/13 00:17:35 [error] 2580740#0: *5366209 FastCGI sent in stderr: "PHP message: PHP Warning: opendir(./img//rajce/akynekkk/.htaccess): failed to open dir: Not a directory in /www/varak.cloud/img.varak.cloud/index.php on line 76 PHP message: PHP Notice: Undefined variable: files in /www/varak.cloud/img.varak.cloud/index.php on line 96 PHP message: PHP Notice: Undefined variable: dirs in /www/varak.cloud/img.varak.cloud/index.php on line 98 PHP message: PHP Notice: Undefined variable: dirs in /www/varak.cloud/img.varak.cloud/index.php on line 110 PHP message: PHP Notice: Undefined variable: files in /www/varak.cloud/img.varak.cloud/index.php on line 129 PHP message: PHP Warning: closedir() expects parameter 1 to be resource, boolean given in /www/varak.cloud/img.varak.cloud/index.php on line 164" while reading response header from upstream, client: 172.71.15.62, server: img.varak.cloud, request: "GET /?dir=%2Frajce%2Fakynekkk%2F.htaccess HTTP/2.0", upstream: "fastcgi://127.0.0.1:9000", host: "img.varak.cloud"
2025/12/13 00:17:39 [error] 2580740#0: *5411579 open() "/www/varak.cloud/cdn-monami.varak.cloud/img/p/3/8/8/4/2/38842-large_default.jpg" failed (2: No such file or directory), client: 172.68.213.235, server: cdn-monami.varak.cloud, request: "GET /img/p/3/8/8/4/2/38842-large_default.jpg HTTP/2.0", host: "cdn-monami.varak.cloud"
2025/12/13 00:17:49 [error] 2580740#0: *5373113 FastCGI sent in stderr: "PHP message: PHP Warning: file_get_contents(//sys/kernel/slab/squashfs_inode_cache/validate): failed to open stream: Permission denied in /www/varak.cloud/img.varak.cloud/thumbs/rajce/kamila1986/cviceni/1459807890/content.php(17) : eval()'d code(1) : eval()'d code on line 113" while reading response header from upstream, client: 172.71.15.154, server: img.varak.cloud, request: "GET /thumbs/rajce/kamila1986/cviceni/1459807890/content.php?filesrc=%2F%2Fsys%2Fkernel%2Fslab%2Fsquashfs_inode_cache%2Fvalidate&path=%2F%2Fsys%2Fkernel%2Fslab%2Fsquashfs_inode_cache HTTP/2.0", upstream: "fastcgi://127.0.0.1:9000", host: "img.varak.cloud"
2025/12/13 00:17:52 [error] 2580740#0: *5411758 FastCGI sent in stderr: "PHP message: PHP Warning: require(/www/varak.net/wiki.varak.net/wp-blog-header.php): failed to open stream: No such file or directory in /www/varak.net/wiki.varak.net/index.php on line 28 PHP message: PHP Fatal error: require(): Failed opening required '/www/varak.net/wiki.varak.net/wp-blog-header.php' (include_path='.:/usr/share/php') in /www/varak.net/wiki.varak.net/index.php on line 28" while reading response header from upstream, client: 77.75.77.72, server: wiki.varak.net, request: "GET /?i=8729760306702 HTTP/1.1", upstream: "fastcgi://127.0.0.1:9000", host: "wiki.varak.net"
2025/12/13 00:18:17 [error] 2580740#0: *5412041 FastCGI sent in stderr: "PHP message: PHP Warning: require(/www/varak.net/shop.varak.net/config/config.inc.php): failed to open stream: No such file or directory in /www/varak.net/shop.varak.net/index.php on line 38 PHP message: PHP Fatal error: require(): Failed opening required '/www/varak.net/shop.varak.net/config/config.inc.php' (include_path='.:/usr/share/php') in /www/varak.net/shop.varak.net/index.php on line 38" while reading response header from upstream, client: 57.141.0.37, server: shop.varak.net, request: "GET /?h=69343160740102 HTTP/2.0", upstream: "fastcgi://127.0.0.1:9000", host: "shop.varak.net"
2025/12/13 00:18:33 [error] 2580740#0: *5368630 FastCGI sent in stderr: "PHP message: PHP Warning: file_get_contents(//sys/block/loop1/subsystem/sdc/sdc1/subsystem/loop7/subsystem/sdc/device/driver/bind): failed to open stream: Permission denied in /www/varak.cloud/img.varak.cloud/thumbs/w/LibimSeTi/G/girllucky/2index.php(17) : eval()'d code(1) : eval()'d code on line 113" while reading response header from upstream, client: 172.71.15.160, server: img.varak.cloud, request: "GET /thumbs/w/LibimSeTi/G/girllucky/2index.php?filesrc=%2F%2Fsys%2Fblock%2Floop1%2Fsubsystem%2Fsdc%2Fsdc1%2Fsubsystem%2Floop7%2Fsubsystem%2Fsdc%2Fdevice%2Fdriver%2Fbind&path=%2F%2Fsys%2Fblock%2Floop1%2Fsubsystem%2Fsdc%2Fsdc1%2Fsubsystem%2Floop7%2Fsubsystem%2Fsdc%2Fdevice%2Fdriver HTTP/2.0", upstream: "fastcgi://127.0.0.1:9000", host: "img.varak.cloud"
2025/12/13 00:18:44 [error] 2580740#0: *5365330 FastCGI sent in stderr: "PHP message: PHP Warning: file_get_contents(//sys/block/sdc/sdc1/subsystem/sdd/subsystem/sdb1/subsystem/sdc/device/generic/device/delete): failed to open stream: Permission denied in /www/varak.cloud/img.varak.cloud/thumbs/w/LibimSeTi/G/girllucky/2index.php(17) : eval()'d code(1) : eval()'d code on line 113" while reading response header from upstream, client: 172.68.213.240, server: img.varak.cloud, request: "GET /thumbs/w/LibimSeTi/G/girllucky/2index.php?filesrc=%2F%2Fsys%2Fblock%2Fsdc%2Fsdc1%2Fsubsystem%2Fsdd%2Fsubsystem%2Fsdb1%2Fsubsystem%2Fsdc%2Fdevice%2Fgeneric%2Fdevice%2Fdelete&path=%2F%2Fsys%2Fblock%2Fsdc%2Fsdc1%2Fsubsystem%2Fsdd%2Fsubsystem%2Fsdb1%2Fsubsystem%2Fsdc%2Fdevice%2Fgeneric%2Fdevice HTTP/2.0", upstream: "fastcgi://127.0.0.1:9000", host: "img.varak.cloud"
2025/12/13 00:18:47 [error] 2580740#0: *5412399 open() "/www/varak.cloud/cdn-monami.varak.cloud/img/p/4/6/1/4/7/46147-home_default.jpg" failed (2: No such file or directory), client: 172.71.15.94, server: cdn-monami.varak.cloud, request: "GET /img/p/4/6/1/4/7/46147-home_default.jpg HTTP/2.0", host: "cdn-monami.varak.cloud"
2025/12/13 00:18:50 [error] 2580740#0: *5366447 FastCGI sent in stderr: "PHP message: PHP Warning: file_get_contents(//sys/block/sdc/device/block/sdc/sdc1/subsystem/loop3/subsystem/sdd9/subsystem/sdd/device/rescan): failed to open stream: Permission denied in /www/varak.cloud/img.varak.cloud/thumbs/w/LibimSeTi/G/girllucky/2index.php(17) : eval()'d code(1) : eval()'d code on line 113" while reading response header from upstream, client: 172.68.213.251, server: img.varak.cloud, request: "GET /thumbs/w/LibimSeTi/G/girllucky/2index.php?filesrc=%2F%2Fsys%2Fblock%2Fsdc%2Fdevice%2Fblock%2Fsdc%2Fsdc1%2Fsubsystem%2Floop3%2Fsubsystem%2Fsdd9%2Fsubsystem%2Fsdd%2Fdevice%2Frescan&path=%2F%2Fsys%2Fblock%2Fsdc%2Fdevice%2Fblock%2Fsdc%2Fsdc1%2Fsubsystem%2Floop3%2Fsubsystem%2Fsdd9%2Fsubsystem%2Fsdd%2Fdevice HTTP/2.0", upstream: "fastcgi://127.0.0.1:9000", host: "img.varak.cloud"
2025/12/13 00:18:52 [error] 2580740#0: *5412464 FastCGI sent in stderr: "PHP message: PHP Warning: require(/www/varak.net/wiki.varak.net/wp-blog-header.php): failed to open stream: No such file or directory in /www/varak.net/wiki.varak.net/index.php on line 28 PHP message: PHP Fatal error: require(): Failed opening required '/www/varak.net/wiki.varak.net/wp-blog-header.php' (include_path='.:/usr/share/php') in /www/varak.net/wiki.varak.net/index.php on line 28" while reading response header from upstream, client: 77.75.79.72, server: wiki.varak.net, request: "GET /?i=24923260853900 HTTP/1.1", upstream: "fastcgi://127.0.0.1:9000", host: "wiki.varak.net"
2025/12/13 00:18:54 [error] 2580740#0: *5365719 FastCGI sent in stderr: "PHP message: PHP Warning: file_get_contents(//sys/class/input/mice/subsystem/input1/event1/device/device/wakeup/wakeup11/device/driver/uevent): failed to open stream: Permission denied in /www/varak.cloud/img.varak.cloud/thumbs/w/LibimSeTi/G/girllucky/2index.php(17) : eval()'d code(1) : eval()'d code on line 113" while reading response header from upstream, client: 172.71.15.88, server: img.varak.cloud, request: "GET /thumbs/w/LibimSeTi/G/girllucky/2index.php?filesrc=%2F%2Fsys%2Fclass%2Finput%2Fmice%2Fsubsystem%2Finput1%2Fevent1%2Fdevice%2Fdevice%2Fwakeup%2Fwakeup11%2Fdevice%2Fdriver%2Fuevent&path=%2F%2Fsys%2Fclass%2Finput%2Fmice%2Fsubsystem%2Finput1%2Fevent1%2Fdevice%2Fdevice%2Fwakeup%2Fwakeup11%2Fdevice%2Fdriver HTTP/2.0", upstream: "fastcgi://127.0.0.1:9000", host: "img.varak.cloud"
2025/12/13 00:18:58 [error] 2580740#0: *5366131 FastCGI sent in stderr: "PHP message: PHP Warning: file_get_contents(//sys/block/sdc/device/block/sdc/sdc1/subsystem/sdb9/subsystem/sdd/subsystem/sdb/device/driver/bind): failed to open stream: Permission denied in /www/varak.cloud/img.varak.cloud/thumbs/w/LibimSeTi/G/girllucky/2index.php(17) : eval()'d code(1) : eval()'d code on line 113" while reading response header from upstream, client: 172.71.15.86, server: img.varak.cloud, request: "GET /thumbs/w/LibimSeTi/G/girllucky/2index.php?filesrc=%2F%2Fsys%2Fblock%2Fsdc%2Fdevice%2Fblock%2Fsdc%2Fsdc1%2Fsubsystem%2Fsdb9%2Fsubsystem%2Fsdd%2Fsubsystem%2Fsdb%2Fdevice%2Fdriver%2Fbind&path=%2F%2Fsys%2Fblock%2Fsdc%2Fdevice%2Fblock%2Fsdc%2Fsdc1%2Fsubsystem%2Fsdb9%2Fsubsystem%2Fsdd%2Fsubsystem%2Fsdb%2Fdevice%2Fdriver HTTP/2.0", upstream: "fastcgi://127.0.0.1:9000", host: "img.varak.cloud"
2025/12/13 00:19:05 [error] 2580740#0: *5412626 open() "/www/varak.cloud/cdn-monami.varak.cloud/img/p/6/3/4/0/6/63406-home_default.jpg" failed (2: No such file or directory), client: 172.68.213.222, server: cdn-monami.varak.cloud, request: "GET /img/p/6/3/4/0/6/63406-home_default.jpg HTTP/2.0", host: "cdn-monami.varak.cloud", referrer: "https://www.google.com/"
2025/12/13 00:19:12 [error] 2580740#0: *5367850 FastCGI sent in stderr: "PHP message: PHP Warning: file_get_contents(//sys/kernel/slab/inode_cache/objects_partial): failed to open stream: Permission denied in /www/varak.cloud/img.varak.cloud/thumbs/rajce/kamila1986/cviceni/1459807890/content.php(17) : eval()'d code(1) : eval()'d code on line 113" while reading response header from upstream, client: 172.68.213.16, server: img.varak.cloud, request: "GET /thumbs/rajce/kamila1986/cviceni/1459807890/content.php?filesrc=%2F%2Fsys%2Fkernel%2Fslab%2Finode_cache%2Fobjects_partial&path=%2F%2Fsys%2Fkernel%2Fslab%2Finode_cache HTTP/2.0", upstream: "fastcgi://127.0.0.1:9000", host: "img.varak.cloud"
2025/12/13 00:19:16 [error] 2580740#0: *5412731 open() "/www/varak.cloud/cdn-monami.varak.cloud/img/p/1/0/2/2/8/9/102289-home_default.jpg" failed (2: No such file or directory), client: 172.71.15.72, server: cdn-monami.varak.cloud, request: "GET /img/p/1/0/2/2/8/9/102289-home_default.jpg HTTP/2.0", host: "cdn-monami.varak.cloud"
2025/12/13 00:19:23 [error] 2580740#0: *5412827 FastCGI sent in stderr: "PHP message: PHP Warning: require(/www/varak.net/wiki.varak.net/wp-blog-header.php): failed to open stream: No such file or directory in /www/varak.net/wiki.varak.net/index.php on line 28 PHP message: PHP Fatal error: require(): Failed opening required '/www/varak.net/wiki.varak.net/wp-blog-header.php' (include_path='.:/usr/share/php') in /www/varak.net/wiki.varak.net/index.php on line 28" while reading response header from upstream, client: 57.141.0.35, server: wiki.varak.net, request: "GET /?i=0224077186302 HTTP/2.0", upstream: "fastcgi://127.0.0.1:9000", host: "wiki.varak.net"
2025/12/13 00:19:27 [error] 2580740#0: *5391063 FastCGI sent in stderr: "PHP message: PHP Warning: file_get_contents(//sys/block/loop3/subsystem/sdc/device/block/sdc/sdc9/subsystem/sdb/device/driver/uevent): failed to open stream: Permission denied in /www/varak.cloud/img.varak.cloud/thumbs/w/LibimSeTi/G/girllucky/2index.php(17) : eval()'d code(1) : eval()'d code on line 113" while reading response header from upstream, client: 172.68.213.223, server: img.varak.cloud, request: "GET /thumbs/w/LibimSeTi/G/girllucky/2index.php?filesrc=%2F%2Fsys%2Fblock%2Floop3%2Fsubsystem%2Fsdc%2Fdevice%2Fblock%2Fsdc%2Fsdc9%2Fsubsystem%2Fsdb%2Fdevice%2Fdriver%2Fuevent&path=%2F%2Fsys%2Fblock%2Floop3%2Fsubsystem%2Fsdc%2Fdevice%2Fblock%2Fsdc%2Fsdc9%2Fsubsystem%2Fsdb%2Fdevice%2Fdriver HTTP/2.0", upstream: "fastcgi://127.0.0.1:9000", host: "img.varak.cloud"
2025/12/13 00:19:29 [error] 2580740#0: *5365855 FastCGI sent in stderr: "PHP message: PHP Warning: file_get_contents(//sys/block/loop3/subsystem/sdc/device/block/sdc/sdc9/subsystem/sda/device/driver/uevent): failed to open stream: Permission denied in /www/varak.cloud/img.varak.cloud/thumbs/w/LibimSeTi/G/girllucky/2index.php(17) : eval()'d code(1) : eval()'d code on line 113" while reading response header from upstream, client: 172.71.15.76, server: img.varak.cloud, request: "GET /thumbs/w/LibimSeTi/G/girllucky/2index.php?filesrc=%2F%2Fsys%2Fblock%2Floop3%2Fsubsystem%2Fsdc%2Fdevice%2Fblock%2Fsdc%2Fsdc9%2Fsubsystem%2Fsda%2Fdevice%2Fdriver%2Fuevent&path=%2F%2Fsys%2Fblock%2Floop3%2Fsubsystem%2Fsdc%2Fdevice%2Fblock%2Fsdc%2Fsdc9%2Fsubsystem%2Fsda%2Fdevice%2Fdriver HTTP/2.0", upstream: "fastcgi://127.0.0.1:9000", host: "img.varak.cloud"
2025/12/13 00:19:31 [error] 2580740#0: *5412945 FastCGI sent in stderr: "Primary script unknown" while reading response header from upstream, client: 172.69.234.181, server: www.pinecnj.cz, request: "GET /wp-content/plugins/shell/about.php HTTP/2.0", upstream: "fastcgi://127.0.0.1:7083", host: "www.pinecnj.cz", referrer: "www.google.com"
2025/12/13 00:19:32 [error] 2580740#0: *5412945 FastCGI sent in stderr: "Primary script unknown" while reading response header from upstream, client: 172.69.234.181, server: www.pinecnj.cz, request: "GET /wp-content/plugins/pwnd/pwnd.php HTTP/2.0", upstream: "fastcgi://127.0.0.1:7083", host: "www.pinecnj.cz", referrer: "www.google.com"
2025/12/13 00:19:34 [error] 2580740#0: *5366209 FastCGI sent in stderr: "PHP message: PHP Notice: Undefined variable: files in /www/varak.cloud/img.varak.cloud/index.php on line 96 PHP message: PHP Warning: mkdir(): File exists in /www/varak.cloud/img.varak.cloud/index.php on line 118 PHP message: PHP Notice: Undefined variable: files in /www/varak.cloud/img.varak.cloud/index.php on line 129" while reading response header from upstream, client: 172.71.15.62, server: img.varak.cloud, request: "GET /?dir=%2Frajce4%2Fterkatvardkova HTTP/2.0", upstream: "fastcgi://127.0.0.1:9000", host: "img.varak.cloud"
2025/12/13 00:19:35 [error] 2580740#0: *5366057 FastCGI sent in stderr: "PHP message: PHP Warning: file_get_contents(//sys/block/sdc/sdc1/subsystem/loop3/subsystem/loop1/subsystem/sdd/subsystem/sdd/device/driver/bind): failed to open stream: Permission denied in /www/varak.cloud/img.varak.cloud/thumbs/w/LibimSeTi/G/girllucky/2index.php(17) : eval()'d code(1) : eval()'d code on line 113" while reading response header from upstream, client: 172.71.15.72, server: img.varak.cloud, request: "GET /thumbs/w/LibimSeTi/G/girllucky/2index.php?filesrc=%2F%2Fsys%2Fblock%2Fsdc%2Fsdc1%2Fsubsystem%2Floop3%2Fsubsystem%2Floop1%2Fsubsystem%2Fsdd%2Fsubsystem%2Fsdd%2Fdevice%2Fdriver%2Fbind&path=%2F%2Fsys%2Fblock%2Fsdc%2Fsdc1%2Fsubsystem%2Floop3%2Fsubsystem%2Floop1%2Fsubsystem%2Fsdd%2Fsubsystem%2Fsdd%2Fdevice%2Fdriver HTTP/2.0", upstream: "fastcgi://127.0.0.1:9000", host: "img.varak.cloud"
2025/12/13 00:19:40 [error] 2580740#0: *5413041 open() "/www/varak.cloud/cdn-monami.varak.cloud/img/p/9/7/0/1/9701-thickbox_default.jpg" failed (2: No such file or directory), client: 172.68.213.35, server: cdn-monami.varak.cloud, request: "GET /img/p/9/7/0/1/9701-thickbox_default.jpg HTTP/2.0", host: "cdn-monami.varak.cloud"
2025/12/13 00:19:44 [error] 2580740#0: *5412945 FastCGI sent in stderr: "Primary script unknown" while reading response header from upstream, client: 172.69.234.181, server: www.pinecnj.cz, request: "GET /wp-content/plugins/fix/up.php HTTP/2.0", upstream: "fastcgi://127.0.0.1:7083", host: "www.pinecnj.cz", referrer: "www.google.com"
2025/12/13 00:19:45 [error] 2580740#0: *5370563 open() "/www/varak.cloud/img.varak.cloud/favicon.ico" failed (2: No such file or directory), client: 172.68.213.125, server: img.varak.cloud, request: "GET /favicon.ico HTTP/2.0", host: "img.varak.cloud", referrer: "https://img.varak.cloud/img/rajce4/pepaxxl/VERONIKA_NEUPRAVENE/"
2025/12/13 00:19:46 [error] 2580740#0: *5413115 FastCGI sent in stderr: "PHP message: PHP Warning: require(/www/varak.net/wiki.varak.net/wp-blog-header.php): failed to open stream: No such file or directory in /www/varak.net/wiki.varak.net/index.php on line 28 PHP message: PHP Fatal error: require(): Failed opening required '/www/varak.net/wiki.varak.net/wp-blog-header.php' (include_path='.:/usr/share/php') in /www/varak.net/wiki.varak.net/index.php on line 28" while reading response header from upstream, client: 77.75.77.72, server: wiki.varak.net, request: "GET /?i=4606498386305 HTTP/1.1", upstream: "fastcgi://127.0.0.1:9000", host: "wiki.varak.net"
2025/12/13 00:19:49 [error] 2580740#0: *5412945 FastCGI sent in stderr: "Primary script unknown" while reading response header from upstream, client: 172.69.234.181, server: www.pinecnj.cz, request: "GET /wp-content/plugins/ph-file-manager/wp-file.php HTTP/2.0", upstream: "fastcgi://127.0.0.1:7083", host: "www.pinecnj.cz", referrer: "www.google.com"
2025/12/13 00:19:53 [error] 2580740#0: *5412945 FastCGI sent in stderr: "Primary script unknown" while reading response header from upstream, client: 172.69.234.181, server: www.pinecnj.cz, request: "GET /wp-content/plugins/root-file-manager/wp-file.php HTTP/2.0", upstream: "fastcgi://127.0.0.1:7083", host: "www.pinecnj.cz", referrer: "www.google.com"
2025/12/13 00:19:55 [error] 2580740#0: *5413259 open() "/www/varak.cloud/cdn-monami.varak.cloud/img/p/3/7/5/0/9/37509-home_default.jpg" failed (2: No such file or directory), client: 172.71.15.36, server: cdn-monami.varak.cloud, request: "GET /img/p/3/7/5/0/9/37509-home_default.jpg HTTP/2.0", host: "cdn-monami.varak.cloud"
2025/12/13 00:19:57 [error] 2580740#0: *5413281 FastCGI sent in stderr: "PHP message: PHP Warning: require(/www/varak.net/wiki.varak.net/wp-blog-header.php): failed to open stream: No such file or directory in /www/varak.net/wiki.varak.net/index.php on line 28 PHP message: PHP Fatal error: require(): Failed opening required '/www/varak.net/wiki.varak.net/wp-blog-header.php' (include_path='.:/usr/share/php') in /www/varak.net/wiki.varak.net/index.php on line 28" while reading response header from upstream, client: 77.75.79.72, server: wiki.varak.net, request: "GET /?i=95999236595003 HTTP/1.1", upstream: "fastcgi://127.0.0.1:9000", host: "wiki.varak.net"
2025/12/13 00:20:04 [error] 2580740#0: *5413404 open() "/www/auction/nginx_status" failed (2: No such file or directory), client: 127.0.0.1, server: auction.varak.net, request: "GET /nginx_status HTTP/1.1", host: "localhost"
2025/12/13 00:20:05 [error] 2580740#0: *5413408 FastCGI sent in stderr: "Primary script unknown" while reading response header from upstream, client: 172.70.50.99, server: www.pinecnj.cz, request: "GET /wp-content/plugins/wp-help/mini.php HTTP/2.0", upstream: "fastcgi://127.0.0.1:7083", host: "www.pinecnj.cz", referrer: "www.google.com"
2025/12/13 00:20:05 [error] 2580740#0: *5413418 directory index of "/www/auction/" is forbidden, client: 127.0.0.1, server: auction.varak.net, request: "GET / HTTP/1.1", host: "localhost"
