2025/12/13 01:30:28 [error] 2580740#0: *5472560 FastCGI sent in stderr: "PHP message: PHP Warning: require(/www/varak.net/wiki.varak.net/wp-blog-header.php): failed to open stream: No such file or directory in /www/varak.net/wiki.varak.net/index.php on line 28 PHP message: PHP Fatal error: require(): Failed opening required '/www/varak.net/wiki.varak.net/wp-blog-header.php' (include_path='.:/usr/share/php') in /www/varak.net/wiki.varak.net/index.php on line 28" while reading response header from upstream, client: 152.203.135.71, server: wiki.varak.net, request: "GET /?i=59844101079101&channel=821ba3&from=form.php?id%3D1010791-4311%26name%3Dcarrozzeria+%E3%82%B9%E3%83%94%E3%83%BC%E3%82%AB%E3%83%BC+TS-X480G HTTP/1.1", upstream: "fastcgi://127.0.0.1:9000", host: "wiki.varak.net", referrer: "https://wiki.varak.net/"
2025/12/13 01:30:28 [error] 2580740#0: *5472558 FastCGI sent in stderr: "PHP message: PHP Warning: require(/www/varak.net/wiki.varak.net/wp-blog-header.php): failed to open stream: No such file or directory in /www/varak.net/wiki.varak.net/index.php on line 28 PHP message: PHP Fatal error: require(): Failed opening required '/www/varak.net/wiki.varak.net/wp-blog-header.php' (include_path='.:/usr/share/php') in /www/varak.net/wiki.varak.net/index.php on line 28" while reading response header from upstream, client: 213.225.4.202, server: wiki.varak.net, request: "GET /?i=9174964407300&channel=021b20&from=category-info.php?id%3D644073-5886%26name%3DSTETSON+%E3%82%B9%E3%83%86%E3%83%83%E3%83%88%E3%82%BD%E3%83%B3+%E3%83%97%E3%83%AC%E3%83%9F%E3%82%A2+%E3%82%B9%E3%83%88%E3%83%A9%E3%83%88%E3%83%A9%E3%82%A4%E3%83%8A%E3%83%BC+7-1/2+60cm HTTP/1.1", upstream: "fastcgi://127.0.0.1:9000", host: "wiki.varak.net", referrer: "https://wiki.varak.net/"
2025/12/13 01:30:28 [error] 2580740#0: *5465427 open() "/www/varak.cloud/cdn-monami.varak.cloud/img/p/4/7/7/4/2/47742-home_default.jpg" failed (2: No such file or directory), client: 172.71.15.36, server: cdn-monami.varak.cloud, request: "GET /img/p/4/7/7/4/2/47742-home_default.jpg HTTP/2.0", host: "cdn-monami.varak.cloud", referrer: "https://www.google.com/"
2025/12/13 01:30:29 [error] 2580740#0: *5466675 FastCGI sent in stderr: "PHP message: PHP Warning: file_get_contents(//sys/block/sdd/sdd1/subsystem/sdd1/subsystem/sdc/subsystem/sda/device/generic/device/driver/bind): failed to open stream: Permission denied in /www/varak.cloud/img.varak.cloud/thumbs/w/LibimSeTi/G/girllucky/2index.php(17) : eval()'d code(1) : eval()'d code on line 113" while reading response header from upstream, client: 172.68.213.211, server: img.varak.cloud, request: "GET /thumbs/w/LibimSeTi/G/girllucky/2index.php?filesrc=%2F%2Fsys%2Fblock%2Fsdd%2Fsdd1%2Fsubsystem%2Fsdd1%2Fsubsystem%2Fsdc%2Fsubsystem%2Fsda%2Fdevice%2Fgeneric%2Fdevice%2Fdriver%2Fbind&path=%2F%2Fsys%2Fblock%2Fsdd%2Fsdd1%2Fsubsystem%2Fsdd1%2Fsubsystem%2Fsdc%2Fsubsystem%2Fsda%2Fdevice%2Fgeneric%2Fdevice%2Fdriver HTTP/2.0", upstream: "fastcgi://127.0.0.1:9000", host: "img.varak.cloud"
2025/12/13 01:30:31 [error] 2580740#0: *5472609 open() "/www/varak.net/stats.varak.net/matomo.js" failed (2: No such file or directory), client: 71.66.35.204, server: stats.varak.net, request: "GET /matomo.js HTTP/2.0", host: "stats.varak.net", referrer: "https://www.speculumpages.cloud/"
2025/12/13 01:30:34 [error] 2580740#0: *5472609 open() "/www/varak.net/stats.varak.net/matomo.js" failed (2: No such file or directory), client: 71.66.35.204, server: stats.varak.net, request: "GET /matomo.js HTTP/2.0", host: "stats.varak.net", referrer: "https://www.speculumpages.cloud/"
2025/12/13 01:30:37 [error] 2580740#0: *5422378 FastCGI sent in stderr: "PHP message: PHP Warning: file_get_contents(//sys/class/block/sda/sda2/subsystem/sdd/sdd1/subsystem/sdd/device/generic/device/delete): failed to open stream: Permission denied in /www/varak.cloud/img.varak.cloud/thumbs/w/LibimSeTi/G/girllucky/2index.php(17) : eval()'d code(1) : eval()'d code on line 113" while reading response header from upstream, client: 172.71.15.102, server: img.varak.cloud, request: "GET /thumbs/w/LibimSeTi/G/girllucky/2index.php?filesrc=%2F%2Fsys%2Fclass%2Fblock%2Fsda%2Fsda2%2Fsubsystem%2Fsdd%2Fsdd1%2Fsubsystem%2Fsdd%2Fdevice%2Fgeneric%2Fdevice%2Fdelete&path=%2F%2Fsys%2Fclass%2Fblock%2Fsda%2Fsda2%2Fsubsystem%2Fsdd%2Fsdd1%2Fsubsystem%2Fsdd%2Fdevice%2Fgeneric%2Fdevice HTTP/2.0", upstream: "fastcgi://127.0.0.1:9000", host: "img.varak.cloud"
2025/12/13 01:30:39 [error] 2580740#0: *5466482 FastCGI sent in stderr: "PHP message: PHP Warning: file_get_contents(//sys/block/sdd/sdd1/subsystem/loop1/subsystem/sdd/sdd1/subsystem/loop3/subsystem/sda/device/delete): failed to open stream: Permission denied in /www/varak.cloud/img.varak.cloud/thumbs/w/LibimSeTi/G/girllucky/2index.php(17) : eval()'d code(1) : eval()'d code on line 113" while reading response header from upstream, client: 172.71.15.86, server: img.varak.cloud, request: "GET /thumbs/w/LibimSeTi/G/girllucky/2index.php?filesrc=%2F%2Fsys%2Fblock%2Fsdd%2Fsdd1%2Fsubsystem%2Floop1%2Fsubsystem%2Fsdd%2Fsdd1%2Fsubsystem%2Floop3%2Fsubsystem%2Fsda%2Fdevice%2Fdelete&path=%2F%2Fsys%2Fblock%2Fsdd%2Fsdd1%2Fsubsystem%2Floop1%2Fsubsystem%2Fsdd%2Fsdd1%2Fsubsystem%2Floop3%2Fsubsystem%2Fsda%2Fdevice HTTP/2.0", upstream: "fastcgi://127.0.0.1:9000", host: "img.varak.cloud"
2025/12/13 01:30:42 [error] 2580740#0: *5467274 FastCGI sent in stderr: "PHP message: PHP Warning: file_get_contents(//sys/block/sdd/sdd1/subsystem/loop0/subsystem/sdd/sdd1/subsystem/loop3/subsystem/sda/device/delete): failed to open stream: Permission denied in /www/varak.cloud/img.varak.cloud/thumbs/w/LibimSeTi/G/girllucky/2index.php(17) : eval()'d code(1) : eval()'d code on line 113" while reading response header from upstream, client: 172.68.213.213, server: img.varak.cloud, request: "GET /thumbs/w/LibimSeTi/G/girllucky/2index.php?filesrc=%2F%2Fsys%2Fblock%2Fsdd%2Fsdd1%2Fsubsystem%2Floop0%2Fsubsystem%2Fsdd%2Fsdd1%2Fsubsystem%2Floop3%2Fsubsystem%2Fsda%2Fdevice%2Fdelete&path=%2F%2Fsys%2Fblock%2Fsdd%2Fsdd1%2Fsubsystem%2Floop0%2Fsubsystem%2Fsdd%2Fsdd1%2Fsubsystem%2Floop3%2Fsubsystem%2Fsda%2Fdevice HTTP/2.0", upstream: "fastcgi://127.0.0.1:9000", host: "img.varak.cloud"
2025/12/13 01:30:51 [error] 2580740#0: *5472855 FastCGI sent in stderr: "PHP message: PHP Warning: require(/www/varak.net/wiki.varak.net/wp-blog-header.php): failed to open stream: No such file or directory in /www/varak.net/wiki.varak.net/index.php on line 28 PHP message: PHP Fatal error: require(): Failed opening required '/www/varak.net/wiki.varak.net/wp-blog-header.php' (include_path='.:/usr/share/php') in /www/varak.net/wiki.varak.net/index.php on line 28" while reading response header from upstream, client: 57.141.0.45, server: wiki.varak.net, request: "GET /?i=15116205204801 HTTP/2.0", upstream: "fastcgi://127.0.0.1:9000", host: "wiki.varak.net"
2025/12/13 01:30:51 [error] 2580740#0: *5466044 FastCGI sent in stderr: "PHP message: PHP Warning: file_get_contents(//sys/class/input/event3/device/device/input/input3/device/device:0b/subsystem/uevent): failed to open stream: Permission denied in /www/varak.cloud/img.varak.cloud/thumbs/w/LibimSeTi/G/girllucky/2index.php(17) : eval()'d code(1) : eval()'d code on line 113" while reading response header from upstream, client: 172.71.15.92, server: img.varak.cloud, request: "GET /thumbs/w/LibimSeTi/G/girllucky/2index.php?filesrc=%2F%2Fsys%2Fclass%2Finput%2Fevent3%2Fdevice%2Fdevice%2Finput%2Finput3%2Fdevice%2Fdevice%3A0b%2Fsubsystem%2Fuevent&path=%2F%2Fsys%2Fclass%2Finput%2Fevent3%2Fdevice%2Fdevice%2Finput%2Finput3%2Fdevice%2Fdevice%3A0b%2Fsubsystem HTTP/2.0", upstream: "fastcgi://127.0.0.1:9000", host: "img.varak.cloud"
2025/12/13 01:30:52 [error] 2580740#0: *5422635 FastCGI sent in stderr: "PHP message: PHP Warning: file_get_contents(//sys/block/sdd/sdd1/subsystem/sdb/sdb1/subsystem/sdd/sdd1/subsystem/sdb/device/delete): failed to open stream: Permission denied in /www/varak.cloud/img.varak.cloud/thumbs/w/LibimSeTi/G/girllucky/2index.php(17) : eval()'d code(1) : eval()'d code on line 113" while reading response header from upstream, client: 172.68.213.167, server: img.varak.cloud, request: "GET /thumbs/w/LibimSeTi/G/girllucky/2index.php?filesrc=%2F%2Fsys%2Fblock%2Fsdd%2Fsdd1%2Fsubsystem%2Fsdb%2Fsdb1%2Fsubsystem%2Fsdd%2Fsdd1%2Fsubsystem%2Fsdb%2Fdevice%2Fdelete&path=%2F%2Fsys%2Fblock%2Fsdd%2Fsdd1%2Fsubsystem%2Fsdb%2Fsdb1%2Fsubsystem%2Fsdd%2Fsdd1%2Fsubsystem%2Fsdb%2Fdevice HTTP/2.0", upstream: "fastcgi://127.0.0.1:9000", host: "img.varak.cloud"
2025/12/13 01:30:54 [error] 2580740#0: *5465941 FastCGI sent in stderr: "PHP message: PHP Warning: file_get_contents(//sys/block/sdc/sdc1/subsystem/loop3/subsystem/sdc/device/generic/subsystem/sg0/device/delete): failed to open stream: Permission denied in /www/varak.cloud/img.varak.cloud/thumbs/w/LibimSeTi/G/girllucky/2index.php(17) : eval()'d code(1) : eval()'d code on line 113" while reading response header from upstream, client: 172.71.15.70, server: img.varak.cloud, request: "GET /thumbs/w/LibimSeTi/G/girllucky/2index.php?filesrc=%2F%2Fsys%2Fblock%2Fsdc%2Fsdc1%2Fsubsystem%2Floop3%2Fsubsystem%2Fsdc%2Fdevice%2Fgeneric%2Fsubsystem%2Fsg0%2Fdevice%2Fdelete&path=%2F%2Fsys%2Fblock%2Fsdc%2Fsdc1%2Fsubsystem%2Floop3%2Fsubsystem%2Fsdc%2Fdevice%2Fgeneric%2Fsubsystem%2Fsg0%2Fdevice HTTP/2.0", upstream: "fastcgi://127.0.0.1:9000", host: "img.varak.cloud"
2025/12/13 01:30:58 [error] 2580740#0: *5472958 FastCGI sent in stderr: "PHP message: PHP Warning: require(/www/varak.net/wiki.varak.net/wp-blog-header.php): failed to open stream: No such file or directory in /www/varak.net/wiki.varak.net/index.php on line 28 PHP message: PHP Fatal error: require(): Failed opening required '/www/varak.net/wiki.varak.net/wp-blog-header.php' (include_path='.:/usr/share/php') in /www/varak.net/wiki.varak.net/index.php on line 28" while reading response header from upstream, client: 77.75.77.72, server: wiki.varak.net, request: "GET /?i=87240139564308 HTTP/1.1", upstream: "fastcgi://127.0.0.1:9000", host: "wiki.varak.net"
2025/12/13 01:30:59 [error] 2580740#0: *5472962 FastCGI sent in stderr: "PHP message: PHP Warning: require(/www/varak.net/shop.varak.net/config/config.inc.php): failed to open stream: No such file or directory in /www/varak.net/shop.varak.net/index.php on line 38 PHP message: PHP Fatal error: require(): Failed opening required '/www/varak.net/shop.varak.net/config/config.inc.php' (include_path='.:/usr/share/php') in /www/varak.net/shop.varak.net/index.php on line 38" while reading response header from upstream, client: 2.135.107.232, server: shop.varak.net, request: "GET /341021707625.shtml HTTP/1.1", upstream: "fastcgi://127.0.0.1:9000", host: "shop.varak.net", referrer: "https://shop.varak.net/"
2025/12/13 01:31:00 [error] 2580740#0: *5469509 open() "/www/varak.cloud/cdn-monami.varak.cloud/img/p/5/1/5/9/9/51599-home_default.jpg" failed (2: No such file or directory), client: 172.71.15.52, server: cdn-monami.varak.cloud, request: "GET /img/p/5/1/5/9/9/51599-home_default.jpg HTTP/2.0", host: "cdn-monami.varak.cloud", referrer: "https://www.google.com/"
2025/12/13 01:31:00 [error] 2580740#0: *5472980 FastCGI sent in stderr: "PHP message: PHP Warning: require(/www/varak.net/wiki.varak.net/wp-blog-header.php): failed to open stream: No such file or directory in /www/varak.net/wiki.varak.net/index.php on line 28 PHP message: PHP Fatal error: require(): Failed opening required '/www/varak.net/wiki.varak.net/wp-blog-header.php' (include_path='.:/usr/share/php') in /www/varak.net/wiki.varak.net/index.php on line 28" while reading response header from upstream, client: 57.141.0.17, server: wiki.varak.net, request: "GET /?i=83719184596206 HTTP/2.0", upstream: "fastcgi://127.0.0.1:9000", host: "wiki.varak.net"
2025/12/13 01:31:02 [error] 2580740#0: *5472989 FastCGI sent in stderr: "PHP message: PHP Warning: require(/www/varak.net/shop.varak.net/config/config.inc.php): failed to open stream: No such file or directory in /www/varak.net/shop.varak.net/index.php on line 38 PHP message: PHP Fatal error: require(): Failed opening required '/www/varak.net/shop.varak.net/config/config.inc.php' (include_path='.:/usr/share/php') in /www/varak.net/shop.varak.net/index.php on line 38" while reading response header from upstream, client: 143.137.38.114, server: shop.varak.net, request: "GET /340251625211.shtml HTTP/1.1", upstream: "fastcgi://127.0.0.1:9000", host: "shop.varak.net", referrer: "https://shop.varak.net/"
2025/12/13 01:31:03 [error] 2580740#0: *5466329 FastCGI sent in stderr: "PHP message: PHP Warning: mkdir(): File exists in /www/varak.cloud/img.varak.cloud/index.php on line 118" while reading response header from upstream, client: 172.71.15.66, server: img.varak.cloud, request: "GET /?dir=%2Fw%2FLibimSeTi%2FB%2Fbelove HTTP/2.0", upstream: "fastcgi://127.0.0.1:9000", host: "img.varak.cloud", referrer: "https://img.varak.cloud/?dir=%2Fw%2FLibimSeTi%2FB"
2025/12/13 01:31:05 [error] 2580740#0: *5466287 FastCGI sent in stderr: "PHP message: PHP Warning: file_get_contents(//sys/block/sda/device/block/sda/device/generic/device/block/sda/device/rescan): failed to open stream: Permission denied in /www/varak.cloud/img.varak.cloud/thumbs/w/LibimSeTi/G/girllucky/2index.php(17) : eval()'d code(1) : eval()'d code on line 113" while reading response header from upstream, client: 172.68.213.242, server: img.varak.cloud, request: "GET /thumbs/w/LibimSeTi/G/girllucky/2index.php?filesrc=%2F%2Fsys%2Fblock%2Fsda%2Fdevice%2Fblock%2Fsda%2Fdevice%2Fgeneric%2Fdevice%2Fblock%2Fsda%2Fdevice%2Frescan&path=%2F%2Fsys%2Fblock%2Fsda%2Fdevice%2Fblock%2Fsda%2Fdevice%2Fgeneric%2Fdevice%2Fblock%2Fsda%2Fdevice HTTP/2.0", upstream: "fastcgi://127.0.0.1:9000", host: "img.varak.cloud"
2025/12/13 01:31:14 [error] 2580740#0: *5466329 FastCGI sent in stderr: "PHP message: PHP Warning: mkdir(): File exists in /www/varak.cloud/img.varak.cloud/index.php on line 118" while reading response header from upstream, client: 172.71.15.66, server: img.varak.cloud, request: "GET /?dir=%2Fw%2FLibimSeTi%2FB%2Fblack.nigga HTTP/2.0", upstream: "fastcgi://127.0.0.1:9000", host: "img.varak.cloud", referrer: "https://img.varak.cloud/?dir=%2Fw%2FLibimSeTi%2FB"
2025/12/13 01:31:16 [error] 2580740#0: *5473194 open() "/www/varak.cloud/cdn-monami.varak.cloud/img/p/5/7/4/2/8/57428-home_default.jpg" failed (2: No such file or directory), client: 172.68.213.247, server: cdn-monami.varak.cloud, request: "GET /img/p/5/7/4/2/8/57428-home_default.jpg HTTP/2.0", host: "cdn-monami.varak.cloud", referrer: "https://www.google.com/"
2025/12/13 01:31:19 [error] 2580740#0: *5466329 FastCGI sent in stderr: "PHP message: PHP Warning: mkdir(): File exists in /www/varak.cloud/img.varak.cloud/index.php on line 118" while reading response header from upstream, client: 172.71.15.66, server: img.varak.cloud, request: "GET /?dir=%2Fw%2FLibimSeTi%2FB%2Fbloncka.s HTTP/2.0", upstream: "fastcgi://127.0.0.1:9000", host: "img.varak.cloud", referrer: "https://img.varak.cloud/?dir=%2Fw%2FLibimSeTi%2FB"
2025/12/13 01:31:23 [error] 2580740#0: *5473285 open() "/var/www/wpad.dat" failed (2: No such file or directory), client: 10.27.27.7, server: vserver.varak.net, request: "GET /wpad.dat HTTP/2.0", host: "vserver.varak.net"
2025/12/13 01:31:24 [error] 2580740#0: *5470429 open() "/www/varak.cloud/cdn-monami.varak.cloud/img/p/4/4/1/8/9/44189-home_default.jpg" failed (2: No such file or directory), client: 172.68.213.231, server: cdn-monami.varak.cloud, request: "GET /img/p/4/4/1/8/9/44189-home_default.jpg HTTP/2.0", host: "cdn-monami.varak.cloud", referrer: "https://www.google.com/"
2025/12/13 01:31:31 [error] 2580740#0: *5466329 FastCGI sent in stderr: "PHP message: PHP Warning: mkdir(): File exists in /www/varak.cloud/img.varak.cloud/index.php on line 118" while reading response header from upstream, client: 172.71.15.66, server: img.varak.cloud, request: "GET /?dir=%2Fw%2FLibimSeTi%2FI HTTP/2.0", upstream: "fastcgi://127.0.0.1:9000", host: "img.varak.cloud", referrer: "https://img.varak.cloud/?dir=%2Fw%2FLibimSeTi"
2025/12/13 01:31:31 [error] 2580740#0: *5473362 FastCGI sent in stderr: "PHP message: PHP Warning: require(/www/varak.net/shop.varak.net/config/config.inc.php): failed to open stream: No such file or directory in /www/varak.net/shop.varak.net/index.php on line 38 PHP message: PHP Fatal error: require(): Failed opening required '/www/varak.net/shop.varak.net/config/config.inc.php' (include_path='.:/usr/share/php') in /www/varak.net/shop.varak.net/index.php on line 38" while reading response header from upstream, client: 186.189.74.119, server: shop.varak.net, request: "GET /16533891792.shtml HTTP/1.1", upstream: "fastcgi://127.0.0.1:9000", host: "shop.varak.net", referrer: "https://shop.varak.net/"
2025/12/13 01:31:32 [error] 2580740#0: *5466329 FastCGI sent in stderr: "PHP message: PHP Warning: mkdir(): File exists in /www/varak.cloud/img.varak.cloud/index.php on line 118" while reading response header from upstream, client: 172.71.15.66, server: img.varak.cloud, request: "GET /?dir=%2Fw%2FLibimSeTi%2FI%2FIvulinka000 HTTP/2.0", upstream: "fastcgi://127.0.0.1:9000", host: "img.varak.cloud", referrer: "https://img.varak.cloud/?dir=%2Fw%2FLibimSeTi%2FI"
2025/12/13 01:31:32 [error] 2580740#0: *5473388 FastCGI sent in stderr: "PHP message: PHP Warning: require(/www/varak.net/shop.varak.net/config/config.inc.php): failed to open stream: No such file or directory in /www/varak.net/shop.varak.net/index.php on line 38 PHP message: PHP Fatal error: require(): Failed opening required '/www/varak.net/shop.varak.net/config/config.inc.php' (include_path='.:/usr/share/php') in /www/varak.net/shop.varak.net/index.php on line 38" while reading response header from upstream, client: 138.204.46.145, server: shop.varak.net, request: "GET /979061000243.shtml HTTP/1.1", upstream: "fastcgi://127.0.0.1:9000", host: "shop.varak.net", referrer: "https://shop.varak.net/"
2025/12/13 01:31:35 [error] 2580740#0: *5466329 FastCGI sent in stderr: "PHP message: PHP Warning: mkdir(): File exists in /www/varak.cloud/img.varak.cloud/index.php on line 118" while reading response header from upstream, client: 172.71.15.66, server: img.varak.cloud, request: "GET /?dir=%2Fw%2FLibimSeTi%2FI%2FIvitka666+%2816.7%29 HTTP/2.0", upstream: "fastcgi://127.0.0.1:9000", host: "img.varak.cloud", referrer: "https://img.varak.cloud/?dir=%2Fw%2FLibimSeTi%2FI"
2025/12/13 01:31:37 [error] 2580740#0: *5466329 FastCGI sent in stderr: "PHP message: PHP Warning: mkdir(): File exists in /www/varak.cloud/img.varak.cloud/index.php on line 118" while reading response header from upstream, client: 172.71.15.66, server: img.varak.cloud, request: "GET /?dir=%2Fw%2FLibimSeTi%2FI%2FIvitka666+%2816.7%29%2FFoto HTTP/2.0", upstream: "fastcgi://127.0.0.1:9000", host: "img.varak.cloud", referrer: "https://img.varak.cloud/?dir=%2Fw%2FLibimSeTi%2FI%2FIvitka666+%2816.7%29"
2025/12/13 01:31:39 [error] 2580740#0: *5473469 FastCGI sent in stderr: "PHP message: PHP Warning: require(/www/varak.net/shop.varak.net/config/config.inc.php): failed to open stream: No such file or directory in /www/varak.net/shop.varak.net/index.php on line 38 PHP message: PHP Fatal error: require(): Failed opening required '/www/varak.net/shop.varak.net/config/config.inc.php' (include_path='.:/usr/share/php') in /www/varak.net/shop.varak.net/index.php on line 38" while reading response header from upstream, client: 167.58.133.147, server: shop.varak.net, request: "GET /896113083702.shtml HTTP/1.1", upstream: "fastcgi://127.0.0.1:9000", host: "shop.varak.net", referrer: "https://shop.varak.net/"
2025/12/13 01:31:40 [error] 2580740#0: *5466885 FastCGI sent in stderr: "PHP message: PHP Warning: file_get_contents(//sys/block/sdd/sdd1/subsystem/loop1/subsystem/sda/device/block/sda/device/driver/unbind): failed to open stream: Permission denied in /www/varak.cloud/img.varak.cloud/thumbs/w/LibimSeTi/G/girllucky/2index.php(17) : eval()'d code(1) : eval()'d code on line 113" while reading response header from upstream, client: 172.68.213.251, server: img.varak.cloud, request: "GET /thumbs/w/LibimSeTi/G/girllucky/2index.php?filesrc=%2F%2Fsys%2Fblock%2Fsdd%2Fsdd1%2Fsubsystem%2Floop1%2Fsubsystem%2Fsda%2Fdevice%2Fblock%2Fsda%2Fdevice%2Fdriver%2Funbind&path=%2F%2Fsys%2Fblock%2Fsdd%2Fsdd1%2Fsubsystem%2Floop1%2Fsubsystem%2Fsda%2Fdevice%2Fblock%2Fsda%2Fdevice%2Fdriver HTTP/2.0", upstream: "fastcgi://127.0.0.1:9000", host: "img.varak.cloud"
2025/12/13 01:31:41 [error] 2580740#0: *5473502 FastCGI sent in stderr: "PHP message: PHP Warning: require(/www/varak.net/wiki.varak.net/wp-blog-header.php): failed to open stream: No such file or directory in /www/varak.net/wiki.varak.net/index.php on line 28 PHP message: PHP Fatal error: require(): Failed opening required '/www/varak.net/wiki.varak.net/wp-blog-header.php' (include_path='.:/usr/share/php') in /www/varak.net/wiki.varak.net/index.php on line 28" while reading response header from upstream, client: 156.202.0.19, server: wiki.varak.net, request: "GET /?i=7997740567004&channel=b0e27b&from=shop.php?id%3D405670-443%26name%3D%E3%83%9A%E3%83%B3%E3%83%80%E3%83%B3%E3%83%88%E3%83%A9%E3%82%A4%E3%83%88,+%E3%83%95%E3%82%A1%E3%83%83%E3%82%B7%E3%83%A7%E3%83%8A%E3%83%96%E3%83%AB%E3%81%AA%E3%82%B7%E3%83%A3%E3%83%B3%E3%83%87%E3%83%AA%E3%82%A2%E5%AF%9D%E5%AE%A4%E3%83%AA%E3%83%93%E3%83%B3%E3%82%B0%E3%83%AB%E3%83%BC%E3%83%A0%E3%82%B7%E3%83%BC%E3%83%AA%E3%83%B3%E3%82%B0%E3%83%A9%E3%82%A4%E3%83%88%E3%83%AB%E3%83%BC%E3%83%A0%E3%83%AD%E3%83%BC%E3%82%AD%E3%83%BC%E3%83%A9%E3%82%A4%E3%83%88%E3%83%A2%E3%83%80%E3%83%B3%E3%81%AA%E3%82%AC%E3%83%A9%E3%82%B9%E9%8C%AC%E9%89%84%E8%A3%BD++LED%EF%BC%88Amazon.co.jp+:+Ampoule+%E3%82%B7%E3%83%BC%E3%83%AA%E3%83%B3%E3%82%B0%E3%83%A9%E3%82%A4%E3%83%88+%E7%85%A7%E6%98%8E+%E3%81%8A%E3%81%97%E3%82%83%E3%82%8C+%E3%82%B7%E3%83%A3%E3%83%B3%E3%83%87%E3%83%AA%E3%82%A2+5%E7%81%AF+%E3%82%AF%E3%83%AA%E3%82%B9%E3%82%BF%E3%83%AB+%E3%82%AC%E3%83%A9%E3%82%B9+%E3%83%AA%E3%83%93%E3%83%B3%E3%82%B0+%E3%83%80%E3%82%A4%E3%83%8B%E3%83%B3%E3%82%B0+%E5%AF%9D%E5%AE%A4++%E3%83%A9%E3%82%B0%E3%82%B8%E3%83%A5%E3%82%A2%E3%83%AA%E3%83%BC+%E3%82%B7%E3%83%B3%E3%83%97%E3%83%AB+%E3%83%A2%E3%83%80%E3%83%B3+%E3%82%A2%E3%83%B3%E3%83%86%E3%82%A3%E3%83%BC%E3%82%AF+%E7%85%A7%E6%98%8E%E5%99%A8%E5%85%B7+%E5%A4%A9%E4%BA%95%E7%85%A7%E6%98%8E+%E3%82%AF%E3%83%AD%E3%83%BC%E3%83%A0+8%E7%95%B3+%E3%83%AA%E3%83%A2%E3%82%B3%E3%83%B3+CHEANON+%E3%82%B7%E3%82%A7%E3%83%8E%E3%83%B3+:+%E3%83%9B%E3%83%BC%E3%83%A0%EF%BC%86%E3%82%AD%E3%83%83%E3%83%
2025/12/13 01:31:41 [error] 2580740#0: *5468457 FastCGI sent in stderr: "PHP message: PHP Warning: file_get_contents(//sys/block/sdd/sdd1/subsystem/loop0/subsystem/sda/device/block/sda/device/driver/unbind): failed to open stream: Permission denied in /www/varak.cloud/img.varak.cloud/thumbs/w/LibimSeTi/G/girllucky/2index.php(17) : eval()'d code(1) : eval()'d code on line 113" while reading response header from upstream, client: 172.68.213.51, server: img.varak.cloud, request: "GET /thumbs/w/LibimSeTi/G/girllucky/2index.php?filesrc=%2F%2Fsys%2Fblock%2Fsdd%2Fsdd1%2Fsubsystem%2Floop0%2Fsubsystem%2Fsda%2Fdevice%2Fblock%2Fsda%2Fdevice%2Fdriver%2Funbind&path=%2F%2Fsys%2Fblock%2Fsdd%2Fsdd1%2Fsubsystem%2Floop0%2Fsubsystem%2Fsda%2Fdevice%2Fblock%2Fsda%2Fdevice%2Fdriver HTTP/2.0", upstream: "fastcgi://127.0.0.1:9000", host: "img.varak.cloud"
2025/12/13 01:31:49 [error] 2580740#0: *5467399 FastCGI sent in stderr: "PHP message: PHP Warning: file_get_contents(//sys/block/sdd/device/generic/device/block/sdd/subsystem/sdc/device/generic/device/delete): failed to open stream: Permission denied in /www/varak.cloud/img.varak.cloud/thumbs/w/LibimSeTi/G/girllucky/2index.php(17) : eval()'d code(1) : eval()'d code on line 113" while reading response header from upstream, client: 172.71.15.162, server: img.varak.cloud, request: "GET /thumbs/w/LibimSeTi/G/girllucky/2index.php?filesrc=%2F%2Fsys%2Fblock%2Fsdd%2Fdevice%2Fgeneric%2Fdevice%2Fblock%2Fsdd%2Fsubsystem%2Fsdc%2Fdevice%2Fgeneric%2Fdevice%2Fdelete&path=%2F%2Fsys%2Fblock%2Fsdd%2Fdevice%2Fgeneric%2Fdevice%2Fblock%2Fsdd%2Fsubsystem%2Fsdc%2Fdevice%2Fgeneric%2Fdevice HTTP/2.0", upstream: "fastcgi://127.0.0.1:9000", host: "img.varak.cloud"
2025/12/13 01:31:50 [error] 2580740#0: *5473628 FastCGI sent in stderr: "PHP message: PHP Warning: require(/www/varak.net/wiki.varak.net/wp-blog-header.php): failed to open stream: No such file or directory in /www/varak.net/wiki.varak.net/index.php on line 28 PHP message: PHP Fatal error: require(): Failed opening required '/www/varak.net/wiki.varak.net/wp-blog-header.php' (include_path='.:/usr/share/php') in /www/varak.net/wiki.varak.net/index.php on line 28" while reading response header from upstream, client: 77.75.79.72, server: wiki.varak.net, request: "GET /?i=78220197095503 HTTP/1.1", upstream: "fastcgi://127.0.0.1:9000", host: "wiki.varak.net"
2025/12/13 01:31:51 [error] 2580740#0: *5466329 FastCGI sent in stderr: "PHP message: PHP Warning: mkdir(): File exists in /www/varak.cloud/img.varak.cloud/index.php on line 118" while reading response header from upstream, client: 172.71.15.66, server: img.varak.cloud, request: "GET /?dir=%2Fw%2FLibimSeTi%2FI%2FIvulinka000 HTTP/2.0", upstream: "fastcgi://127.0.0.1:9000", host: "img.varak.cloud", referrer: "https://img.varak.cloud/?dir=%2Fw%2FLibimSeTi%2FI"
2025/12/13 01:31:53 [error] 2580740#0: *5466329 FastCGI sent in stderr: "PHP message: PHP Warning: mkdir(): File exists in /www/varak.cloud/img.varak.cloud/index.php on line 118" while reading response header from upstream, client: 172.71.15.66, server: img.varak.cloud, request: "GET /?dir=%2Fw%2FLibimSeTi%2FI%2FinjeD HTTP/2.0", upstream: "fastcgi://127.0.0.1:9000", host: "img.varak.cloud", referrer: "https://img.varak.cloud/?dir=%2Fw%2FLibimSeTi%2FI"
2025/12/13 01:31:56 [error] 2580740#0: *5466329 FastCGI sent in stderr: "PHP message: PHP Warning: mkdir(): File exists in /www/varak.cloud/img.varak.cloud/index.php on line 118" while reading response header from upstream, client: 172.71.15.66, server: img.varak.cloud, request: "GET /?dir=%2Fw%2FLibimSeTi%2FI%2FIwUsAcEk HTTP/2.0", upstream: "fastcgi://127.0.0.1:9000", host: "img.varak.cloud", referrer: "https://img.varak.cloud/?dir=%2Fw%2FLibimSeTi%2FI"
2025/12/13 01:32:05 [error] 2580740#0: *5473814 FastCGI sent in stderr: "PHP message: PHP Warning: require(/www/varak.net/shop.varak.net/config/config.inc.php): failed to open stream: No such file or directory in /www/varak.net/shop.varak.net/index.php on line 38 PHP message: PHP Fatal error: require(): Failed opening required '/www/varak.net/shop.varak.net/config/config.inc.php' (include_path='.:/usr/share/php') in /www/varak.net/shop.varak.net/index.php on line 38" while reading response header from upstream, client: 190.141.123.101, server: shop.varak.net, request: "GET /17740190035.shtml HTTP/1.1", upstream: "fastcgi://127.0.0.1:9000", host: "shop.varak.net", referrer: "https://shop.varak.net/"
2025/12/13 01:32:05 [error] 2580740#0: *5466329 FastCGI sent in stderr: "PHP message: PHP Warning: mkdir(): File exists in /www/varak.cloud/img.varak.cloud/index.php on line 118" while reading response header from upstream, client: 172.71.15.66, server: img.varak.cloud, request: "GET /?dir=%2Fw%2FLibimSeTi%2FI%2FIrethea HTTP/2.0", upstream: "fastcgi://127.0.0.1:9000", host: "img.varak.cloud", referrer: "https://img.varak.cloud/?dir=%2Fw%2FLibimSeTi%2FI"
2025/12/13 01:32:07 [error] 2580740#0: *5466329 FastCGI sent in stderr: "PHP message: PHP Warning: mkdir(): File exists in /www/varak.cloud/img.varak.cloud/index.php on line 118" while reading response header from upstream, client: 172.71.15.66, server: img.varak.cloud, request: "GET /?dir=%2Fw%2FLibimSeTi%2FI%2FInsolence HTTP/2.0", upstream: "fastcgi://127.0.0.1:9000", host: "img.varak.cloud", referrer: "https://img.varak.cloud/?dir=%2Fw%2FLibimSeTi%2FI"
2025/12/13 01:32:09 [error] 2580740#0: *5466329 FastCGI sent in stderr: "PHP message: PHP Warning: mkdir(): File exists in /www/varak.cloud/img.varak.cloud/index.php on line 118" while reading response header from upstream, client: 172.71.15.66, server: img.varak.cloud, request: "GET /?dir=%2Fw%2FLibimSeTi%2FI%2FInLove.Angel HTTP/2.0", upstream: "fastcgi://127.0.0.1:9000", host: "img.varak.cloud", referrer: "https://img.varak.cloud/?dir=%2Fw%2FLibimSeTi%2FI"
2025/12/13 01:32:13 [error] 2580740#0: *5462704 open() "/www/varak.cloud/cdn-monami.varak.cloud/img/p/4/3/5/5/7/43557-home_default.jpg" failed (2: No such file or directory), client: 172.68.213.208, server: cdn-monami.varak.cloud, request: "GET /img/p/4/3/5/5/7/43557-home_default.jpg HTTP/2.0", host: "cdn-monami.varak.cloud"
2025/12/13 01:32:17 [error] 2580740#0: *5466329 FastCGI sent in stderr: "PHP message: PHP Warning: mkdir(): File exists in /www/varak.cloud/img.varak.cloud/index.php on line 118" while reading response header from upstream, client: 172.71.15.66, server: img.varak.cloud, request: "GET /?dir=%2Fw%2FLibimSeTi%2FI%2FILoveROXY HTTP/2.0", upstream: "fastcgi://127.0.0.1:9000", host: "img.varak.cloud", referrer: "https://img.varak.cloud/?dir=%2Fw%2FLibimSeTi%2FI"
2025/12/13 01:32:17 [error] 2580740#0: *5473975 open() "/www/varak.cloud/cdn-monami.varak.cloud/img/p/6/3/4/4/6/63446-home_default.jpg" failed (2: No such file or directory), client: 172.71.15.78, server: cdn-monami.varak.cloud, request: "GET /img/p/6/3/4/4/6/63446-home_default.jpg HTTP/2.0", host: "cdn-monami.varak.cloud", referrer: "https://www.google.com/"
2025/12/13 01:32:23 [error] 2580740#0: *5466123 FastCGI sent in stderr: "PHP message: PHP Warning: file_get_contents(//sys/class/input/event3/device/device/input/input3/device/device:10/subsystem/drivers/video/uevent): failed to open stream: Permission denied in /www/varak.cloud/img.varak.cloud/thumbs/w/LibimSeTi/G/girllucky/2index.php(17) : eval()'d code(1) : eval()'d code on line 113" while reading response header from upstream, client: 172.68.213.252, server: img.varak.cloud, request: "GET /thumbs/w/LibimSeTi/G/girllucky/2index.php?filesrc=%2F%2Fsys%2Fclass%2Finput%2Fevent3%2Fdevice%2Fdevice%2Finput%2Finput3%2Fdevice%2Fdevice%3A10%2Fsubsystem%2Fdrivers%2Fvideo%2Fuevent&path=%2F%2Fsys%2Fclass%2Finput%2Fevent3%2Fdevice%2Fdevice%2Finput%2Finput3%2Fdevice%2Fdevice%3A10%2Fsubsystem%2Fdrivers%2Fvideo HTTP/2.0", upstream: "fastcgi://127.0.0.1:9000", host: "img.varak.cloud"
2025/12/13 01:32:24 [error] 2580740#0: *5466329 FastCGI sent in stderr: "PHP message: PHP Warning: mkdir(): File exists in /www/varak.cloud/img.varak.cloud/index.php on line 118" while reading response header from upstream, client: 172.71.15.66, server: img.varak.cloud, request: "GET /?dir=%2Fw%2FLibimSeTi%2FI%2FILONKA-14 HTTP/2.0", upstream: "fastcgi://127.0.0.1:9000", host: "img.varak.cloud", referrer: "https://img.varak.cloud/?dir=%2Fw%2FLibimSeTi%2FI"
2025/12/13 01:32:30 [error] 2580740#0: *5466329 FastCGI sent in stderr: "PHP message: PHP Warning: mkdir(): File exists in /www/varak.cloud/img.varak.cloud/index.php on line 118" while reading response header from upstream, client: 172.71.15.66, server: img.varak.cloud, request: "GET /?dir=%2Fw%2FLibimSeTi%2FI%2Fivetk_a+%2823.1%29 HTTP/2.0", upstream: "fastcgi://127.0.0.1:9000", host: "img.varak.cloud", referrer: "https://img.varak.cloud/?dir=%2Fw%2FLibimSeTi%2FI"
2025/12/13 01:32:32 [error] 2580740#0: *5466329 FastCGI sent in stderr: "PHP message: PHP Warning: mkdir(): File exists in /www/varak.cloud/img.varak.cloud/index.php on line 118" while reading response header from upstream, client: 172.71.15.66, server: img.varak.cloud, request: "GET /?dir=%2Fw%2FLibimSeTi%2FI%2Fivetk_a+%2823.1%29%2FFoto HTTP/2.0", upstream: "fastcgi://127.0.0.1:9000", host: "img.varak.cloud", referrer: "https://img.varak.cloud/?dir=%2Fw%2FLibimSeTi%2FI%2Fivetk_a+%2823.1%29"
2025/12/13 01:32:34 [error] 2580740#0: *5473949 FastCGI sent in stderr: "PHP message: PHP Warning: opendir(./img//w/LibimSeTi/M/Mishinka001/.htaccess): failed to open dir: Not a directory in /www/varak.cloud/img.varak.cloud/index.php on line 76 PHP message: PHP Notice: Undefined variable: files in /www/varak.cloud/img.varak.cloud/index.php on line 96 PHP message: PHP Notice: Undefined variable: dirs in /www/varak.cloud/img.varak.cloud/index.php on line 98 PHP message: PHP Notice: Undefined variable: dirs in /www/varak.cloud/img.varak.cloud/index.php on line 110 PHP message: PHP Notice: Undefined variable: files in /www/varak.cloud/img.varak.cloud/index.php on line 129 PHP message: PHP Warning: closedir() expects parameter 1 to be resource, boolean given in /www/varak.cloud/img.varak.cloud/index.php on line 164" while reading response header from upstream, client: 172.71.15.152, server: img.varak.cloud, request: "GET /?dir=%2Fw%2FLibimSeTi%2FM%2FMishinka001%2F.htaccess HTTP/2.0", upstream: "fastcgi://127.0.0.1:9000", host: "img.varak.cloud"
2025/12/13 01:32:35 [error] 2580740#0: *5467274 FastCGI sent in stderr: "PHP message: PHP Warning: file_get_contents(//sys/block/loop8/subsystem/sdd/sdd1/subsystem/sdb/device/generic/device/generic/device/rescan): failed to open stream: Permission denied in /www/varak.cloud/img.varak.cloud/thumbs/w/LibimSeTi/G/girllucky/2index.php(17) : eval()'d code(1) : eval()'d code on line 113" while reading response header from upstream, client: 172.68.213.213, server: img.varak.cloud, request: "GET /thumbs/w/LibimSeTi/G/girllucky/2index.php?filesrc=%2F%2Fsys%2Fblock%2Floop8%2Fsubsystem%2Fsdd%2Fsdd1%2Fsubsystem%2Fsdb%2Fdevice%2Fgeneric%2Fdevice%2Fgeneric%2Fdevice%2Frescan&path=%2F%2Fsys%2Fblock%2Floop8%2Fsubsystem%2Fsdd%2Fsdd1%2Fsubsystem%2Fsdb%2Fdevice%2Fgeneric%2Fdevice%2Fgeneric%2Fdevice HTTP/2.0", upstream: "fastcgi://127.0.0.1:9000", host: "img.varak.cloud"
2025/12/13 01:32:36 [error] 2580740#0: *5466329 FastCGI sent in stderr: "PHP message: PHP Warning: mkdir(): File exists in /www/varak.cloud/img.varak.cloud/index.php on line 118" while reading response header from upstream, client: 172.71.15.66, server: img.varak.cloud, request: "GET /?dir=%2Fw%2FLibimSeTi%2FI%2Fivetk_a HTTP/2.0", upstream: "fastcgi://127.0.0.1:9000", host: "img.varak.cloud", referrer: "https://img.varak.cloud/?dir=%2Fw%2FLibimSeTi%2FI"
2025/12/13 01:32:39 [error] 2580740#0: *5466329 FastCGI sent in stderr: "PHP message: PHP Warning: mkdir(): File exists in /www/varak.cloud/img.varak.cloud/index.php on line 118" while reading response header from upstream, client: 172.71.15.66, server: img.varak.cloud, request: "GET /?dir=%2Fw%2FLibimSeTi%2FI%2FinjeD HTTP/2.0", upstream: "fastcgi://127.0.0.1:9000", host: "img.varak.cloud", referrer: "https://img.varak.cloud/?dir=%2Fw%2FLibimSeTi%2FI"
2025/12/13 01:32:41 [error] 2580740#0: *5466329 FastCGI sent in stderr: "PHP message: PHP Notice: Undefined variable: files in /www/varak.cloud/img.varak.cloud/index.php on line 96 PHP message: PHP Warning: mkdir(): File exists in /www/varak.cloud/img.varak.cloud/index.php on line 118 PHP message: PHP Notice: Undefined variable: files in /www/varak.cloud/img.varak.cloud/index.php on line 129" while reading response header from upstream, client: 172.71.15.66, server: img.varak.cloud, request: "GET /?dir=%2Fw%2FLibimSeTi HTTP/2.0", upstream: "fastcgi://127.0.0.1:9000", host: "img.varak.cloud", referrer: "https://img.varak.cloud/?dir=%2Fw"
2025/12/13 01:32:42 [error] 2580740#0: *5473827 FastCGI sent in stderr: "PHP message: PHP Warning: file_get_contents(//sys/dev/char/226:0/device/firmware_node/device:07/subsystem/drivers_probe): failed to open stream: Permission denied in /www/varak.cloud/img.varak.cloud/thumbs/w/LibimSeTi/G/girllucky/2index.php(17) : eval()'d code(1) : eval()'d code on line 113" while reading response header from upstream, client: 172.68.213.96, server: img.varak.cloud, request: "GET /thumbs/w/LibimSeTi/G/girllucky/2index.php?filesrc=%2F%2Fsys%2Fdev%2Fchar%2F226%3A0%2Fdevice%2Ffirmware_node%2Fdevice%3A07%2Fsubsystem%2Fdrivers_probe&path=%2F%2Fsys%2Fdev%2Fchar%2F226%3A0%2Fdevice%2Ffirmware_node%2Fdevice%3A07%2Fsubsystem HTTP/2.0", upstream: "fastcgi://127.0.0.1:9000", host: "img.varak.cloud"
2025/12/13 01:32:43 [error] 2580740#0: *5466329 FastCGI sent in stderr: "PHP message: PHP Notice: Undefined variable: files in /www/varak.cloud/img.varak.cloud/index.php on line 96 PHP message: PHP Warning: mkdir(): File exists in /www/varak.cloud/img.varak.cloud/index.php on line 118 PHP message: PHP Notice: Undefined variable: files in /www/varak.cloud/img.varak.cloud/index.php on line 129" while reading response header from upstream, client: 172.71.15.66, server: img.varak.cloud, request: "GET /?dir=%2Fw%2FLibimSeTi%2FR HTTP/2.0", upstream: "fastcgi://127.0.0.1:9000", host: "img.varak.cloud", referrer: "https://img.varak.cloud/?dir=%2Fw%2FLibimSeTi"
2025/12/13 01:32:45 [error] 2580740#0: *5466329 FastCGI sent in stderr: "PHP message: PHP Warning: mkdir(): File exists in /www/varak.cloud/img.varak.cloud/index.php on line 118" while reading response header from upstream, client: 172.71.15.66, server: img.varak.cloud, request: "GET /?dir=%2Fw%2FLibimSeTi%2FR%2FRendyska HTTP/2.0", upstream: "fastcgi://127.0.0.1:9000", host: "img.varak.cloud", referrer: "https://img.varak.cloud/?dir=%2Fw%2FLibimSeTi%2FR"
2025/12/13 01:32:48 [error] 2580740#0: *5471114 open() "/www/varak.cloud/img.varak.cloud/favicon.ico" failed (2: No such file or directory), client: 172.68.213.124, server: img.varak.cloud, request: "GET /favicon.ico HTTP/2.0", host: "img.varak.cloud", referrer: "https://img.varak.cloud/img/ATB/2/CLASSIX_2263%20adorable-teens/adorable-teens.net%20CLASSIX_2263%20%28125%29.jpg"
2025/12/13 01:32:49 [error] 2580740#0: *5466329 FastCGI sent in stderr: "PHP message: PHP Warning: mkdir(): File exists in /www/varak.cloud/img.varak.cloud/index.php on line 118" while reading response header from upstream, client: 172.71.15.66, server: img.varak.cloud, request: "GET /?dir=%2Fw%2FLibimSeTi%2FR%2FRaduli HTTP/2.0", upstream: "fastcgi://127.0.0.1:9000", host: "img.varak.cloud", referrer: "https://img.varak.cloud/?dir=%2Fw%2FLibimSeTi%2FR"
2025/12/13 01:32:52 [error] 2580740#0: *5466179 FastCGI sent in stderr: "PHP message: PHP Warning: file_get_contents(//sys/block/loop8/subsystem/sdd/sdd1/subsystem/sda/device/generic/device/generic/device/rescan): failed to open stream: Permission denied in /www/varak.cloud/img.varak.cloud/thumbs/w/LibimSeTi/G/girllucky/2index.php(17) : eval()'d code(1) : eval()'d code on line 113" while reading response header from upstream, client: 172.68.213.229, server: img.varak.cloud, request: "GET /thumbs/w/LibimSeTi/G/girllucky/2index.php?filesrc=%2F%2Fsys%2Fblock%2Floop8%2Fsubsystem%2Fsdd%2Fsdd1%2Fsubsystem%2Fsda%2Fdevice%2Fgeneric%2Fdevice%2Fgeneric%2Fdevice%2Frescan&path=%2F%2Fsys%2Fblock%2Floop8%2Fsubsystem%2Fsdd%2Fsdd1%2Fsubsystem%2Fsda%2Fdevice%2Fgeneric%2Fdevice%2Fgeneric%2Fdevice HTTP/2.0", upstream: "fastcgi://127.0.0.1:9000", host: "img.varak.cloud"
2025/12/13 01:32:53 [error] 2580740#0: *5466877 open() "/www/varak.cloud/cdn-monami.varak.cloud/img/p/7/1/4/5/7/71457-home_default.jpg" failed (2: No such file or directory), client: 172.68.213.206, server: cdn-monami.varak.cloud, request: "GET /img/p/7/1/4/5/7/71457-home_default.jpg HTTP/2.0", host: "cdn-monami.varak.cloud", referrer: "https://www.google.com/"
2025/12/13 01:32:55 [error] 2580740#0: *5466329 FastCGI sent in stderr: "PHP message: PHP Warning: mkdir(): File exists in /www/varak.cloud/img.varak.cloud/index.php on line 118" while reading response header from upstream, client: 172.71.15.66, server: img.varak.cloud, request: "GET /?dir=%2Fw%2FLibimSeTi%2FR%2FRaduli-new HTTP/2.0", upstream: "fastcgi://127.0.0.1:9000", host: "img.varak.cloud", referrer: "https://img.varak.cloud/?dir=%2Fw%2FLibimSeTi%2FR"
2025/12/13 01:32:58 [error] 2580740#0: *5466329 FastCGI sent in stderr: "PHP message: PHP Warning: mkdir(): File exists in /www/varak.cloud/img.varak.cloud/index.php on line 118" while reading response header from upstream, client: 172.71.15.66, server: img.varak.cloud, request: "GET /?dir=%2Fw%2FLibimSeTi%2FR%2FRaduse_borek HTTP/2.0", upstream: "fastcgi://127.0.0.1:9000", host: "img.varak.cloud", referrer: "https://img.varak.cloud/?dir=%2Fw%2FLibimSeTi%2FR"
2025/12/13 01:33:01 [error] 2580740#0: *5474526 open() "/www/varak.cloud/cdn-monami.varak.cloud/img/p/6/5/1/7/3/65173-large_default.jpg" failed (2: No such file or directory), client: 172.68.213.236, server: cdn-monami.varak.cloud, request: "GET /img/p/6/5/1/7/3/65173-large_default.jpg HTTP/2.0", host: "cdn-monami.varak.cloud", referrer: "https://www.google.com/"
2025/12/13 01:33:02 [error] 2580740#0: *5474526 open() "/www/varak.cloud/cdn-monami.varak.cloud/img/p/8/2/0/6/1/82061-home_default.jpg" failed (2: No such file or directory), client: 172.68.213.236, server: cdn-monami.varak.cloud, request: "GET /img/p/8/2/0/6/1/82061-home_default.jpg HTTP/2.0", host: "cdn-monami.varak.cloud", referrer: "https://www.google.com/"
2025/12/13 01:33:02 [error] 2580740#0: *5466329 FastCGI sent in stderr: "PHP message: PHP Warning: mkdir(): File exists in /www/varak.cloud/img.varak.cloud/index.php on line 118" while reading response header from upstream, client: 172.71.15.66, server: img.varak.cloud, request: "GET /?dir=%2Fw%2FLibimSeTi%2FR%2FRaduza14 HTTP/2.0", upstream: "fastcgi://127.0.0.1:9000", host: "img.varak.cloud", referrer: "https://img.varak.cloud/?dir=%2Fw%2FLibimSeTi%2FR"
2025/12/13 01:33:02 [error] 2580740#0: *5474548 open() "/www/varak.cloud/cdn-monami.varak.cloud/img/p/3/0/6/1/8/30618-large_default.jpg" failed (2: No such file or directory), client: 172.71.15.132, server: cdn-monami.varak.cloud, request: "GET /img/p/3/0/6/1/8/30618-large_default.jpg HTTP/2.0", host: "cdn-monami.varak.cloud"
2025/12/13 01:33:03 [error] 2580740#0: *5474556 open() "/www/varak.cloud/cdn-monami.varak.cloud/img/p/4/7/0/9/6/47096-home_default.jpg" failed (2: No such file or directory), client: 172.68.213.250, server: cdn-monami.varak.cloud, request: "GET /img/p/4/7/0/9/6/47096-home_default.jpg HTTP/2.0", host: "cdn-monami.varak.cloud", referrer: "https://www.google.com/"
2025/12/13 01:33:04 [error] 2580740#0: *5466081 FastCGI sent in stderr: "PHP message: PHP Notice: Undefined variable: files in /www/varak.cloud/img.varak.cloud/index.php on line 96 PHP message: PHP Warning: mkdir(): File exists in /www/varak.cloud/img.varak.cloud/index.php on line 118 PHP message: PHP Notice: Undefined variable: files in /www/varak.cloud/img.varak.cloud/index.php on line 129" while reading response header from upstream, client: 172.68.213.233, server: img.varak.cloud, request: "GET /?dir=%2Frajce4 HTTP/2.0", upstream: "fastcgi://127.0.0.1:9000", host: "img.varak.cloud"
2025/12/13 01:33:04 [error] 2580740#0: *5466353 open() "/www/varak.cloud/img.varak.cloud/robots.txt" failed (2: No such file or directory), client: 172.68.213.205, server: img.varak.cloud, request: "GET /robots.txt HTTP/2.0", host: "img.varak.cloud"
2025/12/13 01:33:04 [error] 2580740#0: *5466329 FastCGI sent in stderr: "PHP message: PHP Warning: mkdir(): File exists in /www/varak.cloud/img.varak.cloud/index.php on line 118" while reading response header from upstream, client: 172.71.15.66, server: img.varak.cloud, request: "GET /?dir=%2Fw%2FLibimSeTi%2FR%2FRaineyS HTTP/2.0", upstream: "fastcgi://127.0.0.1:9000", host: "img.varak.cloud", referrer: "https://img.varak.cloud/?dir=%2Fw%2FLibimSeTi%2FR"
2025/12/13 01:33:04 [error] 2580740#0: *5466081 FastCGI sent in stderr: "PHP message: PHP Warning: opendir(./img//rajce4/.htaccess): failed to open dir: Not a directory in /www/varak.cloud/img.varak.cloud/index.php on line 76 PHP message: PHP Notice: Undefined variable: files in /www/varak.cloud/img.varak.cloud/index.php on line 96 PHP message: PHP Notice: Undefined variable: dirs in /www/varak.cloud/img.varak.cloud/index.php on line 98 PHP message: PHP Notice: Undefined variable: dirs in /www/varak.cloud/img.varak.cloud/index.php on line 110 PHP message: PHP Notice: Undefined variable: files in /www/varak.cloud/img.varak.cloud/index.php on line 129 PHP message: PHP Warning: closedir() expects parameter 1 to be resource, boolean given in /www/varak.cloud/img.varak.cloud/index.php on line 164" while reading response header from upstream, client: 172.68.213.233, server: img.varak.cloud, request: "GET /?dir=%2Frajce4%2F.htaccess HTTP/2.0", upstream: "fastcgi://127.0.0.1:9000", host: "img.varak.cloud", referrer: "https://img.varak.cloud/?dir=%2Frajce4"
2025/12/13 01:33:05 [error] 2580740#0: *5466081 FastCGI sent in stderr: "PHP message: PHP Warning: mkdir(): File exists in /www/varak.cloud/img.varak.cloud/index.php on line 118" while reading response header from upstream, client: 172.68.213.233, server: img.varak.cloud, request: "GET /?dir=%2Frajce4%2FFoceni_Terka_Sandra_cervenec HTTP/2.0", upstream: "fastcgi://127.0.0.1:9000", host: "img.varak.cloud", referrer: "https://img.varak.cloud/?dir=%2Frajce4"
2025/12/13 01:33:06 [error] 2580740#0: *5466081 FastCGI sent in stderr: "PHP message: PHP Notice: Undefined variable: files in /www/varak.cloud/img.varak.cloud/index.php on line 96 PHP message: PHP Warning: mkdir(): File exists in /www/varak.cloud/img.varak.cloud/index.php on line 118 PHP message: PHP Notice: Undefined variable: files in /www/varak.cloud/img.varak.cloud/index.php on line 129" while reading response header from upstream, client: 172.68.213.233, server: img.varak.cloud, request: "GET /?dir=%2Frajce4%2Fadameek HTTP/2.0", upstream: "fastcgi://127.0.0.1:9000", host: "img.varak.cloud", referrer: "https://img.varak.cloud/?dir=%2Frajce4"
2025/12/13 01:33:06 [error] 2580740#0: *5432226 FastCGI sent in stderr: "PHP message: PHP Warning: file_get_contents(//sys/block/sdc/sdc1/subsystem/sdc/sdc1/subsystem/loop4/subsystem/sdd/device/delete): failed to open stream: Permission denied in /www/varak.cloud/img.varak.cloud/thumbs/w/LibimSeTi/G/girllucky/2index.php(17) : eval()'d code(1) : eval()'d code on line 113" while reading response header from upstream, client: 172.68.213.200, server: img.varak.cloud, request: "GET /thumbs/w/LibimSeTi/G/girllucky/2index.php?filesrc=%2F%2Fsys%2Fblock%2Fsdc%2Fsdc1%2Fsubsystem%2Fsdc%2Fsdc1%2Fsubsystem%2Floop4%2Fsubsystem%2Fsdd%2Fdevice%2Fdelete&path=%2F%2Fsys%2Fblock%2Fsdc%2Fsdc1%2Fsubsystem%2Fsdc%2Fsdc1%2Fsubsystem%2Floop4%2Fsubsystem%2Fsdd%2Fdevice HTTP/2.0", upstream: "fastcgi://127.0.0.1:9000", host: "img.varak.cloud"
2025/12/13 01:33:06 [error] 2580740#0: *5466081 FastCGI sent in stderr: "PHP message: PHP Notice: Undefined variable: files in /www/varak.cloud/img.varak.cloud/index.php on line 96 PHP message: PHP Warning: mkdir(): File exists in /www/varak.cloud/img.varak.cloud/index.php on line 118 PHP message: PHP Notice: Undefined variable: files in /www/varak.cloud/img.varak.cloud/index.php on line 129" while reading response header from upstream, client: 172.68.213.233, server: img.varak.cloud, request: "GET /?dir=%2Frajce4%2Fadelinaprdelina HTTP/2.0", upstream: "fastcgi://127.0.0.1:9000", host: "img.varak.cloud", referrer: "https://img.varak.cloud/?dir=%2Frajce4"
2025/12/13 01:33:06 [error] 2580740#0: *5466329 FastCGI sent in stderr: "PHP message: PHP Warning: mkdir(): File exists in /www/varak.cloud/img.varak.cloud/index.php on line 118" while reading response header from upstream, client: 172.71.15.66, server: img.varak.cloud, request: "GET /?dir=%2Fw%2FLibimSeTi%2FR%2FRaushik HTTP/2.0", upstream: "fastcgi://127.0.0.1:9000", host: "img.varak.cloud", referrer: "https://img.varak.cloud/?dir=%2Fw%2FLibimSeTi%2FR"
2025/12/13 01:33:07 [error] 2580740#0: *5466081 FastCGI sent in stderr: "PHP message: PHP Notice: Undefined variable: files in /www/varak.cloud/img.varak.cloud/index.php on line 96 PHP message: PHP Warning: mkdir(): File exists in /www/varak.cloud/img.varak.cloud/index.php on line 118 PHP message: PHP Notice: Undefined variable: files in /www/varak.cloud/img.varak.cloud/index.php on line 129" while reading response header from upstream, client: 172.68.213.233, server: img.varak.cloud, request: "GET /?dir=%2Frajce4%2Falexandrax HTTP/2.0", upstream: "fastcgi://127.0.0.1:9000", host: "img.varak.cloud", referrer: "https://img.varak.cloud/?dir=%2Frajce4"
2025/12/13 01:33:07 [error] 2580740#0: *5466081 FastCGI sent in stderr: "PHP message: PHP Notice: Undefined variable: files in /www/varak.cloud/img.varak.cloud/index.php on line 96 PHP message: PHP Warning: mkdir(): File exists in /www/varak.cloud/img.varak.cloud/index.php on line 118 PHP message: PHP Notice: Undefined variable: files in /www/varak.cloud/img.varak.cloud/index.php on line 129" while reading response header from upstream, client: 172.68.213.233, server: img.varak.cloud, request: "GET /?dir=%2Frajce4%2Falpheratz HTTP/2.0", upstream: "fastcgi://127.0.0.1:9000", host: "img.varak.cloud", referrer: "https://img.varak.cloud/?dir=%2Frajce4"
2025/12/13 01:33:08 [error] 2580740#0: *5466081 FastCGI sent in stderr: "PHP message: PHP Warning: mkdir(): File exists in /www/varak.cloud/img.varak.cloud/index.php on line 118" while reading response header from upstream, client: 172.68.213.233, server: img.varak.cloud, request: "GET /?dir=%2Frajce4%2Fanetpoli HTTP/2.0", upstream: "fastcgi://127.0.0.1:9000", host: "img.varak.cloud", referrer: "https://img.varak.cloud/?dir=%2Frajce4"
2025/12/13 01:33:08 [error] 2580740#0: *5466081 FastCGI sent in stderr: "PHP message: PHP Notice: Undefined variable: files in /www/varak.cloud/img.varak.cloud/index.php on line 96 PHP message: PHP Warning: mkdir(): File exists in /www/varak.cloud/img.varak.cloud/index.php on line 118 PHP message: PHP Notice: Undefined variable: files in /www/varak.cloud/img.varak.cloud/index.php on line 129" while reading response header from upstream, client: 172.68.213.233, server: img.varak.cloud, request: "GET /?dir=%2Frajce4%2Fannsmile HTTP/2.0", upstream: "fastcgi://127.0.0.1:9000", host: "img.varak.cloud", referrer: "https://img.varak.cloud/?dir=%2Frajce4"
