%PDF- %PDF-
| Direktori : /proc/self/root/var/log/nginx/ |
| Current File : //proc/self/root/var/log/nginx/error.log |
2025/12/13 00:00:19 [error] 2580740#0: *5398438 FastCGI sent in stderr: "PHP message: PHP Warning: require(/www/varak.net/shop.varak.net/config/config.inc.php): failed to open stream: No such file or directory in /www/varak.net/shop.varak.net/index.php on line 38 PHP message: PHP Fatal error: require(): Failed opening required '/www/varak.net/shop.varak.net/config/config.inc.php' (include_path='.:/usr/share/php') in /www/varak.net/shop.varak.net/index.php on line 38" while reading response header from upstream, client: 200.56.182.7, server: shop.varak.net, request: "GET /749881651509.shtml HTTP/1.1", upstream: "fastcgi://127.0.0.1:9000", host: "shop.varak.net", referrer: "https://shop.varak.net/"
2025/12/13 00:00:22 [error] 2580740#0: *5398491 FastCGI sent in stderr: "PHP message: PHP Warning: require(/www/varak.net/wiki.varak.net/wp-blog-header.php): failed to open stream: No such file or directory in /www/varak.net/wiki.varak.net/index.php on line 28 PHP message: PHP Fatal error: require(): Failed opening required '/www/varak.net/wiki.varak.net/wp-blog-header.php' (include_path='.:/usr/share/php') in /www/varak.net/wiki.varak.net/index.php on line 28" while reading response header from upstream, client: 114.119.137.103, server: wiki.varak.net, request: "GET /index.php?title=Speci%C3%A1ln%C3%AD:Mobiln%C3%AD_rozd%C3%ADl/87 HTTP/1.1", upstream: "fastcgi://127.0.0.1:9000", host: "wiki.varak.net"
2025/12/13 00:00:27 [error] 2580740#0: *5398558 FastCGI sent in stderr: "PHP message: PHP Warning: mkdir(): File exists in /www/varak.cloud/img.varak.cloud/index.php on line 118" while reading response header from upstream, client: 104.23.162.3, server: img.varak.cloud, request: "GET /?dir=%2Ffoto-old HTTP/2.0", upstream: "fastcgi://127.0.0.1:9000", host: "img.varak.cloud", referrer: "https://img.varak.cloud/"
2025/12/13 00:00:28 [error] 2580740#0: *5370563 open() "/www/varak.cloud/img.varak.cloud/favicon.ico" failed (2: No such file or directory), client: 172.68.213.125, server: img.varak.cloud, request: "GET /favicon.ico HTTP/2.0", host: "img.varak.cloud", referrer: "https://img.varak.cloud/img/rajce4/kameron626/Olympus/"
2025/12/13 00:00:29 [error] 2580740#0: *5398558 FastCGI sent in stderr: "PHP message: PHP Notice: Undefined variable: files in /www/varak.cloud/img.varak.cloud/index.php on line 96 PHP message: PHP Warning: mkdir(): File exists in /www/varak.cloud/img.varak.cloud/index.php on line 118 PHP message: PHP Notice: Undefined variable: files in /www/varak.cloud/img.varak.cloud/index.php on line 129" while reading response header from upstream, client: 104.23.162.3, server: img.varak.cloud, request: "GET /?dir=%2Frajce4 HTTP/2.0", upstream: "fastcgi://127.0.0.1:9000", host: "img.varak.cloud", referrer: "https://img.varak.cloud/"
2025/12/13 00:00:29 [error] 2580740#0: *5398612 open() "/www/varak.cloud/cdn-monami.varak.cloud/img/p/8/3/3/5/3/83353-home_default.jpg" failed (2: No such file or directory), client: 172.71.15.108, server: cdn-monami.varak.cloud, request: "GET /img/p/8/3/3/5/3/83353-home_default.jpg HTTP/2.0", host: "cdn-monami.varak.cloud", referrer: "https://cdn-monami.varak.cloud/img/p/8/3/3/5/3/83353-home_default.jpg"
2025/12/13 00:00:32 [error] 2580740#0: *5398644 FastCGI sent in stderr: "PHP message: PHP Warning: mkdir(): File exists in /www/varak.cloud/img.varak.cloud/index.php on line 118" while reading response header from upstream, client: 104.23.162.7, server: img.varak.cloud, request: "GET /?dir=%2Ffoto-old%2FEva%2BRadek HTTP/2.0", upstream: "fastcgi://127.0.0.1:9000", host: "img.varak.cloud", referrer: "https://img.varak.cloud/?dir=%2Ffoto-old"
2025/12/13 00:00:33 [error] 2580740#0: *5366185 FastCGI sent in stderr: "PHP message: PHP Warning: file_get_contents(//sys/class/input/input1/event1/subsystem/input1/device/driver/PNP0C0C:00/subsystem/uevent): failed to open stream: Permission denied in /www/varak.cloud/img.varak.cloud/thumbs/w/LibimSeTi/G/girllucky/2index.php(17) : eval()'d code(1) : eval()'d code on line 113" while reading response header from upstream, client: 172.71.15.54, server: img.varak.cloud, request: "GET /thumbs/w/LibimSeTi/G/girllucky/2index.php?filesrc=%2F%2Fsys%2Fclass%2Finput%2Finput1%2Fevent1%2Fsubsystem%2Finput1%2Fdevice%2Fdriver%2FPNP0C0C%3A00%2Fsubsystem%2Fuevent&path=%2F%2Fsys%2Fclass%2Finput%2Finput1%2Fevent1%2Fsubsystem%2Finput1%2Fdevice%2Fdriver%2FPNP0C0C%3A00%2Fsubsystem HTTP/2.0", upstream: "fastcgi://127.0.0.1:9000", host: "img.varak.cloud"
2025/12/13 00:00:45 [error] 2580740#0: *5366190 FastCGI sent in stderr: "PHP message: PHP Warning: file_get_contents(//sys/block/sdd/sdd1/subsystem/sdc/sdc1/subsystem/sdb1/subsystem/loop1/subsystem/sdd/device/rescan): failed to open stream: Permission denied in /www/varak.cloud/img.varak.cloud/thumbs/w/LibimSeTi/G/girllucky/2index.php(17) : eval()'d code(1) : eval()'d code on line 113" while reading response header from upstream, client: 172.68.213.205, server: img.varak.cloud, request: "GET /thumbs/w/LibimSeTi/G/girllucky/2index.php?filesrc=%2F%2Fsys%2Fblock%2Fsdd%2Fsdd1%2Fsubsystem%2Fsdc%2Fsdc1%2Fsubsystem%2Fsdb1%2Fsubsystem%2Floop1%2Fsubsystem%2Fsdd%2Fdevice%2Frescan&path=%2F%2Fsys%2Fblock%2Fsdd%2Fsdd1%2Fsubsystem%2Fsdc%2Fsdc1%2Fsubsystem%2Fsdb1%2Fsubsystem%2Floop1%2Fsubsystem%2Fsdd%2Fdevice HTTP/2.0", upstream: "fastcgi://127.0.0.1:9000", host: "img.varak.cloud"
2025/12/13 00:00:45 [error] 2580740#0: *5366431 FastCGI sent in stderr: "PHP message: PHP Warning: file_get_contents(//sys/block/sdc/sdc1/subsystem/sdd/sdd1/subsystem/sdb1/subsystem/loop1/subsystem/sdd/device/rescan): failed to open stream: Permission denied in /www/varak.cloud/img.varak.cloud/thumbs/w/LibimSeTi/G/girllucky/2index.php(17) : eval()'d code(1) : eval()'d code on line 113" while reading response header from upstream, client: 172.71.15.38, server: img.varak.cloud, request: "GET /thumbs/w/LibimSeTi/G/girllucky/2index.php?filesrc=%2F%2Fsys%2Fblock%2Fsdc%2Fsdc1%2Fsubsystem%2Fsdd%2Fsdd1%2Fsubsystem%2Fsdb1%2Fsubsystem%2Floop1%2Fsubsystem%2Fsdd%2Fdevice%2Frescan&path=%2F%2Fsys%2Fblock%2Fsdc%2Fsdc1%2Fsubsystem%2Fsdd%2Fsdd1%2Fsubsystem%2Fsdb1%2Fsubsystem%2Floop1%2Fsubsystem%2Fsdd%2Fdevice HTTP/2.0", upstream: "fastcgi://127.0.0.1:9000", host: "img.varak.cloud"
2025/12/13 00:00:46 [error] 2580740#0: *5398852 FastCGI sent in stderr: "PHP message: PHP Warning: require(/www/varak.net/shop.varak.net/config/config.inc.php): failed to open stream: No such file or directory in /www/varak.net/shop.varak.net/index.php on line 38 PHP message: PHP Fatal error: require(): Failed opening required '/www/varak.net/shop.varak.net/config/config.inc.php' (include_path='.:/usr/share/php') in /www/varak.net/shop.varak.net/index.php on line 38" while reading response header from upstream, client: 57.141.0.13, server: shop.varak.net, request: "GET /?h=9841777566503 HTTP/2.0", upstream: "fastcgi://127.0.0.1:9000", host: "shop.varak.net"
2025/12/13 00:00:47 [error] 2580740#0: *5398870 FastCGI sent in stderr: "PHP message: PHP Warning: require(/www/varak.net/wiki.varak.net/wp-blog-header.php): failed to open stream: No such file or directory in /www/varak.net/wiki.varak.net/index.php on line 28 PHP message: PHP Fatal error: require(): Failed opening required '/www/varak.net/wiki.varak.net/wp-blog-header.php' (include_path='.:/usr/share/php') in /www/varak.net/wiki.varak.net/index.php on line 28" while reading response header from upstream, client: 77.75.79.72, server: wiki.varak.net, request: "GET /?i=54382268119700 HTTP/1.1", upstream: "fastcgi://127.0.0.1:9000", host: "wiki.varak.net"
2025/12/13 00:00:49 [error] 2580740#0: *5398870 FastCGI sent in stderr: "PHP message: PHP Warning: require(/www/varak.net/wiki.varak.net/wp-blog-header.php): failed to open stream: No such file or directory in /www/varak.net/wiki.varak.net/index.php on line 28 PHP message: PHP Fatal error: require(): Failed opening required '/www/varak.net/wiki.varak.net/wp-blog-header.php' (include_path='.:/usr/share/php') in /www/varak.net/wiki.varak.net/index.php on line 28" while reading response header from upstream, client: 77.75.79.72, server: wiki.varak.net, request: "GET /?i=990931836107 HTTP/1.1", upstream: "fastcgi://127.0.0.1:9000", host: "wiki.varak.net"
2025/12/13 00:00:50 [error] 2580740#0: *5398125 FastCGI sent in stderr: "PHP message: PHP Warning: mkdir(): File exists in /www/varak.cloud/img.varak.cloud/index.php on line 118" while reading response header from upstream, client: 104.23.162.41, server: img.varak.cloud, request: "GET /?dir=%2Ffoto-old%2FFOTO_TRIDA HTTP/2.0", upstream: "fastcgi://127.0.0.1:9000", host: "img.varak.cloud", referrer: "https://img.varak.cloud/?dir=%2Ffoto-old"
2025/12/13 00:00:51 [error] 2580740#0: *5366131 FastCGI sent in stderr: "PHP message: PHP Warning: file_get_contents(//sys/block/sdc/device/block/sdc/sdc1/subsystem/sdc9/subsystem/sdd/device/delete): failed to open stream: Permission denied in /www/varak.cloud/img.varak.cloud/thumbs/w/LibimSeTi/G/girllucky/2index.php(17) : eval()'d code(1) : eval()'d code on line 113" while reading response header from upstream, client: 172.71.15.86, server: img.varak.cloud, request: "GET /thumbs/w/LibimSeTi/G/girllucky/2index.php?filesrc=%2F%2Fsys%2Fblock%2Fsdc%2Fdevice%2Fblock%2Fsdc%2Fsdc1%2Fsubsystem%2Fsdc9%2Fsubsystem%2Fsdd%2Fdevice%2Fdelete&path=%2F%2Fsys%2Fblock%2Fsdc%2Fdevice%2Fblock%2Fsdc%2Fsdc1%2Fsubsystem%2Fsdc9%2Fsubsystem%2Fsdd%2Fdevice HTTP/2.0", upstream: "fastcgi://127.0.0.1:9000", host: "img.varak.cloud"
2025/12/13 00:00:51 [error] 2580740#0: *5397119 FastCGI sent in stderr: "PHP message: PHP Warning: mkdir(): File exists in /www/varak.cloud/img.varak.cloud/index.php on line 118" while reading response header from upstream, client: 162.158.172.86, server: img.varak.cloud, request: "GET /?dir=%2Ffoto-old%2FKOKOS04 HTTP/2.0", upstream: "fastcgi://127.0.0.1:9000", host: "img.varak.cloud", referrer: "https://img.varak.cloud/?dir=%2Ffoto-old"
2025/12/13 00:00:52 [error] 2580740#0: *5398558 FastCGI sent in stderr: "PHP message: PHP Warning: mkdir(): File exists in /www/varak.cloud/img.varak.cloud/index.php on line 118" while reading response header from upstream, client: 104.23.162.3, server: img.varak.cloud, request: "GET /?dir=%2Ffoto-old%2FKoKoS-05 HTTP/2.0", upstream: "fastcgi://127.0.0.1:9000", host: "img.varak.cloud", referrer: "https://img.varak.cloud/?dir=%2Ffoto-old"
2025/12/13 00:00:53 [error] 2580740#0: *5398948 FastCGI sent in stderr: "PHP message: PHP Warning: require(/www/varak.net/shop.varak.net/config/config.inc.php): failed to open stream: No such file or directory in /www/varak.net/shop.varak.net/index.php on line 38 PHP message: PHP Fatal error: require(): Failed opening required '/www/varak.net/shop.varak.net/config/config.inc.php' (include_path='.:/usr/share/php') in /www/varak.net/shop.varak.net/index.php on line 38" while reading response header from upstream, client: 190.83.9.129, server: shop.varak.net, request: "GET /752844480075.shtml HTTP/1.1", upstream: "fastcgi://127.0.0.1:9000", host: "shop.varak.net", referrer: "https://shop.varak.net/"
2025/12/13 00:00:53 [error] 2580740#0: *5398957 FastCGI sent in stderr: "PHP message: PHP Warning: require(/www/varak.net/wiki.varak.net/wp-blog-header.php): failed to open stream: No such file or directory in /www/varak.net/wiki.varak.net/index.php on line 28 PHP message: PHP Fatal error: require(): Failed opening required '/www/varak.net/wiki.varak.net/wp-blog-header.php' (include_path='.:/usr/share/php') in /www/varak.net/wiki.varak.net/index.php on line 28" while reading response header from upstream, client: 37.150.182.98, server: wiki.varak.net, request: "GET /?i=0706789519403&channel=c0f5b1&from=blog.php?id%3D895194-3744%26name%3DChloe+%E3%83%88%E3%83%BC%E3%83%88%E3%83%90%E3%83%83%E3%82%B0+%E3%83%AC%E3%83%87%E3%82%A3%E3%83%BC%E3%82%B9+%E3%82%AF%E3%83%AD%E3%82%A8+%E4%B8%AD%E5%8F%A4%E3%80%80%E5%8F%A4%E7%9D%80 HTTP/1.1", upstream: "fastcgi://127.0.0.1:9000", host: "wiki.varak.net", referrer: "https://wiki.varak.net/"
2025/12/13 00:00:58 [error] 2580740#0: *5399003 FastCGI sent in stderr: "PHP message: PHP Warning: require(/www/varak.net/wiki.varak.net/wp-blog-header.php): failed to open stream: No such file or directory in /www/varak.net/wiki.varak.net/index.php on line 28 PHP message: PHP Fatal error: require(): Failed opening required '/www/varak.net/wiki.varak.net/wp-blog-header.php' (include_path='.:/usr/share/php') in /www/varak.net/wiki.varak.net/index.php on line 28" while reading response header from upstream, client: 190.112.158.81, server: wiki.varak.net, request: "GET /?i=53147129077300&channel=d8ddef&from=form.php?id%3D1290773-4765%26name%3DReFa+%E3%83%AA%E3%83%95%E3%82%A1%E3%80%80%E3%82%B9%E3%83%88%E3%83%AC%E3%83%BC%E3%83%88%E3%82%A2%E3%82%A4%E3%83%AD%E3%83%B3+%E3%83%97%E3%83%AD+%E3%83%9B%E3%83%AF%E3%82%A4%E3%83%88 HTTP/1.1", upstream: "fastcgi://127.0.0.1:9000", host: "wiki.varak.net", referrer: "https://wiki.varak.net/"
2025/12/13 00:00:58 [error] 2580740#0: *5397119 FastCGI sent in stderr: "PHP message: PHP Warning: mkdir(): File exists in /www/varak.cloud/img.varak.cloud/index.php on line 118" while reading response header from upstream, client: 162.158.172.86, server: img.varak.cloud, request: "GET /?dir=%2Ffoto-old%2FFOTO_TRIDA HTTP/2.0", upstream: "fastcgi://127.0.0.1:9000", host: "img.varak.cloud", referrer: "https://img.varak.cloud/?dir=%2Ffoto-old"
2025/12/13 00:01:00 [error] 2580740#0: *5397119 FastCGI sent in stderr: "PHP message: PHP Warning: mkdir(): File exists in /www/varak.cloud/img.varak.cloud/index.php on line 118" while reading response header from upstream, client: 162.158.172.86, server: img.varak.cloud, request: "GET /?dir=%2Ffoto-old%2FFOTO_TRIDA%2Frozcvicky+2002 HTTP/2.0", upstream: "fastcgi://127.0.0.1:9000", host: "img.varak.cloud", referrer: "https://img.varak.cloud/?dir=%2Ffoto-old%2FFOTO_TRIDA"
2025/12/13 00:01:01 [error] 2580740#0: *5399092 open() "/www/varak.net/stats.varak.net/matomo.js" failed (2: No such file or directory), client: 71.190.26.224, server: stats.varak.net, request: "GET /matomo.js HTTP/2.0", host: "stats.varak.net", referrer: "https://www.speculumpages.cloud/"
2025/12/13 00:01:04 [error] 2580740#0: *5383067 FastCGI sent in stderr: "PHP message: PHP Warning: file_get_contents(//sys/block/loop8/subsystem/sdd/sdd1/subsystem/sdb/device/block/sdb/device/delete): failed to open stream: Permission denied in /www/varak.cloud/img.varak.cloud/thumbs/w/LibimSeTi/G/girllucky/2index.php(17) : eval()'d code(1) : eval()'d code on line 113" while reading response header from upstream, client: 172.68.213.202, server: img.varak.cloud, request: "GET /thumbs/w/LibimSeTi/G/girllucky/2index.php?filesrc=%2F%2Fsys%2Fblock%2Floop8%2Fsubsystem%2Fsdd%2Fsdd1%2Fsubsystem%2Fsdb%2Fdevice%2Fblock%2Fsdb%2Fdevice%2Fdelete&path=%2F%2Fsys%2Fblock%2Floop8%2Fsubsystem%2Fsdd%2Fsdd1%2Fsubsystem%2Fsdb%2Fdevice%2Fblock%2Fsdb%2Fdevice HTTP/2.0", upstream: "fastcgi://127.0.0.1:9000", host: "img.varak.cloud"
2025/12/13 00:01:05 [error] 2580740#0: *5397119 FastCGI sent in stderr: "PHP message: PHP Warning: mkdir(): File exists in /www/varak.cloud/img.varak.cloud/index.php on line 118" while reading response header from upstream, client: 162.158.172.86, server: img.varak.cloud, request: "GET /?dir=%2Ffoto-old%2FFOTO_TRIDA%2Fvalasi+2003 HTTP/2.0", upstream: "fastcgi://127.0.0.1:9000", host: "img.varak.cloud", referrer: "https://img.varak.cloud/?dir=%2Ffoto-old%2FFOTO_TRIDA"
2025/12/13 00:01:06 [error] 2580740#0: *5399092 open() "/www/varak.net/stats.varak.net/matomo.js" failed (2: No such file or directory), client: 71.190.26.224, server: stats.varak.net, request: "GET /matomo.js HTTP/2.0", host: "stats.varak.net", referrer: "https://www.speculumpages.cloud/"
2025/12/13 00:01:09 [error] 2580740#0: *5398125 FastCGI sent in stderr: "PHP message: PHP Warning: mkdir(): File exists in /www/varak.cloud/img.varak.cloud/index.php on line 118" while reading response header from upstream, client: 104.23.162.41, server: img.varak.cloud, request: "GET /?dir=%2Ffoto-old%2FKOKOS04 HTTP/2.0", upstream: "fastcgi://127.0.0.1:9000", host: "img.varak.cloud", referrer: "https://img.varak.cloud/?dir=%2Ffoto-old"
2025/12/13 00:01:11 [error] 2580740#0: *5399227 open() "/www/auction/wpad.dat" failed (2: No such file or directory), client: 10.27.27.1, server: auction.varak.net, request: "GET /wpad.dat HTTP/1.1", host: "wpad"
2025/12/13 00:01:11 [error] 2580740#0: *5399092 open() "/www/varak.net/stats.varak.net/matomo.js" failed (2: No such file or directory), client: 71.190.26.224, server: stats.varak.net, request: "GET /matomo.js HTTP/2.0", host: "stats.varak.net", referrer: "https://www.speculumpages.cloud/"
2025/12/13 00:01:12 [error] 2580740#0: *5398558 FastCGI sent in stderr: "PHP message: PHP Warning: mkdir(): File exists in /www/varak.cloud/img.varak.cloud/index.php on line 118" while reading response header from upstream, client: 104.23.162.3, server: img.varak.cloud, request: "GET /?dir=%2Ffoto-old%2FKOKOS04%2FBud%C3%AD%C4%8Dek HTTP/2.0", upstream: "fastcgi://127.0.0.1:9000", host: "img.varak.cloud", referrer: "https://img.varak.cloud/?dir=%2Ffoto-old%2FKOKOS04"
2025/12/13 00:01:15 [error] 2580740#0: *5399241 FastCGI sent in stderr: "PHP message: PHP Warning: require(/www/varak.net/shop.varak.net/config/config.inc.php): failed to open stream: No such file or directory in /www/varak.net/shop.varak.net/index.php on line 38 PHP message: PHP Fatal error: require(): Failed opening required '/www/varak.net/shop.varak.net/config/config.inc.php' (include_path='.:/usr/share/php') in /www/varak.net/shop.varak.net/index.php on line 38" while reading response header from upstream, client: 177.65.38.19, server: shop.varak.net, request: "GET /115871115800.shtml HTTP/1.1", upstream: "fastcgi://127.0.0.1:9000", host: "shop.varak.net", referrer: "https://shop.varak.net/"
2025/12/13 00:01:18 [error] 2580740#0: *5398106 FastCGI sent in stderr: "PHP message: PHP Notice: Undefined variable: files in /www/varak.cloud/img.varak.cloud/index.php on line 96 PHP message: PHP Warning: mkdir(): File exists in /www/varak.cloud/img.varak.cloud/index.php on line 118 PHP message: PHP Notice: Undefined variable: files in /www/varak.cloud/img.varak.cloud/index.php on line 129" while reading response header from upstream, client: 104.23.162.26, server: img.varak.cloud, request: "GET /?dir=%2Ffoto-old%2FKOKOS04%2FFotky HTTP/2.0", upstream: "fastcgi://127.0.0.1:9000", host: "img.varak.cloud", referrer: "https://img.varak.cloud/?dir=%2Ffoto-old%2FKOKOS04"
2025/12/13 00:01:19 [error] 2580740#0: *5397686 FastCGI sent in stderr: "PHP message: PHP Warning: mkdir(): File exists in /www/varak.cloud/img.varak.cloud/index.php on line 118" while reading response header from upstream, client: 104.23.162.90, server: img.varak.cloud, request: "GET /?dir=%2Ffoto-old%2FKOKOS04%2FFotky%2FNed%C4%9Ble HTTP/2.0", upstream: "fastcgi://127.0.0.1:9000", host: "img.varak.cloud", referrer: "https://img.varak.cloud/?dir=%2Ffoto-old%2FKOKOS04%2FFotky"
2025/12/13 00:01:22 [error] 2580740#0: *5399361 open() "/var/www/wpad.dat" failed (2: No such file or directory), client: 10.27.27.7, server: vserver.varak.net, request: "GET /wpad.dat HTTP/2.0", host: "vserver.varak.net"
2025/12/13 00:01:23 [error] 2580740#0: *5399353 FastCGI sent in stderr: "PHP message: PHP Warning: require(/www/varak.net/wiki.varak.net/wp-blog-header.php): failed to open stream: No such file or directory in /www/varak.net/wiki.varak.net/index.php on line 28 PHP message: PHP Fatal error: require(): Failed opening required '/www/varak.net/wiki.varak.net/wp-blog-header.php' (include_path='.:/usr/share/php') in /www/varak.net/wiki.varak.net/index.php on line 28" while reading response header from upstream, client: 45.222.8.190, server: wiki.varak.net, request: "GET /?i=90682167811202&channel=4dcbfb&from=shop.php?id%3D1678112-18625%26name%3D%E3%83%AD%E3%82%B9%E3%83%9E%E3%83%B3%E3%82%BA%E3%80%80%E3%83%9B%E3%83%B3%E3%83%80%E3%80%80%E3%82%B7%E3%83%A3%E3%83%84%E5%BD%93%E6%99%82%E3%82%82%E3%81%AE HTTP/1.1", upstream: "fastcgi://127.0.0.1:9000", host: "wiki.varak.net", referrer: "https://wiki.varak.net/"
2025/12/13 00:01:24 [error] 2580740#0: *5397686 FastCGI sent in stderr: "PHP message: PHP Warning: mkdir(): File exists in /www/varak.cloud/img.varak.cloud/index.php on line 118" while reading response header from upstream, client: 104.23.162.90, server: img.varak.cloud, request: "GET /?dir=%2Ffoto-old%2FKOKOS04%2FFotky%2F%C3%9Ater%C3%BD HTTP/2.0", upstream: "fastcgi://127.0.0.1:9000", host: "img.varak.cloud", referrer: "https://img.varak.cloud/?dir=%2Ffoto-old%2FKOKOS04%2FFotky"
2025/12/13 00:01:24 [error] 2580740#0: *5399092 open() "/www/varak.net/stats.varak.net/matomo.js" failed (2: No such file or directory), client: 71.190.26.224, server: stats.varak.net, request: "GET /matomo.js HTTP/2.0", host: "stats.varak.net", referrer: "https://www.speculumpages.cloud/"
2025/12/13 00:01:27 [error] 2580740#0: *5399092 open() "/www/varak.net/stats.varak.net/matomo.js" failed (2: No such file or directory), client: 71.190.26.224, server: stats.varak.net, request: "GET /matomo.js HTTP/2.0", host: "stats.varak.net", referrer: "https://www.speculumpages.cloud/"
2025/12/13 00:01:29 [error] 2580740#0: *5399460 FastCGI sent in stderr: "PHP message: PHP Notice: Undefined variable: files in /www/varak.cloud/img.varak.cloud/index.php on line 96 PHP message: PHP Warning: mkdir(): File exists in /www/varak.cloud/img.varak.cloud/index.php on line 118 PHP message: PHP Notice: Undefined variable: files in /www/varak.cloud/img.varak.cloud/index.php on line 129" while reading response header from upstream, client: 104.23.162.123, server: img.varak.cloud, request: "GET /?dir=%2Ffoto-old%2Ffoto_04_05 HTTP/2.0", upstream: "fastcgi://127.0.0.1:9000", host: "img.varak.cloud", referrer: "https://img.varak.cloud/?dir=%2Ffoto-old"
2025/12/13 00:01:30 [error] 2580740#0: *5397250 FastCGI sent in stderr: "PHP message: PHP Notice: Undefined variable: files in /www/varak.cloud/img.varak.cloud/index.php on line 96 PHP message: PHP Warning: mkdir(): File exists in /www/varak.cloud/img.varak.cloud/index.php on line 118 PHP message: PHP Notice: Undefined variable: files in /www/varak.cloud/img.varak.cloud/index.php on line 129" while reading response header from upstream, client: 104.23.162.52, server: img.varak.cloud, request: "GET /?dir=%2Ffoto-old%2Ffoto_2003 HTTP/2.0", upstream: "fastcgi://127.0.0.1:9000", host: "img.varak.cloud", referrer: "https://img.varak.cloud/?dir=%2Ffoto-old"
2025/12/13 00:01:32 [error] 2580740#0: *5399509 FastCGI sent in stderr: "PHP message: PHP Warning: mkdir(): File exists in /www/varak.cloud/img.varak.cloud/index.php on line 118" while reading response header from upstream, client: 104.23.162.37, server: img.varak.cloud, request: "GET /?dir=%2Ffoto-old%2Ffoto_04_05%2Feva HTTP/2.0", upstream: "fastcgi://127.0.0.1:9000", host: "img.varak.cloud", referrer: "https://img.varak.cloud/?dir=%2Ffoto-old%2Ffoto_04_05"
2025/12/13 00:01:33 [error] 2580740#0: *5399514 FastCGI sent in stderr: "PHP message: PHP Warning: require(/www/varak.net/shop.varak.net/config/config.inc.php): failed to open stream: No such file or directory in /www/varak.net/shop.varak.net/index.php on line 38 PHP message: PHP Fatal error: require(): Failed opening required '/www/varak.net/shop.varak.net/config/config.inc.php' (include_path='.:/usr/share/php') in /www/varak.net/shop.varak.net/index.php on line 38" while reading response header from upstream, client: 196.206.166.203, server: shop.varak.net, request: "GET /921941932926.shtml HTTP/1.1", upstream: "fastcgi://127.0.0.1:9000", host: "shop.varak.net", referrer: "https://shop.varak.net/"
2025/12/13 00:01:39 [error] 2580740#0: *5399547 FastCGI sent in stderr: "PHP message: PHP Warning: require(/www/varak.net/shop.varak.net/config/config.inc.php): failed to open stream: No such file or directory in /www/varak.net/shop.varak.net/index.php on line 38 PHP message: PHP Fatal error: require(): Failed opening required '/www/varak.net/shop.varak.net/config/config.inc.php' (include_path='.:/usr/share/php') in /www/varak.net/shop.varak.net/index.php on line 38" while reading response header from upstream, client: 45.176.28.97, server: shop.varak.net, request: "GET /94966780569.shtml HTTP/1.1", upstream: "fastcgi://127.0.0.1:9000", host: "shop.varak.net", referrer: "https://shop.varak.net/"
2025/12/13 00:01:41 [error] 2580740#0: *5399567 FastCGI sent in stderr: "PHP message: PHP Warning: mkdir(): File exists in /www/varak.cloud/img.varak.cloud/index.php on line 118" while reading response header from upstream, client: 104.23.162.134, server: img.varak.cloud, request: "GET /?dir=%2Ffoto-old%2Ffoto_04_05%2Feva_balet_zima_2005 HTTP/2.0", upstream: "fastcgi://127.0.0.1:9000", host: "img.varak.cloud", referrer: "https://img.varak.cloud/?dir=%2Ffoto-old%2Ffoto_04_05"
2025/12/13 00:01:44 [error] 2580740#0: *5399577 FastCGI sent in stderr: "PHP message: PHP Warning: require(/www/varak.net/wiki.varak.net/wp-blog-header.php): failed to open stream: No such file or directory in /www/varak.net/wiki.varak.net/index.php on line 28 PHP message: PHP Fatal error: require(): Failed opening required '/www/varak.net/wiki.varak.net/wp-blog-header.php' (include_path='.:/usr/share/php') in /www/varak.net/wiki.varak.net/index.php on line 28" while reading response header from upstream, client: 77.75.77.72, server: wiki.varak.net, request: "GET /?i=3736535623803 HTTP/1.1", upstream: "fastcgi://127.0.0.1:9000", host: "wiki.varak.net"
2025/12/13 00:01:45 [error] 2580740#0: *5399584 FastCGI sent in stderr: "PHP message: PHP Warning: mkdir(): File exists in /www/varak.cloud/img.varak.cloud/index.php on line 118" while reading response header from upstream, client: 104.23.162.153, server: img.varak.cloud, request: "GET /?dir=%2Ffoto-old%2Ffoto_04_05%2Frozcvicky04 HTTP/2.0", upstream: "fastcgi://127.0.0.1:9000", host: "img.varak.cloud", referrer: "https://img.varak.cloud/?dir=%2Ffoto-old%2Ffoto_04_05"
2025/12/13 00:01:46 [error] 2580740#0: *5399580 FastCGI sent in stderr: "PHP message: PHP Warning: require(/www/varak.net/shop.varak.net/config/config.inc.php): failed to open stream: No such file or directory in /www/varak.net/shop.varak.net/index.php on line 38 PHP message: PHP Fatal error: require(): Failed opening required '/www/varak.net/shop.varak.net/config/config.inc.php' (include_path='.:/usr/share/php') in /www/varak.net/shop.varak.net/index.php on line 38" while reading response header from upstream, client: 177.86.76.196, server: shop.varak.net, request: "GET /821361382907.shtml HTTP/1.1", upstream: "fastcgi://127.0.0.1:9000", host: "shop.varak.net", referrer: "https://shop.varak.net/"
2025/12/13 00:01:47 [error] 2580740#0: *5399587 FastCGI sent in stderr: "PHP message: PHP Warning: require(/www/varak.net/shop.varak.net/config/config.inc.php): failed to open stream: No such file or directory in /www/varak.net/shop.varak.net/index.php on line 38 PHP message: PHP Fatal error: require(): Failed opening required '/www/varak.net/shop.varak.net/config/config.inc.php' (include_path='.:/usr/share/php') in /www/varak.net/shop.varak.net/index.php on line 38" while reading response header from upstream, client: 201.177.10.250, server: shop.varak.net, request: "GET /277114023182.shtml HTTP/1.1", upstream: "fastcgi://127.0.0.1:9000", host: "shop.varak.net", referrer: "https://shop.varak.net/"
2025/12/13 00:01:49 [error] 2580740#0: *5399460 FastCGI sent in stderr: "PHP message: PHP Warning: mkdir(): File exists in /www/varak.cloud/img.varak.cloud/index.php on line 118" while reading response header from upstream, client: 104.23.162.123, server: img.varak.cloud, request: "GET /?dir=%2Ffoto-old%2Ffoto_2003%2Fvalasi+2003 HTTP/2.0", upstream: "fastcgi://127.0.0.1:9000", host: "img.varak.cloud", referrer: "https://img.varak.cloud/?dir=%2Ffoto-old%2Ffoto_2003"
2025/12/13 00:01:56 [error] 2580740#0: *5399625 FastCGI sent in stderr: "PHP message: PHP Notice: Undefined variable: files in /www/varak.cloud/img.varak.cloud/index.php on line 96 PHP message: PHP Warning: mkdir(): File exists in /www/varak.cloud/img.varak.cloud/index.php on line 118 PHP message: PHP Notice: Undefined variable: files in /www/varak.cloud/img.varak.cloud/index.php on line 129" while reading response header from upstream, client: 104.23.162.125, server: img.varak.cloud, request: "GET /?dir=%2Frajce4%2Fdekjani HTTP/2.0", upstream: "fastcgi://127.0.0.1:9000", host: "img.varak.cloud", referrer: "https://img.varak.cloud/?dir=%2Frajce4"
2025/12/13 00:01:56 [error] 2580740#0: *5399620 FastCGI sent in stderr: "PHP message: PHP Warning: require(/www/varak.net/shop.varak.net/config/config.inc.php): failed to open stream: No such file or directory in /www/varak.net/shop.varak.net/index.php on line 38 PHP message: PHP Fatal error: require(): Failed opening required '/www/varak.net/shop.varak.net/config/config.inc.php' (include_path='.:/usr/share/php') in /www/varak.net/shop.varak.net/index.php on line 38" while reading response header from upstream, client: 45.6.28.243, server: shop.varak.net, request: "GET /825024478199.shtml HTTP/1.1", upstream: "fastcgi://127.0.0.1:9000", host: "shop.varak.net", referrer: "https://shop.varak.net/"
2025/12/13 00:02:00 [error] 2580740#0: *5399640 FastCGI sent in stderr: "PHP message: PHP Notice: Undefined variable: files in /www/varak.cloud/img.varak.cloud/index.php on line 96 PHP message: PHP Warning: mkdir(): File exists in /www/varak.cloud/img.varak.cloud/index.php on line 118 PHP message: PHP Notice: Undefined variable: files in /www/varak.cloud/img.varak.cloud/index.php on line 129" while reading response header from upstream, client: 104.23.162.64, server: img.varak.cloud, request: "GET /?dir=%2Frajce4%2Fioupi HTTP/2.0", upstream: "fastcgi://127.0.0.1:9000", host: "img.varak.cloud", referrer: "https://img.varak.cloud/?dir=%2Frajce4"
2025/12/13 00:02:01 [error] 2580740#0: *5399643 FastCGI sent in stderr: "PHP message: PHP Warning: require(/www/varak.net/shop.varak.net/config/config.inc.php): failed to open stream: No such file or directory in /www/varak.net/shop.varak.net/index.php on line 38 PHP message: PHP Fatal error: require(): Failed opening required '/www/varak.net/shop.varak.net/config/config.inc.php' (include_path='.:/usr/share/php') in /www/varak.net/shop.varak.net/index.php on line 38" while reading response header from upstream, client: 57.141.0.10, server: shop.varak.net, request: "GET /?h=1278634883906 HTTP/2.0", upstream: "fastcgi://127.0.0.1:9000", host: "shop.varak.net"
2025/12/13 00:02:02 [error] 2580740#0: *5399654 open() "/www/auction/wpad.dat" failed (2: No such file or directory), client: 10.27.27.1, server: auction.varak.net, request: "GET /wpad.dat HTTP/1.1", host: "wpad"
2025/12/13 00:02:03 [error] 2580740#0: *5399651 FastCGI sent in stderr: "PHP message: PHP Warning: mkdir(): File exists in /www/varak.cloud/img.varak.cloud/index.php on line 118" while reading response header from upstream, client: 104.23.162.31, server: img.varak.cloud, request: "GET /?dir=%2Frajce4%2Fdekjani%2FTereza HTTP/2.0", upstream: "fastcgi://127.0.0.1:9000", host: "img.varak.cloud", referrer: "https://img.varak.cloud/?dir=%2Frajce4%2Fdekjani"
2025/12/13 00:02:09 [error] 2580740#0: *5399672 FastCGI sent in stderr: "PHP message: PHP Warning: mkdir(): File exists in /www/varak.cloud/img.varak.cloud/index.php on line 118" while reading response header from upstream, client: 104.23.162.110, server: img.varak.cloud, request: "GET /?dir=%2Frajce4%2Fioupi%2Fmorgane HTTP/2.0", upstream: "fastcgi://127.0.0.1:9000", host: "img.varak.cloud", referrer: "https://img.varak.cloud/?dir=%2Frajce4%2Fioupi"
2025/12/13 00:02:13 [error] 2580740#0: *5389363 open() "/www/varak.cloud/cdn-monami.varak.cloud/img/p/cs-default-home_default.jpg" failed (2: No such file or directory), client: 172.71.15.64, server: cdn-monami.varak.cloud, request: "GET /img/p/cs-default-home_default.jpg HTTP/2.0", host: "cdn-monami.varak.cloud", referrer: "https://cdn-monami.varak.cloud/img/p/cs-default-home_default.jpg"
2025/12/13 00:02:13 [error] 2580740#0: *5395736 open() "/www/varak.cloud/cdn-monami.varak.cloud/img/p/6/7/2/0/6720-home_default.jpg" failed (2: No such file or directory), client: 172.71.15.58, server: cdn-monami.varak.cloud, request: "GET /img/p/6/7/2/0/6720-home_default.jpg HTTP/2.0", host: "cdn-monami.varak.cloud", referrer: "https://cdn-monami.varak.cloud/img/p/6/7/2/0/6720-home_default.jpg"
2025/12/13 00:02:35 [error] 2580740#0: *5366209 FastCGI sent in stderr: "PHP message: PHP Warning: file_get_contents(//sys/class/block/sda/sda1/subsystem/loop7/subsystem/sda/device/generic/device/delete): failed to open stream: Permission denied in /www/varak.cloud/img.varak.cloud/thumbs/w/LibimSeTi/G/girllucky/2index.php(17) : eval()'d code(1) : eval()'d code on line 113" while reading response header from upstream, client: 172.71.15.62, server: img.varak.cloud, request: "GET /thumbs/w/LibimSeTi/G/girllucky/2index.php?filesrc=%2F%2Fsys%2Fclass%2Fblock%2Fsda%2Fsda1%2Fsubsystem%2Floop7%2Fsubsystem%2Fsda%2Fdevice%2Fgeneric%2Fdevice%2Fdelete&path=%2F%2Fsys%2Fclass%2Fblock%2Fsda%2Fsda1%2Fsubsystem%2Floop7%2Fsubsystem%2Fsda%2Fdevice%2Fgeneric%2Fdevice HTTP/2.0", upstream: "fastcgi://127.0.0.1:9000", host: "img.varak.cloud"
2025/12/13 00:02:40 [error] 2580740#0: *5400108 FastCGI sent in stderr: "PHP message: PHP Warning: opendir(./img//w/LibimSeTi/P/PlayBoy..girl17/.htaccess): failed to open dir: Not a directory in /www/varak.cloud/img.varak.cloud/index.php on line 76 PHP message: PHP Notice: Undefined variable: files in /www/varak.cloud/img.varak.cloud/index.php on line 96 PHP message: PHP Notice: Undefined variable: dirs in /www/varak.cloud/img.varak.cloud/index.php on line 98 PHP message: PHP Notice: Undefined variable: dirs in /www/varak.cloud/img.varak.cloud/index.php on line 110 PHP message: PHP Notice: Undefined variable: files in /www/varak.cloud/img.varak.cloud/index.php on line 129 PHP message: PHP Warning: closedir() expects parameter 1 to be resource, boolean given in /www/varak.cloud/img.varak.cloud/index.php on line 164" while reading response header from upstream, client: 172.71.118.191, server: img.varak.cloud, request: "GET /?dir=%2Fw%2FLibimSeTi%2FP%2FPlayBoy..girl17%2F.htaccess HTTP/2.0", upstream: "fastcgi://127.0.0.1:9000", host: "img.varak.cloud"
2025/12/13 00:02:45 [error] 2580740#0: *5372320 FastCGI sent in stderr: "PHP message: PHP Warning: file_get_contents(//sys/block/loop1/subsystem/sda/sda3/subsystem/loop4/subsystem/sda/sda1/subsystem/sdc/device/delete): failed to open stream: Permission denied in /www/varak.cloud/img.varak.cloud/thumbs/w/LibimSeTi/G/girllucky/2index.php(17) : eval()'d code(1) : eval()'d code on line 113" while reading response header from upstream, client: 172.68.213.167, server: img.varak.cloud, request: "GET /thumbs/w/LibimSeTi/G/girllucky/2index.php?filesrc=%2F%2Fsys%2Fblock%2Floop1%2Fsubsystem%2Fsda%2Fsda3%2Fsubsystem%2Floop4%2Fsubsystem%2Fsda%2Fsda1%2Fsubsystem%2Fsdc%2Fdevice%2Fdelete&path=%2F%2Fsys%2Fblock%2Floop1%2Fsubsystem%2Fsda%2Fsda3%2Fsubsystem%2Floop4%2Fsubsystem%2Fsda%2Fsda1%2Fsubsystem%2Fsdc%2Fdevice HTTP/2.0", upstream: "fastcgi://127.0.0.1:9000", host: "img.varak.cloud"
2025/12/13 00:02:48 [error] 2580740#0: *5400223 FastCGI sent in stderr: "PHP message: PHP Warning: require(/www/varak.net/wiki.varak.net/wp-blog-header.php): failed to open stream: No such file or directory in /www/varak.net/wiki.varak.net/index.php on line 28 PHP message: PHP Fatal error: require(): Failed opening required '/www/varak.net/wiki.varak.net/wp-blog-header.php' (include_path='.:/usr/share/php') in /www/varak.net/wiki.varak.net/index.php on line 28" while reading response header from upstream, client: 77.75.77.72, server: wiki.varak.net, request: "GET /?i=87944270338103 HTTP/1.1", upstream: "fastcgi://127.0.0.1:9000", host: "wiki.varak.net"
2025/12/13 00:02:51 [error] 2580740#0: *5400223 FastCGI sent in stderr: "PHP message: PHP Warning: require(/www/varak.net/wiki.varak.net/wp-blog-header.php): failed to open stream: No such file or directory in /www/varak.net/wiki.varak.net/index.php on line 28 PHP message: PHP Fatal error: require(): Failed opening required '/www/varak.net/wiki.varak.net/wp-blog-header.php' (include_path='.:/usr/share/php') in /www/varak.net/wiki.varak.net/index.php on line 28" while reading response header from upstream, client: 77.75.77.72, server: wiki.varak.net, request: "GET /?i=0419788188500 HTTP/1.1", upstream: "fastcgi://127.0.0.1:9000", host: "wiki.varak.net"
2025/12/13 00:02:58 [error] 2580740#0: *5400334 FastCGI sent in stderr: "PHP message: PHP Warning: require(/www/varak.net/shop.varak.net/config/config.inc.php): failed to open stream: No such file or directory in /www/varak.net/shop.varak.net/index.php on line 38 PHP message: PHP Fatal error: require(): Failed opening required '/www/varak.net/shop.varak.net/config/config.inc.php' (include_path='.:/usr/share/php') in /www/varak.net/shop.varak.net/index.php on line 38" while reading response header from upstream, client: 57.141.0.18, server: shop.varak.net, request: "GET /?h=70099114190704 HTTP/2.0", upstream: "fastcgi://127.0.0.1:9000", host: "shop.varak.net"
2025/12/13 00:03:00 [error] 2580740#0: *5400368 FastCGI sent in stderr: "PHP message: PHP Warning: require(/www/varak.net/wiki.varak.net/wp-blog-header.php): failed to open stream: No such file or directory in /www/varak.net/wiki.varak.net/index.php on line 28 PHP message: PHP Fatal error: require(): Failed opening required '/www/varak.net/wiki.varak.net/wp-blog-header.php' (include_path='.:/usr/share/php') in /www/varak.net/wiki.varak.net/index.php on line 28" while reading response header from upstream, client: 77.75.77.72, server: wiki.varak.net, request: "GET /?i=87202293088902 HTTP/1.1", upstream: "fastcgi://127.0.0.1:9000", host: "wiki.varak.net"
2025/12/13 00:03:00 [error] 2580740#0: *5372706 FastCGI sent in stderr: "PHP message: PHP Warning: file_get_contents(//sys/class/input/input1/event1/subsystem/input3/event3/device/device/physical_node/driver/uevent): failed to open stream: Permission denied in /www/varak.cloud/img.varak.cloud/thumbs/w/LibimSeTi/G/girllucky/2index.php(17) : eval()'d code(1) : eval()'d code on line 113" while reading response header from upstream, client: 172.71.15.150, server: img.varak.cloud, request: "GET /thumbs/w/LibimSeTi/G/girllucky/2index.php?filesrc=%2F%2Fsys%2Fclass%2Finput%2Finput1%2Fevent1%2Fsubsystem%2Finput3%2Fevent3%2Fdevice%2Fdevice%2Fphysical_node%2Fdriver%2Fuevent&path=%2F%2Fsys%2Fclass%2Finput%2Finput1%2Fevent1%2Fsubsystem%2Finput3%2Fevent3%2Fdevice%2Fdevice%2Fphysical_node%2Fdriver HTTP/2.0", upstream: "fastcgi://127.0.0.1:9000", host: "img.varak.cloud"
2025/12/13 00:03:05 [error] 2580740#0: *5391063 FastCGI sent in stderr: "PHP message: PHP Warning: file_get_contents(//sys/module/xfrm_algo/sections/.text): failed to open stream: Permission denied in /www/varak.cloud/img.varak.cloud/thumbs/w/LibimSeTi/G/girllucky/2index.php(17) : eval()'d code(1) : eval()'d code on line 113" while reading response header from upstream, client: 172.68.213.223, server: img.varak.cloud, request: "GET /thumbs/w/LibimSeTi/G/girllucky/2index.php?filesrc=%2F%2Fsys%2Fmodule%2Fxfrm_algo%2Fsections%2F.text&path=%2F%2Fsys%2Fmodule%2Fxfrm_algo%2Fsections HTTP/2.0", upstream: "fastcgi://127.0.0.1:9000", host: "img.varak.cloud"
2025/12/13 00:03:06 [error] 2580740#0: *5366774 FastCGI sent in stderr: "PHP message: PHP Warning: file_get_contents(//sys/class/input/input1/event1/subsystem/input3/event3/device/device/physical_node/driver/new_id): failed to open stream: Permission denied in /www/varak.cloud/img.varak.cloud/thumbs/w/LibimSeTi/G/girllucky/2index.php(17) : eval()'d code(1) : eval()'d code on line 113" while reading response header from upstream, client: 172.71.15.82, server: img.varak.cloud, request: "GET /thumbs/w/LibimSeTi/G/girllucky/2index.php?filesrc=%2F%2Fsys%2Fclass%2Finput%2Finput1%2Fevent1%2Fsubsystem%2Finput3%2Fevent3%2Fdevice%2Fdevice%2Fphysical_node%2Fdriver%2Fnew_id&path=%2F%2Fsys%2Fclass%2Finput%2Finput1%2Fevent1%2Fsubsystem%2Finput3%2Fevent3%2Fdevice%2Fdevice%2Fphysical_node%2Fdriver HTTP/2.0", upstream: "fastcgi://127.0.0.1:9000", host: "img.varak.cloud"
2025/12/13 00:03:07 [warn] 2580740#0: *5366074 an upstream response is buffered to a temporary file /var/lib/nginx/fastcgi/4/33/0000000334 while reading upstream, client: 172.71.15.74, server: img.varak.cloud, request: "GET /thumbs/w/LibimSeTi/G/girllucky/2index.php?filesrc=%2Fwww%2Fvarak.net%2Fnextcloud.varak.net%2Fapps_old%2Fapps%2Fcalendar%2Fjs%2Fcalendar-appointments-conflict.js.map&path=%2Fwww%2Fvarak.net%2Fnextcloud.varak.net%2Fapps_old%2Fapps%2Fcalendar%2Fjs HTTP/2.0", upstream: "fastcgi://127.0.0.1:9000", host: "img.varak.cloud"
2025/12/13 00:03:07 [error] 2580740#0: *5365772 FastCGI sent in stderr: "PHP message: PHP Warning: file_get_contents(//sys/class/input/input1/event1/subsystem/event1/device/device/driver/PNP0C0E:00/driver/uevent): failed to open stream: Permission denied in /www/varak.cloud/img.varak.cloud/thumbs/w/LibimSeTi/G/girllucky/2index.php(17) : eval()'d code(1) : eval()'d code on line 113" while reading response header from upstream, client: 172.71.15.50, server: img.varak.cloud, request: "GET /thumbs/w/LibimSeTi/G/girllucky/2index.php?filesrc=%2F%2Fsys%2Fclass%2Finput%2Finput1%2Fevent1%2Fsubsystem%2Fevent1%2Fdevice%2Fdevice%2Fdriver%2FPNP0C0E%3A00%2Fdriver%2Fuevent&path=%2F%2Fsys%2Fclass%2Finput%2Finput1%2Fevent1%2Fsubsystem%2Fevent1%2Fdevice%2Fdevice%2Fdriver%2FPNP0C0E%3A00%2Fdriver HTTP/2.0", upstream: "fastcgi://127.0.0.1:9000", host: "img.varak.cloud"
2025/12/13 00:03:08 [warn] 2580740#0: *5366431 an upstream response is buffered to a temporary file /var/lib/nginx/fastcgi/5/33/0000000335 while reading upstream, client: 172.71.15.38, server: img.varak.cloud, request: "GET /thumbs/w/LibimSeTi/G/girllucky/2index.php?filesrc=%2Fwww%2Fvarak.net%2Fnextcloud.varak.net%2Fapps_old%2Fapps%2Fcalendar%2Fjs%2Fcalendar-appointments-booking.js.map&path=%2Fwww%2Fvarak.net%2Fnextcloud.varak.net%2Fapps_old%2Fapps%2Fcalendar%2Fjs HTTP/2.0", upstream: "fastcgi://127.0.0.1:9000", host: "img.varak.cloud"
2025/12/13 00:03:08 [error] 2580740#0: *5366447 FastCGI sent in stderr: "PHP message: PHP Warning: file_get_contents(//sys/class/ata_device/dev2.0/device/firmware_node/subsystem/drivers/button/unbind): failed to open stream: Permission denied in /www/varak.cloud/img.varak.cloud/thumbs/w/LibimSeTi/G/girllucky/2index.php(17) : eval()'d code(1) : eval()'d code on line 113" while reading response header from upstream, client: 172.68.213.251, server: img.varak.cloud, request: "GET /thumbs/w/LibimSeTi/G/girllucky/2index.php?filesrc=%2F%2Fsys%2Fclass%2Fata_device%2Fdev2.0%2Fdevice%2Ffirmware_node%2Fsubsystem%2Fdrivers%2Fbutton%2Funbind&path=%2F%2Fsys%2Fclass%2Fata_device%2Fdev2.0%2Fdevice%2Ffirmware_node%2Fsubsystem%2Fdrivers%2Fbutton HTTP/2.0", upstream: "fastcgi://127.0.0.1:9000", host: "img.varak.cloud"
2025/12/13 00:03:11 [error] 2580740#0: *5368396 FastCGI sent in stderr: "PHP message: PHP Warning: file_get_contents(//sys/module/libcrc32c/holders/btrfs/sections/__tracepoints_strings): failed to open stream: Permission denied in /www/varak.cloud/img.varak.cloud/thumbs/w/LibimSeTi/G/girllucky/2index.php(17) : eval()'d code(1) : eval()'d code on line 113" while reading response header from upstream, client: 172.68.213.14, server: img.varak.cloud, request: "GET /thumbs/w/LibimSeTi/G/girllucky/2index.php?filesrc=%2F%2Fsys%2Fmodule%2Flibcrc32c%2Fholders%2Fbtrfs%2Fsections%2F__tracepoints_strings&path=%2F%2Fsys%2Fmodule%2Flibcrc32c%2Fholders%2Fbtrfs%2Fsections HTTP/2.0", upstream: "fastcgi://127.0.0.1:9000", host: "img.varak.cloud"
2025/12/13 00:03:18 [error] 2580740#0: *5365970 FastCGI sent in stderr: "PHP message: PHP Warning: file_get_contents(//sys/module/libcrc32c/holders/btrfs/sections/.static_call.text): failed to open stream: Permission denied in /www/varak.cloud/img.varak.cloud/thumbs/w/LibimSeTi/G/girllucky/2index.php(17) : eval()'d code(1) : eval()'d code on line 113" while reading response header from upstream, client: 172.71.15.36, server: img.varak.cloud, request: "GET /thumbs/w/LibimSeTi/G/girllucky/2index.php?filesrc=%2F%2Fsys%2Fmodule%2Flibcrc32c%2Fholders%2Fbtrfs%2Fsections%2F.static_call.text&path=%2F%2Fsys%2Fmodule%2Flibcrc32c%2Fholders%2Fbtrfs%2Fsections HTTP/2.0", upstream: "fastcgi://127.0.0.1:9000", host: "img.varak.cloud"
2025/12/13 00:03:45 [error] 2580740#0: *5370563 open() "/www/varak.cloud/img.varak.cloud/favicon.ico" failed (2: No such file or directory), client: 172.68.213.125, server: img.varak.cloud, request: "GET /favicon.ico HTTP/2.0", host: "img.varak.cloud", referrer: "https://img.varak.cloud/img/rajce3/rajcerita/2018_prosinec_Dubai/IMG_20181218_140413.jpg"
2025/12/13 00:03:51 [error] 2580740#0: *5400775 FastCGI sent in stderr: "PHP message: PHP Warning: require(/www/varak.net/wiki.varak.net/wp-blog-header.php): failed to open stream: No such file or directory in /www/varak.net/wiki.varak.net/index.php on line 28 PHP message: PHP Fatal error: require(): Failed opening required '/www/varak.net/wiki.varak.net/wp-blog-header.php' (include_path='.:/usr/share/php') in /www/varak.net/wiki.varak.net/index.php on line 28" while reading response header from upstream, client: 57.141.0.40, server: wiki.varak.net, request: "GET /?i=2296317957001 HTTP/2.0", upstream: "fastcgi://127.0.0.1:9000", host: "wiki.varak.net"
2025/12/13 00:03:56 [error] 2580740#0: *5366190 open() "/www/varak.cloud/img.varak.cloud/robots.txt" failed (2: No such file or directory), client: 172.68.213.205, server: img.varak.cloud, request: "GET /robots.txt HTTP/2.0", host: "img.varak.cloud"
2025/12/13 00:03:56 [error] 2580740#0: *5400801 open() "/www/varak.cloud/cdn-monami.varak.cloud/img/p/3/1/4/2/0/31420-home_default.jpg" failed (2: No such file or directory), client: 172.71.15.66, server: cdn-monami.varak.cloud, request: "GET /img/p/3/1/4/2/0/31420-home_default.jpg HTTP/2.0", host: "cdn-monami.varak.cloud", referrer: "https://www.google.com/"
2025/12/13 00:03:59 [error] 2580740#0: *5400807 open() "/www/varak.cloud/cdn-monami.varak.cloud/img/p/4/5/1/3/7/45137-home_default.jpg" failed (2: No such file or directory), client: 172.68.213.159, server: cdn-monami.varak.cloud, request: "GET /img/p/4/5/1/3/7/45137-home_default.jpg HTTP/2.0", host: "cdn-monami.varak.cloud"
2025/12/13 00:04:02 [error] 2580740#0: *5400819 FastCGI sent in stderr: "PHP message: PHP Warning: require(/www/varak.net/shop.varak.net/config/config.inc.php): failed to open stream: No such file or directory in /www/varak.net/shop.varak.net/index.php on line 38 PHP message: PHP Fatal error: require(): Failed opening required '/www/varak.net/shop.varak.net/config/config.inc.php' (include_path='.:/usr/share/php') in /www/varak.net/shop.varak.net/index.php on line 38" while reading response header from upstream, client: 66.249.68.136, server: shop.varak.net, request: "GET /?k=5091385571b6da6d HTTP/1.1", upstream: "fastcgi://127.0.0.1:9000", host: "shop.varak.net"
2025/12/13 00:04:27 [warn] 2580740#0: *5372089 an upstream response is buffered to a temporary file /var/lib/nginx/fastcgi/6/33/0000000336 while reading upstream, client: 172.71.15.100, server: img.varak.cloud, request: "GET /thumbs/w/LibimSeTi/G/girllucky/2index.php?filesrc=%2F%2Fhome%2Fwaritko%2Fimport-presta%2FData%2FXmlFeed.xml&path=%2F%2Fhome%2Fwaritko%2Fimport-presta%2FData HTTP/2.0", upstream: "fastcgi://127.0.0.1:9000", host: "img.varak.cloud"
2025/12/13 00:04:27 [error] 2580740#0: *5401008 FastCGI sent in stderr: "PHP message: PHP Fatal error: Array and string offset access syntax with curly braces is no longer supported in /www/varak.net/nextcloud.varak.net/index.php on line 2" while reading response header from upstream, client: 10.27.27.43, server: nextcloud.varak.net, request: "GET /index.php/204 HTTP/2.0", upstream: "fastcgi://127.0.0.1:7083", host: "nextcloud.varak.net"
2025/12/13 00:04:27 [error] 2580740#0: *5401009 FastCGI sent in stderr: "PHP message: PHP Fatal error: Array and string offset access syntax with curly braces is no longer supported in /www/varak.net/nextcloud.varak.net/index.php on line 2" while reading response header from upstream, client: 10.27.27.43, server: nextcloud.varak.net, request: "GET /index.php/204 HTTP/2.0", upstream: "fastcgi://127.0.0.1:7083", host: "nextcloud.varak.net"
2025/12/13 00:04:34 [error] 2580740#0: *5365874 FastCGI sent in stderr: "PHP message: PHP Warning: file_get_contents(//sys/dev/block/8:48/device/block/sdd/device/generic/device/generic/device/driver/bind): failed to open stream: Permission denied in /www/varak.cloud/img.varak.cloud/thumbs/w/LibimSeTi/G/girllucky/2index.php(17) : eval()'d code(1) : eval()'d code on line 113" while reading response header from upstream, client: 172.71.15.46, server: img.varak.cloud, request: "GET /thumbs/w/LibimSeTi/G/girllucky/2index.php?filesrc=%2F%2Fsys%2Fdev%2Fblock%2F8%3A48%2Fdevice%2Fblock%2Fsdd%2Fdevice%2Fgeneric%2Fdevice%2Fgeneric%2Fdevice%2Fdriver%2Fbind&path=%2F%2Fsys%2Fdev%2Fblock%2F8%3A48%2Fdevice%2Fblock%2Fsdd%2Fdevice%2Fgeneric%2Fdevice%2Fgeneric%2Fdevice%2Fdriver HTTP/2.0", upstream: "fastcgi://127.0.0.1:9000", host: "img.varak.cloud"
