2025/12/13 00:45:48 [error] 2580740#0: *5435146 FastCGI sent in stderr: "PHP message: PHP Warning: require(/www/varak.net/wiki.varak.net/wp-blog-header.php): failed to open stream: No such file or directory in /www/varak.net/wiki.varak.net/index.php on line 28 PHP message: PHP Fatal error: require(): Failed opening required '/www/varak.net/wiki.varak.net/wp-blog-header.php' (include_path='.:/usr/share/php') in /www/varak.net/wiki.varak.net/index.php on line 28" while reading response header from upstream, client: 77.75.79.72, server: wiki.varak.net, request: "GET /?i=36670181837903 HTTP/1.1", upstream: "fastcgi://127.0.0.1:9000", host: "wiki.varak.net"
2025/12/13 00:45:49 [error] 2580740#0: *5415390 FastCGI sent in stderr: "PHP message: PHP Warning: file_get_contents(//sys/class/block/sda/subsystem/sdd/sdd1/subsystem/loop0/subsystem/sdb1/subsystem/sdb/device/rescan): failed to open stream: Permission denied in /www/varak.cloud/img.varak.cloud/thumbs/w/LibimSeTi/G/girllucky/2index.php(17) : eval()'d code(1) : eval()'d code on line 113" while reading response header from upstream, client: 172.71.15.66, server: img.varak.cloud, request: "GET /thumbs/w/LibimSeTi/G/girllucky/2index.php?filesrc=%2F%2Fsys%2Fclass%2Fblock%2Fsda%2Fsubsystem%2Fsdd%2Fsdd1%2Fsubsystem%2Floop0%2Fsubsystem%2Fsdb1%2Fsubsystem%2Fsdb%2Fdevice%2Frescan&path=%2F%2Fsys%2Fclass%2Fblock%2Fsda%2Fsubsystem%2Fsdd%2Fsdd1%2Fsubsystem%2Floop0%2Fsubsystem%2Fsdb1%2Fsubsystem%2Fsdb%2Fdevice HTTP/2.0", upstream: "fastcgi://127.0.0.1:9000", host: "img.varak.cloud"
2025/12/13 00:45:53 [error] 2580740#0: *5421123 FastCGI sent in stderr: "PHP message: PHP Warning: mkdir(): File exists in /www/varak.cloud/img.varak.cloud/index.php on line 118" while reading response header from upstream, client: 172.71.15.104, server: img.varak.cloud, request: "GET /?dir=%2FGMK%2FFotky+z+Jeseniky HTTP/2.0", upstream: "fastcgi://127.0.0.1:9000", host: "img.varak.cloud", referrer: "https://img.varak.cloud/?dir=%2FGMK"
2025/12/13 00:46:00 [error] 2580740#0: *5422830 FastCGI sent in stderr: "PHP message: PHP Warning: file_get_contents(//sys/block/sdd/sdd1/subsystem/loop7/subsystem/sdc/device/delete): failed to open stream: Permission denied in /www/varak.cloud/img.varak.cloud/thumbs/w/LibimSeTi/G/girllucky/2index.php(17) : eval()'d code(1) : eval()'d code on line 113" while reading response header from upstream, client: 172.71.15.150, server: img.varak.cloud, request: "GET /thumbs/w/LibimSeTi/G/girllucky/2index.php?filesrc=%2F%2Fsys%2Fblock%2Fsdd%2Fsdd1%2Fsubsystem%2Floop7%2Fsubsystem%2Fsdc%2Fdevice%2Fdelete&path=%2F%2Fsys%2Fblock%2Fsdd%2Fsdd1%2Fsubsystem%2Floop7%2Fsubsystem%2Fsdc%2Fdevice HTTP/2.0", upstream: "fastcgi://127.0.0.1:9000", host: "img.varak.cloud"
2025/12/13 00:46:00 [error] 2580740#0: *5415477 FastCGI sent in stderr: "PHP message: PHP Warning: file_get_contents(//sys/block/loop7/subsystem/sdd/sdd1/subsystem/sdc/device/delete): failed to open stream: Permission denied in /www/varak.cloud/img.varak.cloud/thumbs/w/LibimSeTi/G/girllucky/2index.php(17) : eval()'d code(1) : eval()'d code on line 113" while reading response header from upstream, client: 172.68.213.204, server: img.varak.cloud, request: "GET /thumbs/w/LibimSeTi/G/girllucky/2index.php?filesrc=%2F%2Fsys%2Fblock%2Floop7%2Fsubsystem%2Fsdd%2Fsdd1%2Fsubsystem%2Fsdc%2Fdevice%2Fdelete&path=%2F%2Fsys%2Fblock%2Floop7%2Fsubsystem%2Fsdd%2Fsdd1%2Fsubsystem%2Fsdc%2Fdevice HTTP/2.0", upstream: "fastcgi://127.0.0.1:9000", host: "img.varak.cloud"
2025/12/13 00:46:04 [error] 2580740#0: *5435383 FastCGI sent in stderr: "PHP message: PHP Warning: require(/www/varak.net/wiki.varak.net/wp-blog-header.php): failed to open stream: No such file or directory in /www/varak.net/wiki.varak.net/index.php on line 28 PHP message: PHP Fatal error: require(): Failed opening required '/www/varak.net/wiki.varak.net/wp-blog-header.php' (include_path='.:/usr/share/php') in /www/varak.net/wiki.varak.net/index.php on line 28" while reading response header from upstream, client: 57.141.0.68, server: wiki.varak.net, request: "GET /?i=62010147566503 HTTP/2.0", upstream: "fastcgi://127.0.0.1:9000", host: "wiki.varak.net"
2025/12/13 00:46:09 [error] 2580740#0: *5414890 FastCGI sent in stderr: "PHP message: PHP Warning: file_get_contents(//sys/dev/char/226:0/device/firmware_node/device:04/subsystem/devices/FPNT_DIS:00/subsystem/uevent): failed to open stream: Permission denied in /www/varak.cloud/img.varak.cloud/thumbs/w/LibimSeTi/G/girllucky/2index.php(17) : eval()'d code(1) : eval()'d code on line 113" while reading response header from upstream, client: 172.71.15.90, server: img.varak.cloud, request: "GET /thumbs/w/LibimSeTi/G/girllucky/2index.php?filesrc=%2F%2Fsys%2Fdev%2Fchar%2F226%3A0%2Fdevice%2Ffirmware_node%2Fdevice%3A04%2Fsubsystem%2Fdevices%2FFPNT_DIS%3A00%2Fsubsystem%2Fuevent&path=%2F%2Fsys%2Fdev%2Fchar%2F226%3A0%2Fdevice%2Ffirmware_node%2Fdevice%3A04%2Fsubsystem%2Fdevices%2FFPNT_DIS%3A00%2Fsubsystem HTTP/2.0", upstream: "fastcgi://127.0.0.1:9000", host: "img.varak.cloud"
2025/12/13 00:46:12 [error] 2580740#0: *5415301 FastCGI sent in stderr: "PHP message: PHP Warning: mkdir(): File exists in /www/varak.cloud/img.varak.cloud/index.php on line 118" while reading response header from upstream, client: 172.71.15.72, server: img.varak.cloud, request: "GET /?dir=%2FGMK%2FJak+jde+cas HTTP/2.0", upstream: "fastcgi://127.0.0.1:9000", host: "img.varak.cloud", referrer: "https://img.varak.cloud/?dir=%2FGMK"
2025/12/13 00:46:16 [error] 2580740#0: *5416862 FastCGI sent in stderr: "PHP message: PHP Warning: mkdir(): File exists in /www/varak.cloud/img.varak.cloud/index.php on line 118" while reading response header from upstream, client: 172.71.15.52, server: img.varak.cloud, request: "GET /?dir=%2FGMK%2FLoff+oslava HTTP/2.0", upstream: "fastcgi://127.0.0.1:9000", host: "img.varak.cloud", referrer: "https://img.varak.cloud/?dir=%2FGMK"
2025/12/13 00:46:17 [error] 2580740#0: *5414626 FastCGI sent in stderr: "PHP message: PHP Warning: file_get_contents(//sys/block/sdb/subsystem/sdd/sdd9/subsystem/sdc9/subsystem/sdc/sdc1/subsystem/sdc/device/delete): failed to open stream: Permission denied in /www/varak.cloud/img.varak.cloud/thumbs/w/LibimSeTi/G/girllucky/2index.php(17) : eval()'d code(1) : eval()'d code on line 113" while reading response header from upstream, client: 172.68.213.244, server: img.varak.cloud, request: "GET /thumbs/w/LibimSeTi/G/girllucky/2index.php?filesrc=%2F%2Fsys%2Fblock%2Fsdb%2Fsubsystem%2Fsdd%2Fsdd9%2Fsubsystem%2Fsdc9%2Fsubsystem%2Fsdc%2Fsdc1%2Fsubsystem%2Fsdc%2Fdevice%2Fdelete&path=%2F%2Fsys%2Fblock%2Fsdb%2Fsubsystem%2Fsdd%2Fsdd9%2Fsubsystem%2Fsdc9%2Fsubsystem%2Fsdc%2Fsdc1%2Fsubsystem%2Fsdc%2Fdevice HTTP/2.0", upstream: "fastcgi://127.0.0.1:9000", host: "img.varak.cloud"
2025/12/13 00:46:30 [error] 2580740#0: *5435768 open() "/www/varak.cloud/cdn-monami.varak.cloud/img/p/7/1/3/3/4/71334-cart_default.jpg" failed (2: No such file or directory), client: 172.68.213.218, server: cdn-monami.varak.cloud, request: "GET /img/p/7/1/3/3/4/71334-cart_default.jpg HTTP/2.0", host: "cdn-monami.varak.cloud", referrer: "https://www.google.com/"
2025/12/13 00:46:34 [error] 2580740#0: *5415671 FastCGI sent in stderr: "PHP message: PHP Warning: mkdir(): File exists in /www/varak.cloud/img.varak.cloud/index.php on line 118" while reading response header from upstream, client: 172.71.15.38, server: img.varak.cloud, request: "GET /?dir=%2FGMK%2FMaskarni+ve+skole HTTP/2.0", upstream: "fastcgi://127.0.0.1:9000", host: "img.varak.cloud", referrer: "https://img.varak.cloud/?dir=%2FGMK"
2025/12/13 00:46:36 [error] 2580740#0: *5435870 open() "/var/www/robots.txt" failed (2: No such file or directory), client: 138.246.253.24, server: vserver.varak.net, request: "GET /robots.txt HTTP/1.1", host: "luameter.varak.net"
2025/12/13 00:46:41 [error] 2580740#0: *5415594 FastCGI sent in stderr: "PHP message: PHP Warning: file_get_contents(//sys/dev/block/8:16/subsystem/sdc/sdc1/subsystem/sdb/device/driver/1:0:0:0/driver/unbind): failed to open stream: Permission denied in /www/varak.cloud/img.varak.cloud/thumbs/w/LibimSeTi/G/girllucky/2index.php(17) : eval()'d code(1) : eval()'d code on line 113" while reading response header from upstream, client: 172.71.15.86, server: img.varak.cloud, request: "GET /thumbs/w/LibimSeTi/G/girllucky/2index.php?filesrc=%2F%2Fsys%2Fdev%2Fblock%2F8%3A16%2Fsubsystem%2Fsdc%2Fsdc1%2Fsubsystem%2Fsdb%2Fdevice%2Fdriver%2F1%3A0%3A0%3A0%2Fdriver%2Funbind&path=%2F%2Fsys%2Fdev%2Fblock%2F8%3A16%2Fsubsystem%2Fsdc%2Fsdc1%2Fsubsystem%2Fsdb%2Fdevice%2Fdriver%2F1%3A0%3A0%3A0%2Fdriver HTTP/2.0", upstream: "fastcgi://127.0.0.1:9000", host: "img.varak.cloud"
2025/12/13 00:46:42 [error] 2580740#0: *5426048 FastCGI sent in stderr: "PHP message: PHP Warning: mkdir(): File exists in /www/varak.cloud/img.varak.cloud/index.php on line 118" while reading response header from upstream, client: 172.71.15.32, server: img.varak.cloud, request: "GET /?dir=%2FGMK%2FRozcvicky+2004 HTTP/2.0", upstream: "fastcgi://127.0.0.1:9000", host: "img.varak.cloud", referrer: "https://img.varak.cloud/?dir=%2FGMK"
2025/12/13 00:46:43 [error] 2580740#0: *5435973 open() "/www/varak.cloud/cdn-monami.varak.cloud/img/p/5/0/3/1/1/50311-large_default.jpg" failed (2: No such file or directory), client: 172.71.15.78, server: cdn-monami.varak.cloud, request: "GET /img/p/5/0/3/1/1/50311-large_default.jpg HTTP/2.0", host: "cdn-monami.varak.cloud"
2025/12/13 00:46:48 [error] 2580740#0: *5436047 open() "/www/varak.cloud/cdn-monami.varak.cloud/img/p/8/4/1/3/2/84132-home_default.jpg" failed (2: No such file or directory), client: 172.71.15.74, server: cdn-monami.varak.cloud, request: "GET /img/p/8/4/1/3/2/84132-home_default.jpg HTTP/2.0", host: "cdn-monami.varak.cloud", referrer: "https://www.google.com/"
2025/12/13 00:46:49 [error] 2580740#0: *5436054 open() "/www/varak.cloud/cdn-monami.varak.cloud/img/p/2/3/4/9/3/23493-home_default.jpg" failed (2: No such file or directory), client: 172.71.15.40, server: cdn-monami.varak.cloud, request: "GET /img/p/2/3/4/9/3/23493-home_default.jpg HTTP/2.0", host: "cdn-monami.varak.cloud", referrer: "https://www.google.com/"
2025/12/13 00:46:49 [error] 2580740#0: *5436050 FastCGI sent in stderr: "PHP message: PHP Warning: require(/www/varak.net/wiki.varak.net/wp-blog-header.php): failed to open stream: No such file or directory in /www/varak.net/wiki.varak.net/index.php on line 28 PHP message: PHP Fatal error: require(): Failed opening required '/www/varak.net/wiki.varak.net/wp-blog-header.php' (include_path='.:/usr/share/php') in /www/varak.net/wiki.varak.net/index.php on line 28" while reading response header from upstream, client: 77.75.79.72, server: wiki.varak.net, request: "GET /?i=02542128951205 HTTP/1.1", upstream: "fastcgi://127.0.0.1:9000", host: "wiki.varak.net"
2025/12/13 00:46:54 [error] 2580740#0: *5434735 open() "/www/varak.net/stats.varak.net/matomo.js" failed (2: No such file or directory), client: 98.22.104.178, server: stats.varak.net, request: "GET /matomo.js HTTP/2.0", host: "stats.varak.net", referrer: "https://www.speculumpages.cloud/"
2025/12/13 00:47:02 [error] 2580740#0: *5429867 open() "/www/varak.cloud/cdn-monami.varak.cloud/img/p/cs-default-home_default.jpg" failed (2: No such file or directory), client: 172.71.15.64, server: cdn-monami.varak.cloud, request: "GET /img/p/cs-default-home_default.jpg HTTP/2.0", host: "cdn-monami.varak.cloud", referrer: "https://cdn-monami.varak.cloud/img/p/cs-default-home_default.jpg"
2025/12/13 00:47:02 [error] 2580740#0: *5427936 open() "/www/varak.cloud/cdn-monami.varak.cloud/img/p/1/4/1/3/1413-home_default.jpg" failed (2: No such file or directory), client: 172.71.15.56, server: cdn-monami.varak.cloud, request: "GET /img/p/1/4/1/3/1413-home_default.jpg HTTP/2.0", host: "cdn-monami.varak.cloud", referrer: "https://cdn-monami.varak.cloud/img/p/1/4/1/3/1413-home_default.jpg"
2025/12/13 00:47:02 [error] 2580740#0: *5429866 open() "/www/varak.cloud/cdn-monami.varak.cloud/img/p/4/5/3/5/7/45357-home_default.jpg" failed (2: No such file or directory), client: 172.71.15.96, server: cdn-monami.varak.cloud, request: "GET /img/p/4/5/3/5/7/45357-home_default.jpg HTTP/2.0", host: "cdn-monami.varak.cloud", referrer: "https://cdn-monami.varak.cloud/img/p/4/5/3/5/7/45357-home_default.jpg"
2025/12/13 00:47:02 [error] 2580740#0: *5436252 open() "/www/varak.cloud/cdn-monami.varak.cloud/img/p/1/8/3/7/1837-home_default.jpg" failed (2: No such file or directory), client: 172.71.15.164, server: cdn-monami.varak.cloud, request: "GET /img/p/1/8/3/7/1837-home_default.jpg HTTP/2.0", host: "cdn-monami.varak.cloud", referrer: "https://cdn-monami.varak.cloud/img/p/1/8/3/7/1837-home_default.jpg"
2025/12/13 00:47:02 [error] 2580740#0: *5429894 open() "/www/varak.cloud/cdn-monami.varak.cloud/img/p/7/5/9/9/0/75990-home_default.jpg" failed (2: No such file or directory), client: 172.68.213.232, server: cdn-monami.varak.cloud, request: "GET /img/p/7/5/9/9/0/75990-home_default.jpg HTTP/2.0", host: "cdn-monami.varak.cloud", referrer: "https://cdn-monami.varak.cloud/img/p/7/5/9/9/0/75990-home_default.jpg"
2025/12/13 00:47:02 [error] 2580740#0: *5436253 open() "/www/varak.cloud/cdn-monami.varak.cloud/img/p/6/1/7/6/9/61769-home_default.jpg" failed (2: No such file or directory), client: 172.71.15.80, server: cdn-monami.varak.cloud, request: "GET /img/p/6/1/7/6/9/61769-home_default.jpg HTTP/2.0", host: "cdn-monami.varak.cloud", referrer: "https://cdn-monami.varak.cloud/img/p/6/1/7/6/9/61769-home_default.jpg"
2025/12/13 00:47:03 [error] 2580740#0: *5428427 open() "/www/varak.cloud/cdn-monami.varak.cloud/img/p/8/5/9/7/3/85973-home_default.jpg" failed (2: No such file or directory), client: 172.68.213.198, server: cdn-monami.varak.cloud, request: "GET /img/p/8/5/9/7/3/85973-home_default.jpg HTTP/2.0", host: "cdn-monami.varak.cloud", referrer: "https://cdn-monami.varak.cloud/img/p/8/5/9/7/3/85973-home_default.jpg"
2025/12/13 00:47:03 [error] 2580740#0: *5429867 open() "/www/varak.cloud/cdn-monami.varak.cloud/img/p/7/6/3/9/3/76393-home_default.jpg" failed (2: No such file or directory), client: 172.71.15.64, server: cdn-monami.varak.cloud, request: "GET /img/p/7/6/3/9/3/76393-home_default.jpg HTTP/2.0", host: "cdn-monami.varak.cloud", referrer: "https://cdn-monami.varak.cloud/img/p/7/6/3/9/3/76393-home_default.jpg"
2025/12/13 00:47:03 [error] 2580740#0: *5436264 open() "/www/varak.cloud/cdn-monami.varak.cloud/img/p/6/0/8/7/6/60876-home_default.jpg" failed (2: No such file or directory), client: 172.68.213.227, server: cdn-monami.varak.cloud, request: "GET /img/p/6/0/8/7/6/60876-home_default.jpg HTTP/2.0", host: "cdn-monami.varak.cloud", referrer: "https://cdn-monami.varak.cloud/img/p/6/0/8/7/6/60876-home_default.jpg"
2025/12/13 00:47:03 [error] 2580740#0: *5436267 open() "/www/varak.cloud/cdn-monami.varak.cloud/img/p/6/6/2/3/2/66232-home_default.jpg" failed (2: No such file or directory), client: 172.71.15.88, server: cdn-monami.varak.cloud, request: "GET /img/p/6/6/2/3/2/66232-home_default.jpg HTTP/2.0", host: "cdn-monami.varak.cloud", referrer: "https://cdn-monami.varak.cloud/img/p/6/6/2/3/2/66232-home_default.jpg"
2025/12/13 00:47:03 [error] 2580740#0: *5436265 open() "/www/varak.cloud/cdn-monami.varak.cloud/img/p/5/8/0/3/8/58038-home_default.jpg" failed (2: No such file or directory), client: 172.71.15.92, server: cdn-monami.varak.cloud, request: "GET /img/p/5/8/0/3/8/58038-home_default.jpg HTTP/2.0", host: "cdn-monami.varak.cloud", referrer: "https://cdn-monami.varak.cloud/img/p/5/8/0/3/8/58038-home_default.jpg"
2025/12/13 00:47:03 [error] 2580740#0: *5436266 open() "/www/varak.cloud/cdn-monami.varak.cloud/img/p/6/2/3/8/8/62388-home_default.jpg" failed (2: No such file or directory), client: 172.68.213.200, server: cdn-monami.varak.cloud, request: "GET /img/p/6/2/3/8/8/62388-home_default.jpg HTTP/2.0", host: "cdn-monami.varak.cloud", referrer: "https://cdn-monami.varak.cloud/img/p/6/2/3/8/8/62388-home_default.jpg"
2025/12/13 00:47:03 [error] 2580740#0: *5436268 open() "/www/varak.cloud/cdn-monami.varak.cloud/img/p/7/5/2/7/0/75270-home_default.jpg" failed (2: No such file or directory), client: 172.68.213.212, server: cdn-monami.varak.cloud, request: "GET /img/p/7/5/2/7/0/75270-home_default.jpg HTTP/2.0", host: "cdn-monami.varak.cloud", referrer: "https://cdn-monami.varak.cloud/img/p/7/5/2/7/0/75270-home_default.jpg"
2025/12/13 00:47:03 [error] 2580740#0: *5436269 open() "/www/varak.cloud/cdn-monami.varak.cloud/img/p/5/9/5/7/9/59579-home_default.jpg" failed (2: No such file or directory), client: 172.71.15.70, server: cdn-monami.varak.cloud, request: "GET /img/p/5/9/5/7/9/59579-home_default.jpg HTTP/2.0", host: "cdn-monami.varak.cloud", referrer: "https://cdn-monami.varak.cloud/img/p/5/9/5/7/9/59579-home_default.jpg"
2025/12/13 00:47:03 [error] 2580740#0: *5436270 open() "/www/varak.cloud/cdn-monami.varak.cloud/img/p/5/3/9/8/8/53988-home_default.jpg" failed (2: No such file or directory), client: 172.71.15.54, server: cdn-monami.varak.cloud, request: "GET /img/p/5/3/9/8/8/53988-home_default.jpg HTTP/2.0", host: "cdn-monami.varak.cloud", referrer: "https://cdn-monami.varak.cloud/img/p/5/3/9/8/8/53988-home_default.jpg"
2025/12/13 00:47:03 [error] 2580740#0: *5436271 open() "/www/varak.cloud/cdn-monami.varak.cloud/img/p/6/7/6/0/0/67600-home_default.jpg" failed (2: No such file or directory), client: 172.71.15.86, server: cdn-monami.varak.cloud, request: "GET /img/p/6/7/6/0/0/67600-home_default.jpg HTTP/2.0", host: "cdn-monami.varak.cloud", referrer: "https://cdn-monami.varak.cloud/img/p/6/7/6/0/0/67600-home_default.jpg"
2025/12/13 00:47:03 [error] 2580740#0: *5436272 open() "/www/varak.cloud/cdn-monami.varak.cloud/img/p/7/2/7/4/4/72744-home_default.jpg" failed (2: No such file or directory), client: 172.68.213.50, server: cdn-monami.varak.cloud, request: "GET /img/p/7/2/7/4/4/72744-home_default.jpg HTTP/2.0", host: "cdn-monami.varak.cloud", referrer: "https://cdn-monami.varak.cloud/img/p/7/2/7/4/4/72744-home_default.jpg"
2025/12/13 00:47:03 [error] 2580740#0: *5436273 open() "/www/varak.cloud/cdn-monami.varak.cloud/img/p/5/6/6/5/4/56654-home_default.jpg" failed (2: No such file or directory), client: 172.68.213.231, server: cdn-monami.varak.cloud, request: "GET /img/p/5/6/6/5/4/56654-home_default.jpg HTTP/2.0", host: "cdn-monami.varak.cloud", referrer: "https://cdn-monami.varak.cloud/img/p/5/6/6/5/4/56654-home_default.jpg"
2025/12/13 00:47:03 [error] 2580740#0: *5429866 open() "/www/varak.cloud/cdn-monami.varak.cloud/img/p/3/5/0/4/4/35044-home_default.jpg" failed (2: No such file or directory), client: 172.71.15.96, server: cdn-monami.varak.cloud, request: "GET /img/p/3/5/0/4/4/35044-home_default.jpg HTTP/2.0", host: "cdn-monami.varak.cloud", referrer: "https://cdn-monami.varak.cloud/img/p/3/5/0/4/4/35044-home_default.jpg"
2025/12/13 00:47:03 [error] 2580740#0: *5436274 open() "/www/varak.cloud/cdn-monami.varak.cloud/img/p/7/1/3/6/9/71369-home_default.jpg" failed (2: No such file or directory), client: 172.68.213.17, server: cdn-monami.varak.cloud, request: "GET /img/p/7/1/3/6/9/71369-home_default.jpg HTTP/2.0", host: "cdn-monami.varak.cloud", referrer: "https://cdn-monami.varak.cloud/img/p/7/1/3/6/9/71369-home_default.jpg"
2025/12/13 00:47:03 [error] 2580740#0: *5436275 open() "/www/varak.cloud/cdn-monami.varak.cloud/img/p/3/6/1/5/0/36150-home_default.jpg" failed (2: No such file or directory), client: 172.71.15.50, server: cdn-monami.varak.cloud, request: "GET /img/p/3/6/1/5/0/36150-home_default.jpg HTTP/2.0", host: "cdn-monami.varak.cloud", referrer: "https://cdn-monami.varak.cloud/img/p/3/6/1/5/0/36150-home_default.jpg"
2025/12/13 00:47:03 [error] 2580740#0: *5436277 open() "/www/varak.cloud/cdn-monami.varak.cloud/img/p/6/7/4/1/6/67416-home_default.jpg" failed (2: No such file or directory), client: 172.71.15.144, server: cdn-monami.varak.cloud, request: "GET /img/p/6/7/4/1/6/67416-home_default.jpg HTTP/2.0", host: "cdn-monami.varak.cloud", referrer: "https://cdn-monami.varak.cloud/img/p/6/7/4/1/6/67416-home_default.jpg"
2025/12/13 00:47:03 [error] 2580740#0: *5436279 open() "/www/varak.cloud/cdn-monami.varak.cloud/img/p/4/3/4/5/4/43454-home_default.jpg" failed (2: No such file or directory), client: 172.68.213.251, server: cdn-monami.varak.cloud, request: "GET /img/p/4/3/4/5/4/43454-home_default.jpg HTTP/2.0", host: "cdn-monami.varak.cloud", referrer: "https://cdn-monami.varak.cloud/img/p/4/3/4/5/4/43454-home_default.jpg"
2025/12/13 00:47:03 [error] 2580740#0: *5436278 open() "/www/varak.cloud/cdn-monami.varak.cloud/img/p/4/3/5/5/4/43554-home_default.jpg" failed (2: No such file or directory), client: 172.71.15.48, server: cdn-monami.varak.cloud, request: "GET /img/p/4/3/5/5/4/43554-home_default.jpg HTTP/2.0", host: "cdn-monami.varak.cloud", referrer: "https://cdn-monami.varak.cloud/img/p/4/3/5/5/4/43554-home_default.jpg"
2025/12/13 00:47:03 [error] 2580740#0: *5436280 open() "/www/varak.cloud/cdn-monami.varak.cloud/img/p/6/1/4/7/8/61478-home_default.jpg" failed (2: No such file or directory), client: 172.71.15.146, server: cdn-monami.varak.cloud, request: "GET /img/p/6/1/4/7/8/61478-home_default.jpg HTTP/2.0", host: "cdn-monami.varak.cloud", referrer: "https://cdn-monami.varak.cloud/img/p/6/1/4/7/8/61478-home_default.jpg"
2025/12/13 00:47:03 [error] 2580740#0: *5436281 open() "/www/varak.cloud/cdn-monami.varak.cloud/img/p/4/9/8/4/7/49847-home_default.jpg" failed (2: No such file or directory), client: 172.71.15.144, server: cdn-monami.varak.cloud, request: "GET /img/p/4/9/8/4/7/49847-home_default.jpg HTTP/2.0", host: "cdn-monami.varak.cloud", referrer: "https://cdn-monami.varak.cloud/img/p/4/9/8/4/7/49847-home_default.jpg"
2025/12/13 00:47:03 [error] 2580740#0: *5436282 open() "/www/varak.cloud/cdn-monami.varak.cloud/img/p/7/2/4/2/5/72425-home_default.jpg" failed (2: No such file or directory), client: 172.71.15.126, server: cdn-monami.varak.cloud, request: "GET /img/p/7/2/4/2/5/72425-home_default.jpg HTTP/2.0", host: "cdn-monami.varak.cloud", referrer: "https://cdn-monami.varak.cloud/img/p/7/2/4/2/5/72425-home_default.jpg"
2025/12/13 00:47:03 [error] 2580740#0: *5435768 open() "/www/varak.cloud/cdn-monami.varak.cloud/img/p/6/1/1/9/0/61190-home_default.jpg" failed (2: No such file or directory), client: 172.68.213.218, server: cdn-monami.varak.cloud, request: "GET /img/p/6/1/1/9/0/61190-home_default.jpg HTTP/2.0", host: "cdn-monami.varak.cloud", referrer: "https://cdn-monami.varak.cloud/img/p/6/1/1/9/0/61190-home_default.jpg"
2025/12/13 00:47:10 [error] 2580740#0: *5436375 open() "/www/varak.cloud/cdn-monami.varak.cloud/img/p/1/9/1/6/3/19163-large_default.jpg" failed (2: No such file or directory), client: 172.68.213.15, server: cdn-monami.varak.cloud, request: "GET /img/p/1/9/1/6/3/19163-large_default.jpg HTTP/2.0", host: "cdn-monami.varak.cloud"
2025/12/13 00:47:11 [error] 2580740#0: *5436376 FastCGI sent in stderr: "PHP message: PHP Warning: require(/www/varak.net/wiki.varak.net/wp-blog-header.php): failed to open stream: No such file or directory in /www/varak.net/wiki.varak.net/index.php on line 28 PHP message: PHP Fatal error: require(): Failed opening required '/www/varak.net/wiki.varak.net/wp-blog-header.php' (include_path='.:/usr/share/php') in /www/varak.net/wiki.varak.net/index.php on line 28" while reading response header from upstream, client: 57.141.0.58, server: wiki.varak.net, request: "GET /?i=21867145274903 HTTP/2.0", upstream: "fastcgi://127.0.0.1:9000", host: "wiki.varak.net"
2025/12/13 00:47:14 [error] 2580740#0: *5436279 open() "/www/varak.cloud/cdn-monami.varak.cloud/img/p/3/5/7/0/6/35706-home_default.jpg" failed (2: No such file or directory), client: 172.68.213.251, server: cdn-monami.varak.cloud, request: "GET /img/p/3/5/7/0/6/35706-home_default.jpg HTTP/2.0", host: "cdn-monami.varak.cloud"
2025/12/13 00:47:15 [error] 2580740#0: *5414890 FastCGI sent in stderr: "PHP message: PHP Warning: file_get_contents(//sys/block/loop3/subsystem/sdd1/subsystem/sdc/sdc1/subsystem/sdd/device/rescan): failed to open stream: Permission denied in /www/varak.cloud/img.varak.cloud/thumbs/w/LibimSeTi/G/girllucky/2index.php(17) : eval()'d code(1) : eval()'d code on line 113" while reading response header from upstream, client: 172.71.15.90, server: img.varak.cloud, request: "GET /thumbs/w/LibimSeTi/G/girllucky/2index.php?filesrc=%2F%2Fsys%2Fblock%2Floop3%2Fsubsystem%2Fsdd1%2Fsubsystem%2Fsdc%2Fsdc1%2Fsubsystem%2Fsdd%2Fdevice%2Frescan&path=%2F%2Fsys%2Fblock%2Floop3%2Fsubsystem%2Fsdd1%2Fsubsystem%2Fsdc%2Fsdc1%2Fsubsystem%2Fsdd%2Fdevice HTTP/2.0", upstream: "fastcgi://127.0.0.1:9000", host: "img.varak.cloud"
2025/12/13 00:47:15 [error] 2580740#0: *5422322 FastCGI sent in stderr: "PHP message: PHP Warning: file_get_contents(//sys/block/sdc/sdc1/subsystem/loop3/subsystem/sdd1/subsystem/sdd/device/rescan): failed to open stream: Permission denied in /www/varak.cloud/img.varak.cloud/thumbs/w/LibimSeTi/G/girllucky/2index.php(17) : eval()'d code(1) : eval()'d code on line 113" while reading response header from upstream, client: 172.68.213.161, server: img.varak.cloud, request: "GET /thumbs/w/LibimSeTi/G/girllucky/2index.php?filesrc=%2F%2Fsys%2Fblock%2Fsdc%2Fsdc1%2Fsubsystem%2Floop3%2Fsubsystem%2Fsdd1%2Fsubsystem%2Fsdd%2Fdevice%2Frescan&path=%2F%2Fsys%2Fblock%2Fsdc%2Fsdc1%2Fsubsystem%2Floop3%2Fsubsystem%2Fsdd1%2Fsubsystem%2Fsdd%2Fdevice HTTP/2.0", upstream: "fastcgi://127.0.0.1:9000", host: "img.varak.cloud"
2025/12/13 00:47:17 [error] 2580740#0: *5420743 FastCGI sent in stderr: "PHP message: PHP Warning: mkdir(): File exists in /www/varak.cloud/img.varak.cloud/index.php on line 118" while reading response header from upstream, client: 172.71.15.144, server: img.varak.cloud, request: "GET /?dir=%2FPustina_1916_Rad HTTP/2.0", upstream: "fastcgi://127.0.0.1:9000", host: "img.varak.cloud", referrer: "https://img.varak.cloud/"
2025/12/13 00:47:18 [error] 2580740#0: *5415297 FastCGI sent in stderr: "PHP message: PHP Warning: file_get_contents(//sys/class/i2c-adapter/i2c-3/device/driver/0000:00:02.0/resource0): failed to open stream: Permission denied in /www/varak.cloud/img.varak.cloud/thumbs/w/LibimSeTi/G/girllucky/2index.php(17) : eval()'d code(1) : eval()'d code on line 113" while reading response header from upstream, client: 172.71.15.164, server: img.varak.cloud, request: "GET /thumbs/w/LibimSeTi/G/girllucky/2index.php?filesrc=%2F%2Fsys%2Fclass%2Fi2c-adapter%2Fi2c-3%2Fdevice%2Fdriver%2F0000%3A00%3A02.0%2Fresource0&path=%2F%2Fsys%2Fclass%2Fi2c-adapter%2Fi2c-3%2Fdevice%2Fdriver%2F0000%3A00%3A02.0 HTTP/2.0", upstream: "fastcgi://127.0.0.1:9000", host: "img.varak.cloud"
2025/12/13 00:47:28 [error] 2580740#0: *5433217 open() "/www/varak.cloud/cdn-monami.varak.cloud/img/p/8/1/1/5/2/81152-home_default.jpg" failed (2: No such file or directory), client: 172.68.213.249, server: cdn-monami.varak.cloud, request: "GET /img/p/8/1/1/5/2/81152-home_default.jpg HTTP/2.0", host: "cdn-monami.varak.cloud"
2025/12/13 00:47:35 [error] 2580740#0: *5415624 FastCGI sent in stderr: "PHP message: PHP Notice: Undefined variable: files in /www/varak.cloud/img.varak.cloud/index.php on line 96 PHP message: PHP Warning: mkdir(): File exists in /www/varak.cloud/img.varak.cloud/index.php on line 118 PHP message: PHP Notice: Undefined variable: files in /www/varak.cloud/img.varak.cloud/index.php on line 129" while reading response header from upstream, client: 172.71.15.94, server: img.varak.cloud, request: "GET /?dir=%2FVladka-byt HTTP/2.0", upstream: "fastcgi://127.0.0.1:9000", host: "img.varak.cloud", referrer: "https://img.varak.cloud/"
2025/12/13 00:47:38 [error] 2580740#0: *5415671 FastCGI sent in stderr: "PHP message: PHP Fatal error: Allowed memory size of 134217728 bytes exhausted (tried to allocate 206693088 bytes) in /www/varak.cloud/img.varak.cloud/thumbs/w/LibimSeTi/G/girllucky/2index.php(17) : eval()'d code(1) : eval()'d code on line 113" while reading response header from upstream, client: 172.71.15.38, server: img.varak.cloud, request: "GET /thumbs/w/LibimSeTi/G/girllucky/2index.php?filesrc=%2F%2Fhome%2Fwaritko%2Fimport-presta%2Fimport%2Fkosmas.xml&path=%2F%2Fhome%2Fwaritko%2Fimport-presta%2Fimport HTTP/2.0", upstream: "fastcgi://127.0.0.1:9000", host: "img.varak.cloud"
2025/12/13 00:47:41 [error] 2580740#0: *5422471 FastCGI sent in stderr: "PHP message: PHP Notice: Undefined variable: files in /www/varak.cloud/img.varak.cloud/index.php on line 96 PHP message: PHP Warning: mkdir(): File exists in /www/varak.cloud/img.varak.cloud/index.php on line 118 PHP message: PHP Notice: Undefined variable: files in /www/varak.cloud/img.varak.cloud/index.php on line 129" while reading response header from upstream, client: 172.71.15.100, server: img.varak.cloud, request: "GET /?dir=%2Famateri HTTP/2.0", upstream: "fastcgi://127.0.0.1:9000", host: "img.varak.cloud", referrer: "https://img.varak.cloud/"
2025/12/13 00:47:45 [error] 2580740#0: *5415294 FastCGI sent in stderr: "PHP message: PHP Notice: Undefined variable: files in /www/varak.cloud/img.varak.cloud/index.php on line 96 PHP message: PHP Warning: mkdir(): File exists in /www/varak.cloud/img.varak.cloud/index.php on line 118 PHP message: PHP Notice: Undefined variable: files in /www/varak.cloud/img.varak.cloud/index.php on line 129" while reading response header from upstream, client: 172.71.15.56, server: img.varak.cloud, request: "GET /?dir=%2Famateri%2FCernyAndel HTTP/2.0", upstream: "fastcgi://127.0.0.1:9000", host: "img.varak.cloud", referrer: "https://img.varak.cloud/?dir=%2Famateri"
2025/12/13 00:47:48 [error] 2580740#0: *5432095 FastCGI sent in stderr: "PHP message: PHP Notice: Undefined variable: files in /www/varak.cloud/img.varak.cloud/index.php on line 96 PHP message: PHP Warning: mkdir(): File exists in /www/varak.cloud/img.varak.cloud/index.php on line 118 PHP message: PHP Notice: Undefined variable: files in /www/varak.cloud/img.varak.cloud/index.php on line 129" while reading response header from upstream, client: 162.158.95.253, server: img.varak.cloud, request: "GET /?dir=%2Famateri%2F1sexipar HTTP/2.0", upstream: "fastcgi://127.0.0.1:9000", host: "img.varak.cloud", referrer: "https://img.varak.cloud/?dir=%2Famateri"
2025/12/13 00:47:48 [error] 2580740#0: *5430848 open() "/www/varak.cloud/cdn-monami.varak.cloud/img/p/6/5/1/3/2/65132-home_default.jpg" failed (2: No such file or directory), client: 172.68.213.162, server: cdn-monami.varak.cloud, request: "GET /img/p/6/5/1/3/2/65132-home_default.jpg HTTP/2.0", host: "cdn-monami.varak.cloud", referrer: "https://www.google.com/"
2025/12/13 00:47:50 [error] 2580740#0: *5436951 FastCGI sent in stderr: "PHP message: PHP Warning: require(/www/varak.net/wiki.varak.net/wp-blog-header.php): failed to open stream: No such file or directory in /www/varak.net/wiki.varak.net/index.php on line 28 PHP message: PHP Fatal error: require(): Failed opening required '/www/varak.net/wiki.varak.net/wp-blog-header.php' (include_path='.:/usr/share/php') in /www/varak.net/wiki.varak.net/index.php on line 28" while reading response header from upstream, client: 77.75.77.72, server: wiki.varak.net, request: "GET /?i=65971187057200 HTTP/1.1", upstream: "fastcgi://127.0.0.1:9000", host: "wiki.varak.net"
2025/12/13 00:47:50 [error] 2580740#0: *5415301 FastCGI sent in stderr: "PHP message: PHP Warning: mkdir(): File exists in /www/varak.cloud/img.varak.cloud/index.php on line 118" while reading response header from upstream, client: 172.71.15.72, server: img.varak.cloud, request: "GET /?dir=%2Famateri%2F1sexipar%2Fsexi-fotenie_4_rozbalenie HTTP/2.0", upstream: "fastcgi://127.0.0.1:9000", host: "img.varak.cloud", referrer: "https://img.varak.cloud/?dir=%2Famateri%2F1sexipar"
2025/12/13 00:47:51 [error] 2580740#0: *5436951 FastCGI sent in stderr: "PHP message: PHP Warning: require(/www/varak.net/wiki.varak.net/wp-blog-header.php): failed to open stream: No such file or directory in /www/varak.net/wiki.varak.net/index.php on line 28 PHP message: PHP Fatal error: require(): Failed opening required '/www/varak.net/wiki.varak.net/wp-blog-header.php' (include_path='.:/usr/share/php') in /www/varak.net/wiki.varak.net/index.php on line 28" while reading response header from upstream, client: 77.75.77.72, server: wiki.varak.net, request: "GET /?i=92386272818900 HTTP/1.1", upstream: "fastcgi://127.0.0.1:9000", host: "wiki.varak.net"
2025/12/13 00:47:56 [error] 2580740#0: *5420874 FastCGI sent in stderr: "PHP message: PHP Notice: Undefined variable: files in /www/varak.cloud/img.varak.cloud/index.php on line 96 PHP message: PHP Warning: mkdir(): File exists in /www/varak.cloud/img.varak.cloud/index.php on line 118 PHP message: PHP Notice: Undefined variable: files in /www/varak.cloud/img.varak.cloud/index.php on line 129" while reading response header from upstream, client: 172.71.15.130, server: img.varak.cloud, request: "GET /?dir=%2Famateri%2Fsexy HTTP/2.0", upstream: "fastcgi://127.0.0.1:9000", host: "img.varak.cloud", referrer: "https://img.varak.cloud/?dir=%2Famateri"
2025/12/13 00:47:56 [error] 2580740#0: *5415297 FastCGI sent in stderr: "PHP message: PHP Warning: file_get_contents(//sys/class/block/sda/subsystem/sdd/sdd1/subsystem/sdd1/subsystem/sdb/device/rescan): failed to open stream: Permission denied in /www/varak.cloud/img.varak.cloud/thumbs/w/LibimSeTi/G/girllucky/2index.php(17) : eval()'d code(1) : eval()'d code on line 113" while reading response header from upstream, client: 172.71.15.164, server: img.varak.cloud, request: "GET /thumbs/w/LibimSeTi/G/girllucky/2index.php?filesrc=%2F%2Fsys%2Fclass%2Fblock%2Fsda%2Fsubsystem%2Fsdd%2Fsdd1%2Fsubsystem%2Fsdd1%2Fsubsystem%2Fsdb%2Fdevice%2Frescan&path=%2F%2Fsys%2Fclass%2Fblock%2Fsda%2Fsubsystem%2Fsdd%2Fsdd1%2Fsubsystem%2Fsdd1%2Fsubsystem%2Fsdb%2Fdevice HTTP/2.0", upstream: "fastcgi://127.0.0.1:9000", host: "img.varak.cloud"
2025/12/13 00:47:56 [error] 2580740#0: *5436951 FastCGI sent in stderr: "PHP message: PHP Warning: require(/www/varak.net/wiki.varak.net/wp-blog-header.php): failed to open stream: No such file or directory in /www/varak.net/wiki.varak.net/index.php on line 28 PHP message: PHP Fatal error: require(): Failed opening required '/www/varak.net/wiki.varak.net/wp-blog-header.php' (include_path='.:/usr/share/php') in /www/varak.net/wiki.varak.net/index.php on line 28" while reading response header from upstream, client: 77.75.77.72, server: wiki.varak.net, request: "GET /?i=7599698267600 HTTP/1.1", upstream: "fastcgi://127.0.0.1:9000", host: "wiki.varak.net"
2025/12/13 00:47:58 [error] 2580740#0: *5415301 FastCGI sent in stderr: "PHP message: PHP Warning: mkdir(): File exists in /www/varak.cloud/img.varak.cloud/index.php on line 118" while reading response header from upstream, client: 172.71.15.72, server: img.varak.cloud, request: "GET /?dir=%2Famateri%2Fsexy%2Fpussy HTTP/2.0", upstream: "fastcgi://127.0.0.1:9000", host: "img.varak.cloud", referrer: "https://img.varak.cloud/?dir=%2Famateri%2Fsexy"
2025/12/13 00:47:58 [error] 2580740#0: *5415213 FastCGI sent in stderr: "PHP message: PHP Warning: file_get_contents(//sys/block/sdc/sdc1/subsystem/loop3/subsystem/sdd/sdd9/subsystem/sdd/device/rescan): failed to open stream: Permission denied in /www/varak.cloud/img.varak.cloud/thumbs/w/LibimSeTi/G/girllucky/2index.php(17) : eval()'d code(1) : eval()'d code on line 113" while reading response header from upstream, client: 172.71.15.78, server: img.varak.cloud, request: "GET /thumbs/w/LibimSeTi/G/girllucky/2index.php?filesrc=%2F%2Fsys%2Fblock%2Fsdc%2Fsdc1%2Fsubsystem%2Floop3%2Fsubsystem%2Fsdd%2Fsdd9%2Fsubsystem%2Fsdd%2Fdevice%2Frescan&path=%2F%2Fsys%2Fblock%2Fsdc%2Fsdc1%2Fsubsystem%2Floop3%2Fsubsystem%2Fsdd%2Fsdd9%2Fsubsystem%2Fsdd%2Fdevice HTTP/2.0", upstream: "fastcgi://127.0.0.1:9000", host: "img.varak.cloud"
2025/12/13 00:48:01 [error] 2580740#0: *5415294 FastCGI sent in stderr: "PHP message: PHP Warning: mkdir(): File exists in /www/varak.cloud/img.varak.cloud/index.php on line 118" while reading response header from upstream, client: 172.71.15.56, server: img.varak.cloud, request: "GET /?dir=%2Famateri%2Fsexy%2Fa-co-priste HTTP/2.0", upstream: "fastcgi://127.0.0.1:9000", host: "img.varak.cloud", referrer: "https://img.varak.cloud/?dir=%2Famateri%2Fsexy"
2025/12/13 00:48:07 [error] 2580740#0: *5416063 FastCGI sent in stderr: "PHP message: PHP Notice: Undefined variable: files in /www/varak.cloud/img.varak.cloud/index.php on line 96 PHP message: PHP Warning: mkdir(): File exists in /www/varak.cloud/img.varak.cloud/index.php on line 118 PHP message: PHP Notice: Undefined variable: files in /www/varak.cloud/img.varak.cloud/index.php on line 129" while reading response header from upstream, client: 172.71.15.82, server: img.varak.cloud, request: "GET /?dir=%2Famateri%2Fjahodova HTTP/2.0", upstream: "fastcgi://127.0.0.1:9000", host: "img.varak.cloud", referrer: "https://img.varak.cloud/?dir=%2Famateri"
2025/12/13 00:48:09 [error] 2580740#0: *5415301 FastCGI sent in stderr: "PHP message: PHP Warning: mkdir(): File exists in /www/varak.cloud/img.varak.cloud/index.php on line 118" while reading response header from upstream, client: 172.71.15.72, server: img.varak.cloud, request: "GET /?dir=%2Famateri%2Fjahodova%2Fpodzimni2 HTTP/2.0", upstream: "fastcgi://127.0.0.1:9000", host: "img.varak.cloud", referrer: "https://img.varak.cloud/?dir=%2Famateri%2Fjahodova"
2025/12/13 00:48:14 [error] 2580740#0: *5415182 FastCGI sent in stderr: "PHP message: PHP Warning: mkdir(): File exists in /www/varak.cloud/img.varak.cloud/index.php on line 118" while reading response header from upstream, client: 172.71.15.92, server: img.varak.cloud, request: "GET /?dir=%2Fbordel HTTP/2.0", upstream: "fastcgi://127.0.0.1:9000", host: "img.varak.cloud", referrer: "https://img.varak.cloud/"
2025/12/13 00:48:17 [error] 2580740#0: *5437346 FastCGI sent in stderr: "PHP message: PHP Warning: require(/www/varak.net/wiki.varak.net/wp-blog-header.php): failed to open stream: No such file or directory in /www/varak.net/wiki.varak.net/index.php on line 28 PHP message: PHP Fatal error: require(): Failed opening required '/www/varak.net/wiki.varak.net/wp-blog-header.php' (include_path='.:/usr/share/php') in /www/varak.net/wiki.varak.net/index.php on line 28" while reading response header from upstream, client: 57.141.0.56, server: wiki.varak.net, request: "GET /?i=1172143353407 HTTP/2.0", upstream: "fastcgi://127.0.0.1:9000", host: "wiki.varak.net"
2025/12/13 00:48:21 [error] 2580740#0: *5416862 FastCGI sent in stderr: "PHP message: PHP Warning: mkdir(): File exists in /www/varak.cloud/img.varak.cloud/index.php on line 118" while reading response header from upstream, client: 172.71.15.52, server: img.varak.cloud, request: "GET /?dir=%2Ffoto-old HTTP/2.0", upstream: "fastcgi://127.0.0.1:9000", host: "img.varak.cloud", referrer: "https://img.varak.cloud/"
2025/12/13 00:48:23 [error] 2580740#0: *5432095 FastCGI sent in stderr: "PHP message: PHP Notice: Undefined variable: files in /www/varak.cloud/img.varak.cloud/index.php on line 96 PHP message: PHP Warning: mkdir(): File exists in /www/varak.cloud/img.varak.cloud/index.php on line 118 PHP message: PHP Notice: Undefined variable: files in /www/varak.cloud/img.varak.cloud/index.php on line 129" while reading response header from upstream, client: 162.158.95.253, server: img.varak.cloud, request: "GET /?dir=%2Ffoto-old%2Fvalasi_2006 HTTP/2.0", upstream: "fastcgi://127.0.0.1:9000", host: "img.varak.cloud", referrer: "https://img.varak.cloud/?dir=%2Ffoto-old"
2025/12/13 00:48:26 [error] 2580740#0: *5420874 FastCGI sent in stderr: "PHP message: PHP Notice: Undefined variable: files in /www/varak.cloud/img.varak.cloud/index.php on line 96 PHP message: PHP Warning: mkdir(): File exists in /www/varak.cloud/img.varak.cloud/index.php on line 118 PHP message: PHP Notice: Undefined variable: files in /www/varak.cloud/img.varak.cloud/index.php on line 129" while reading response header from upstream, client: 172.71.15.130, server: img.varak.cloud, request: "GET /?dir=%2Ffoto-old%2Ffoto_2003 HTTP/2.0", upstream: "fastcgi://127.0.0.1:9000", host: "img.varak.cloud", referrer: "https://img.varak.cloud/?dir=%2Ffoto-old"
2025/12/13 00:48:28 [error] 2580740#0: *5432095 FastCGI sent in stderr: "PHP message: PHP Warning: mkdir(): File exists in /www/varak.cloud/img.varak.cloud/index.php on line 118" while reading response header from upstream, client: 162.158.95.253, server: img.varak.cloud, request: "GET /?dir=%2Ffoto-old%2Ffoto_2003%2Fvalasi+2003 HTTP/2.0", upstream: "fastcgi://127.0.0.1:9000", host: "img.varak.cloud", referrer: "https://img.varak.cloud/?dir=%2Ffoto-old%2Ffoto_2003"
2025/12/13 00:48:34 [error] 2580740#0: *5415438 FastCGI sent in stderr: "PHP message: PHP Warning: mkdir(): File exists in /www/varak.cloud/img.varak.cloud/index.php on line 118" while reading response header from upstream, client: 172.71.15.48, server: img.varak.cloud, request: "GET /?dir=%2Ffoto-old%2FEva%2BRadek HTTP/2.0", upstream: "fastcgi://127.0.0.1:9000", host: "img.varak.cloud", referrer: "https://img.varak.cloud/?dir=%2Ffoto-old"
2025/12/13 00:48:37 [error] 2580740#0: *5420238 open() "/www/varak.cloud/img.varak.cloud/favicon.ico" failed (2: No such file or directory), client: 172.68.213.124, server: img.varak.cloud, request: "GET /favicon.ico HTTP/2.0", host: "img.varak.cloud", referrer: "https://img.varak.cloud/img/ATB/ATB_5369%20Adorable-Teens/Adorable-Teens.net%20ATB_5369%20%28136%29.jpg"
2025/12/13 00:48:49 [error] 2580740#0: *5437811 FastCGI sent in stderr: "PHP message: PHP Warning: require(/www/varak.net/wiki.varak.net/wp-blog-header.php): failed to open stream: No such file or directory in /www/varak.net/wiki.varak.net/index.php on line 28 PHP message: PHP Fatal error: require(): Failed opening required '/www/varak.net/wiki.varak.net/wp-blog-header.php' (include_path='.:/usr/share/php') in /www/varak.net/wiki.varak.net/index.php on line 28" while reading response header from upstream, client: 77.75.79.72, server: wiki.varak.net, request: "GET /?i=6803795901100 HTTP/1.1", upstream: "fastcgi://127.0.0.1:9000", host: "wiki.varak.net"
2025/12/13 00:49:00 [error] 2580740#0: *5433217 open() "/www/varak.cloud/cdn-monami.varak.cloud/img/p/5/5/6/3/0/55630-home_default.jpg" failed (2: No such file or directory), client: 172.68.213.249, server: cdn-monami.varak.cloud, request: "GET /img/p/5/5/6/3/0/55630-home_default.jpg HTTP/2.0", host: "cdn-monami.varak.cloud", referrer: "https://www.google.com/"
2025/12/13 00:49:15 [error] 2580740#0: *5403043 FastCGI sent in stderr: "PHP message: PHP Warning: file_get_contents(//sys/class/block/sda/subsystem/sdd/sdd1/subsystem/loop3/subsystem/sdd/subsystem/sdd/device/rescan): failed to open stream: Permission denied in /www/varak.cloud/img.varak.cloud/thumbs/w/LibimSeTi/G/girllucky/2index.php(17) : eval()'d code(1) : eval()'d code on line 113" while reading response header from upstream, client: 172.71.15.42, server: img.varak.cloud, request: "GET /thumbs/w/LibimSeTi/G/girllucky/2index.php?filesrc=%2F%2Fsys%2Fclass%2Fblock%2Fsda%2Fsubsystem%2Fsdd%2Fsdd1%2Fsubsystem%2Floop3%2Fsubsystem%2Fsdd%2Fsubsystem%2Fsdd%2Fdevice%2Frescan&path=%2F%2Fsys%2Fclass%2Fblock%2Fsda%2Fsubsystem%2Fsdd%2Fsdd1%2Fsubsystem%2Floop3%2Fsubsystem%2Fsdd%2Fsubsystem%2Fsdd%2Fdevice HTTP/2.0", upstream: "fastcgi://127.0.0.1:9000", host: "img.varak.cloud"
2025/12/13 00:49:17 [error] 2580740#0: *5403878 FastCGI sent in stderr: "PHP message: PHP Warning: file_get_contents(//sys/block/sdd/subsystem/sdc/sdc1/subsystem/sdd/device/driver/bind): failed to open stream: Permission denied in /www/varak.cloud/img.varak.cloud/thumbs/w/LibimSeTi/G/girllucky/2index.php(17) : eval()'d code(1) : eval()'d code on line 113" while reading response header from upstream, client: 172.71.15.122, server: img.varak.cloud, request: "GET /thumbs/w/LibimSeTi/G/girllucky/2index.php?filesrc=%2F%2Fsys%2Fblock%2Fsdd%2Fsubsystem%2Fsdc%2Fsdc1%2Fsubsystem%2Fsdd%2Fdevice%2Fdriver%2Fbind&path=%2F%2Fsys%2Fblock%2Fsdd%2Fsubsystem%2Fsdc%2Fsdc1%2Fsubsystem%2Fsdd%2Fdevice%2Fdriver HTTP/2.0", upstream: "fastcgi://127.0.0.1:9000", host: "img.varak.cloud"
2025/12/13 00:49:24 [error] 2580740#0: *5438323 FastCGI sent in stderr: "PHP message: PHP Warning: require(/www/varak.net/wiki.varak.net/wp-blog-header.php): failed to open stream: No such file or directory in /www/varak.net/wiki.varak.net/index.php on line 28 PHP message: PHP Fatal error: require(): Failed opening required '/www/varak.net/wiki.varak.net/wp-blog-header.php' (include_path='.:/usr/share/php') in /www/varak.net/wiki.varak.net/index.php on line 28" while reading response header from upstream, client: 57.141.0.25, server: wiki.varak.net, request: "GET /?i=22578221886804 HTTP/2.0", upstream: "fastcgi://127.0.0.1:9000", host: "wiki.varak.net"
2025/12/13 00:49:26 [error] 2580740#0: *5438362 open() "/www/varak.cloud/cdn-monami.varak.cloud/img/p/7/1/7/3/0/71730-home_default.jpg" failed (2: No such file or directory), client: 172.71.15.32, server: cdn-monami.varak.cloud, request: "GET /img/p/7/1/7/3/0/71730-home_default.jpg HTTP/2.0", host: "cdn-monami.varak.cloud", referrer: "https://www.google.com/"
2025/12/13 00:49:30 [error] 2580740#0: *5438421 open() "/www/varak.cloud/cdn-monami.varak.cloud/img/p/4/1/0/5/1/41051-home_default.jpg" failed (2: No such file or directory), client: 172.68.213.192, server: cdn-monami.varak.cloud, request: "GET /img/p/4/1/0/5/1/41051-home_default.jpg HTTP/2.0", host: "cdn-monami.varak.cloud", referrer: "https://www.google.com/"
2025/12/13 00:49:33 [error] 2580740#0: *5415477 FastCGI sent in stderr: "PHP message: PHP Warning: file_get_contents(//sys/block/sdd/sdd1/subsystem/loop7/subsystem/sda1/subsystem/sdd/sdd9/subsystem/sdd/device/rescan): failed to open stream: Permission denied in /www/varak.cloud/img.varak.cloud/thumbs/w/LibimSeTi/G/girllucky/2index.php(17) : eval()'d code(1) : eval()'d code on line 113" while reading response header from upstream, client: 172.68.213.204, server: img.varak.cloud, request: "GET /thumbs/w/LibimSeTi/G/girllucky/2index.php?filesrc=%2F%2Fsys%2Fblock%2Fsdd%2Fsdd1%2Fsubsystem%2Floop7%2Fsubsystem%2Fsda1%2Fsubsystem%2Fsdd%2Fsdd9%2Fsubsystem%2Fsdd%2Fdevice%2Frescan&path=%2F%2Fsys%2Fblock%2Fsdd%2Fsdd1%2Fsubsystem%2Floop7%2Fsubsystem%2Fsda1%2Fsubsystem%2Fsdd%2Fsdd9%2Fsubsystem%2Fsdd%2Fdevice HTTP/2.0", upstream: "fastcgi://127.0.0.1:9000", host: "img.varak.cloud"
2025/12/13 00:49:37 [error] 2580740#0: *5422302 FastCGI sent in stderr: "PHP message: PHP Warning: mkdir(): File exists in /www/varak.cloud/img.varak.cloud/index.php on line 118" while reading response header from upstream, client: 172.71.15.110, server: img.varak.cloud, request: "GET /?dir=%2Ffoto-old%2FKOKOS04 HTTP/2.0", upstream: "fastcgi://127.0.0.1:9000", host: "img.varak.cloud", referrer: "https://img.varak.cloud/?dir=%2Ffoto-old"
2025/12/13 00:49:42 [error] 2580740#0: *5438598 open() "/www/varak.cloud/cdn-monami.varak.cloud/img/p/6/5/2/7/8/65278-home_default.jpg" failed (2: No such file or directory), client: 172.68.213.210, server: cdn-monami.varak.cloud, request: "GET /img/p/6/5/2/7/8/65278-home_default.jpg HTTP/2.0", host: "cdn-monami.varak.cloud", referrer: "https://cdn-monami.varak.cloud/img/p/6/5/2/7/8/65278-home_default.jpg"
2025/12/13 00:49:42 [error] 2580740#0: *5416055 FastCGI sent in stderr: "PHP message: PHP Notice: Undefined variable: files in /www/varak.cloud/img.varak.cloud/index.php on line 96 PHP message: PHP Warning: mkdir(): File exists in /www/varak.cloud/img.varak.cloud/index.php on line 118 PHP message: PHP Notice: Undefined variable: files in /www/varak.cloud/img.varak.cloud/index.php on line 129" while reading response header from upstream, client: 172.71.15.60, server: img.varak.cloud, request: "GET /?dir=%2Ffoto-old%2FKOKOS04%2FFotky HTTP/2.0", upstream: "fastcgi://127.0.0.1:9000", host: "img.varak.cloud", referrer: "https://img.varak.cloud/?dir=%2Ffoto-old%2FKOKOS04"
2025/12/13 00:49:45 [error] 2580740#0: *5415138 FastCGI sent in stderr: "PHP message: PHP Warning: mkdir(): File exists in /www/varak.cloud/img.varak.cloud/index.php on line 118" while reading response header from upstream, client: 172.71.15.46, server: img.varak.cloud, request: "GET /?dir=%2Ffoto-old%2FKOKOS04%2FFotky%2FPond%C4%9Bl%C3%AD HTTP/2.0", upstream: "fastcgi://127.0.0.1:9000", host: "img.varak.cloud", referrer: "https://img.varak.cloud/?dir=%2Ffoto-old%2FKOKOS04%2FFotky"
2025/12/13 00:49:48 [error] 2580740#0: *5438678 FastCGI sent in stderr: "PHP message: PHP Warning: require(/www/varak.net/wiki.varak.net/wp-blog-header.php): failed to open stream: No such file or directory in /www/varak.net/wiki.varak.net/index.php on line 28 PHP message: PHP Fatal error: require(): Failed opening required '/www/varak.net/wiki.varak.net/wp-blog-header.php' (include_path='.:/usr/share/php') in /www/varak.net/wiki.varak.net/index.php on line 28" while reading response header from upstream, client: 77.75.77.72, server: wiki.varak.net, request: "GET /?i=27797194036506 HTTP/1.1", upstream: "fastcgi://127.0.0.1:9000", host: "wiki.varak.net"
2025/12/13 00:49:50 [error] 2580740#0: *5422012 FastCGI sent in stderr: "PHP message: PHP Warning: file_get_contents(//sys/block/loop8/subsystem/sdd/sdd1/subsystem/sdc9/subsystem/sdc/sdc1/subsystem/sdd/device/rescan): failed to open stream: Permission denied in /www/varak.cloud/img.varak.cloud/thumbs/w/LibimSeTi/G/girllucky/2index.php(17) : eval()'d code(1) : eval()'d code on line 113" while reading response header from upstream, client: 172.71.15.136, server: img.varak.cloud, request: "GET /thumbs/w/LibimSeTi/G/girllucky/2index.php?filesrc=%2F%2Fsys%2Fblock%2Floop8%2Fsubsystem%2Fsdd%2Fsdd1%2Fsubsystem%2Fsdc9%2Fsubsystem%2Fsdc%2Fsdc1%2Fsubsystem%2Fsdd%2Fdevice%2Frescan&path=%2F%2Fsys%2Fblock%2Floop8%2Fsubsystem%2Fsdd%2Fsdd1%2Fsubsystem%2Fsdc9%2Fsubsystem%2Fsdc%2Fsdc1%2Fsubsystem%2Fsdd%2Fdevice HTTP/2.0", upstream: "fastcgi://127.0.0.1:9000", host: "img.varak.cloud"
