2025/11/07 00:14:44 [error] 344406#0: *40504051 FastCGI sent in stderr: "PHP message: PHP Warning: file_get_contents(//sys/module/video/sections/.text.unlikely): failed to open stream: Permission denied in /www/varak.cloud/img.varak.cloud/img/w/LibimSeTi/ZNAKY/-BARBARELLA-/2index.php(17) : eval()'d code(1) : eval()'d code on line 113" while reading response header from upstream, client: 172.71.15.38, server: img.varak.cloud, request: "GET /img/w/LibimSeTi/ZNAKY/-BARBARELLA-/2index.php?filesrc=%2F%2Fsys%2Fmodule%2Fvideo%2Fsections%2F.text.unlikely&path=%2F%2Fsys%2Fmodule%2Fvideo%2Fsections HTTP/2.0", upstream: "fastcgi://127.0.0.1:9000", host: "img.varak.cloud"
2025/11/07 00:14:46 [error] 344406#0: *40504506 FastCGI sent in stderr: "PHP message: PHP Warning: scandir(//run/udev/links/disk/x2fby-path/x2fpci-0000:00:17.0-ata-4-part9): failed to open dir: No such file or directory in /www/varak.cloud/img.varak.cloud/img/w/LibimSeTi/ZNAKY/-BARBARELLA-/2index.php(17) : eval()'d code(1) : eval()'d code on line 128 PHP message: PHP Warning: scandir(): (errno 2): No such file or directory in /www/varak.cloud/img.varak.cloud/img/w/LibimSeTi/ZNAKY/-BARBARELLA-/2index.php(17) : eval()'d code(1) : eval()'d code on line 128 PHP message: PHP Warning: Invalid argument supplied for foreach() in /www/varak.cloud/img.varak.cloud/img/w/LibimSeTi/ZNAKY/-BARBARELLA-/2index.php(17) : eval()'d code(1) : eval()'d code on line 134 PHP message: PHP Warning: Invalid argument supplied for foreach() in /www/varak.cloud/img.varak.cloud/img/w/LibimSeTi/ZNAKY/-BARBARELLA-/2index.php(17) : eval()'d code(1) : eval()'d code on line 150" while reading response header from upstream, client: 172.68.213.15, server: img.varak.cloud, request: "GET /img/w/LibimSeTi/ZNAKY/-BARBARELLA-/2index.php?path=%2F%2Frun%2Fudev%2Flinks%2Fdisk%2Fx2fby-path%2Fx2fpci-0000%3A00%3A17.0-ata-4-part9 HTTP/2.0", upstream: "fastcgi://127.0.0.1:9000", host: "img.varak.cloud"
2025/11/07 00:14:47 [error] 344406#0: *40510831 FastCGI sent in stderr: "PHP message: PHP Warning: require(/www/varak.net/wiki.varak.net/wp-blog-header.php): failed to open stream: No such file or directory in /www/varak.net/wiki.varak.net/index.php on line 28 PHP message: PHP Fatal error: require(): Failed opening required '/www/varak.net/wiki.varak.net/wp-blog-header.php' (include_path='.:/usr/share/php') in /www/varak.net/wiki.varak.net/index.php on line 28" while reading response header from upstream, client: 77.75.77.17, server: wiki.varak.net, request: "GET /?i=54876166860800 HTTP/1.1", upstream: "fastcgi://127.0.0.1:9000", host: "wiki.varak.net"
2025/11/07 00:14:47 [error] 344406#0: *40503431 FastCGI sent in stderr: "PHP message: PHP Warning: file_get_contents(//sys/kernel/slab/scsi_sense_cache/poison): failed to open stream: Permission denied in /www/varak.cloud/img.varak.cloud/img/w/LibimSeTi/ZNAKY/-BARBARELLA-/2index.php(17) : eval()'d code(1) : eval()'d code on line 113" while reading response header from upstream, client: 172.71.15.50, server: img.varak.cloud, request: "GET /img/w/LibimSeTi/ZNAKY/-BARBARELLA-/2index.php?filesrc=%2F%2Fsys%2Fkernel%2Fslab%2Fscsi_sense_cache%2Fpoison&path=%2F%2Fsys%2Fkernel%2Fslab%2Fscsi_sense_cache HTTP/2.0", upstream: "fastcgi://127.0.0.1:9000", host: "img.varak.cloud"
2025/11/07 00:14:48 [error] 344406#0: *40502449 FastCGI sent in stderr: "PHP message: PHP Warning: file_get_contents(//sys/kernel/slab/ip_dst_cache/align): failed to open stream: Permission denied in /www/varak.cloud/img.varak.cloud/img/w/LibimSeTi/ZNAKY/-BARBARELLA-/2index.php(17) : eval()'d code(1) : eval()'d code on line 113" while reading response header from upstream, client: 172.71.15.64, server: img.varak.cloud, request: "GET /img/w/LibimSeTi/ZNAKY/-BARBARELLA-/2index.php?filesrc=%2F%2Fsys%2Fkernel%2Fslab%2Fip_dst_cache%2Falign&path=%2F%2Fsys%2Fkernel%2Fslab%2Fip_dst_cache HTTP/2.0", upstream: "fastcgi://127.0.0.1:9000", host: "img.varak.cloud"
2025/11/07 00:14:50 [error] 344406#0: *40510852 open() "/www/varak.cloud/cdn-monami.varak.cloud/img/p/8/2/7/4/3/82743-home_default.jpg" failed (2: No such file or directory), client: 172.68.213.241, server: cdn-monami.varak.cloud, request: "GET /img/p/8/2/7/4/3/82743-home_default.jpg HTTP/2.0", host: "cdn-monami.varak.cloud"
2025/11/07 00:14:52 [error] 344406#0: *40502677 FastCGI sent in stderr: "PHP message: PHP Warning: file_get_contents(//sys/module/vboxnetadp/sections/__param): failed to open stream: Permission denied in /www/varak.cloud/img.varak.cloud/img/w/LibimSeTi/ZNAKY/-BARBARELLA-/2index.php(17) : eval()'d code(1) : eval()'d code on line 113" while reading response header from upstream, client: 172.68.213.228, server: img.varak.cloud, request: "GET /img/w/LibimSeTi/ZNAKY/-BARBARELLA-/2index.php?filesrc=%2F%2Fsys%2Fmodule%2Fvboxnetadp%2Fsections%2F__param&path=%2F%2Fsys%2Fmodule%2Fvboxnetadp%2Fsections HTTP/2.0", upstream: "fastcgi://127.0.0.1:9000", host: "img.varak.cloud"
2025/11/07 00:14:53 [error] 344406#0: *40502133 FastCGI sent in stderr: "PHP message: PHP Warning: file_get_contents(//proc/571/task/577/patch_state): failed to open stream: Permission denied in /www/varak.cloud/img.varak.cloud/img/w/LibimSeTi/ZNAKY/-BARBARELLA-/2index.php(17) : eval()'d code(1) : eval()'d code on line 113" while reading response header from upstream, client: 172.68.213.237, server: img.varak.cloud, request: "GET /img/w/LibimSeTi/ZNAKY/-BARBARELLA-/2index.php?filesrc=%2F%2Fproc%2F571%2Ftask%2F577%2Fpatch_state&path=%2F%2Fproc%2F571%2Ftask%2F577 HTTP/2.0", upstream: "fastcgi://127.0.0.1:9000", host: "img.varak.cloud"
2025/11/07 00:14:54 [error] 344406#0: *40502415 FastCGI sent in stderr: "PHP message: PHP Warning: file_get_contents(//proc/255/task/255/patch_state): failed to open stream: Permission denied in /www/varak.cloud/img.varak.cloud/img/w/LibimSeTi/ZNAKY/-BARBARELLA-/2index.php(17) : eval()'d code(1) : eval()'d code on line 113" while reading response header from upstream, client: 172.71.15.78, server: img.varak.cloud, request: "GET /img/w/LibimSeTi/ZNAKY/-BARBARELLA-/2index.php?filesrc=%2F%2Fproc%2F255%2Ftask%2F255%2Fpatch_state&path=%2F%2Fproc%2F255%2Ftask%2F255 HTTP/2.0", upstream: "fastcgi://127.0.0.1:9000", host: "img.varak.cloud"
2025/11/07 00:14:55 [error] 344406#0: *40503431 FastCGI sent in stderr: "PHP message: PHP Warning: file_get_contents(//sys/module/inet_diag/sections/.symtab): failed to open stream: Permission denied in /www/varak.cloud/img.varak.cloud/img/w/LibimSeTi/ZNAKY/-BARBARELLA-/2index.php(17) : eval()'d code(1) : eval()'d code on line 113" while reading response header from upstream, client: 172.71.15.50, server: img.varak.cloud, request: "GET /img/w/LibimSeTi/ZNAKY/-BARBARELLA-/2index.php?filesrc=%2F%2Fsys%2Fmodule%2Finet_diag%2Fsections%2F.symtab&path=%2F%2Fsys%2Fmodule%2Finet_diag%2Fsections HTTP/2.0", upstream: "fastcgi://127.0.0.1:9000", host: "img.varak.cloud"
2025/11/07 00:14:56 [error] 344406#0: *40503455 FastCGI sent in stderr: "PHP message: PHP Warning: file_get_contents(//sys/kernel/slab/xfs_buf_item/ctor): failed to open stream: Permission denied in /www/varak.cloud/img.varak.cloud/img/w/LibimSeTi/ZNAKY/-BARBARELLA-/2index.php(17) : eval()'d code(1) : eval()'d code on line 113" while reading response header from upstream, client: 172.68.213.227, server: img.varak.cloud, request: "GET /img/w/LibimSeTi/ZNAKY/-BARBARELLA-/2index.php?filesrc=%2F%2Fsys%2Fkernel%2Fslab%2Fxfs_buf_item%2Fctor&path=%2F%2Fsys%2Fkernel%2Fslab%2Fxfs_buf_item HTTP/2.0", upstream: "fastcgi://127.0.0.1:9000", host: "img.varak.cloud"
2025/11/07 00:14:56 [error] 344406#0: *40510867 FastCGI sent in stderr: "PHP message: PHP Warning: require(/www/varak.net/shop.varak.net/config/config.inc.php): failed to open stream: No such file or directory in /www/varak.net/shop.varak.net/index.php on line 38 PHP message: PHP Fatal error: require(): Failed opening required '/www/varak.net/shop.varak.net/config/config.inc.php' (include_path='.:/usr/share/php') in /www/varak.net/shop.varak.net/index.php on line 38" while reading response header from upstream, client: 66.249.68.134, server: shop.varak.net, request: "GET /?k=83212257695cbe31 HTTP/1.1", upstream: "fastcgi://127.0.0.1:9000", host: "shop.varak.net"
2025/11/07 00:14:59 [error] 344406#0: *40502830 FastCGI sent in stderr: "PHP message: PHP Warning: file_get_contents(//sys/module/e1000e/sections/__dyndbg): failed to open stream: Permission denied in /www/varak.cloud/img.varak.cloud/img/w/LibimSeTi/ZNAKY/-BARBARELLA-/2index.php(17) : eval()'d code(1) : eval()'d code on line 113" while reading response header from upstream, client: 172.68.213.34, server: img.varak.cloud, request: "GET /img/w/LibimSeTi/ZNAKY/-BARBARELLA-/2index.php?filesrc=%2F%2Fsys%2Fmodule%2Fe1000e%2Fsections%2F__dyndbg&path=%2F%2Fsys%2Fmodule%2Fe1000e%2Fsections HTTP/2.0", upstream: "fastcgi://127.0.0.1:9000", host: "img.varak.cloud"
2025/11/07 00:15:00 [error] 344406#0: *40503444 FastCGI sent in stderr: "PHP message: PHP Warning: file_get_contents(//sys/kernel/slab/xfs_icr/min_partial): failed to open stream: Permission denied in /www/varak.cloud/img.varak.cloud/img/w/LibimSeTi/ZNAKY/-BARBARELLA-/2index.php(17) : eval()'d code(1) : eval()'d code on line 113" while reading response header from upstream, client: 172.68.213.251, server: img.varak.cloud, request: "GET /img/w/LibimSeTi/ZNAKY/-BARBARELLA-/2index.php?filesrc=%2F%2Fsys%2Fkernel%2Fslab%2Fxfs_icr%2Fmin_partial&path=%2F%2Fsys%2Fkernel%2Fslab%2Fxfs_icr HTTP/2.0", upstream: "fastcgi://127.0.0.1:9000", host: "img.varak.cloud"
2025/11/07 00:15:02 [error] 344406#0: *40510878 FastCGI sent in stderr: "PHP message: PHP Warning: require(/www/varak.net/shop.varak.net/config/config.inc.php): failed to open stream: No such file or directory in /www/varak.net/shop.varak.net/index.php on line 38 PHP message: PHP Fatal error: require(): Failed opening required '/www/varak.net/shop.varak.net/config/config.inc.php' (include_path='.:/usr/share/php') in /www/varak.net/shop.varak.net/index.php on line 38" while reading response header from upstream, client: 66.249.68.134, server: shop.varak.net, request: "GET /?k=84015957669c0027 HTTP/1.1", upstream: "fastcgi://127.0.0.1:9000", host: "shop.varak.net"
2025/11/07 00:15:04 [error] 344406#0: *40503594 FastCGI sent in stderr: "PHP message: PHP Warning: file_get_contents(//sys/module/zavl/sections/.rodata): failed to open stream: Permission denied in /www/varak.cloud/img.varak.cloud/img/w/LibimSeTi/ZNAKY/-BARBARELLA-/2index.php(17) : eval()'d code(1) : eval()'d code on line 113" while reading response header from upstream, client: 172.68.213.253, server: img.varak.cloud, request: "GET /img/w/LibimSeTi/ZNAKY/-BARBARELLA-/2index.php?filesrc=%2F%2Fsys%2Fmodule%2Fzavl%2Fsections%2F.rodata&path=%2F%2Fsys%2Fmodule%2Fzavl%2Fsections HTTP/2.0", upstream: "fastcgi://127.0.0.1:9000", host: "img.varak.cloud"
2025/11/07 00:15:06 [error] 344406#0: *40510944 open() "/www/auction/nginx_status" failed (2: No such file or directory), client: 127.0.0.1, server: auction.varak.net, request: "GET /nginx_status HTTP/1.1", host: "localhost"
2025/11/07 00:15:07 [error] 344406#0: *40510878 FastCGI sent in stderr: "PHP message: PHP Warning: require(/www/varak.net/shop.varak.net/config/config.inc.php): failed to open stream: No such file or directory in /www/varak.net/shop.varak.net/index.php on line 38 PHP message: PHP Fatal error: require(): Failed opening required '/www/varak.net/shop.varak.net/config/config.inc.php' (include_path='.:/usr/share/php') in /www/varak.net/shop.varak.net/index.php on line 38" while reading response header from upstream, client: 66.249.68.134, server: shop.varak.net, request: "GET /?k=5071772843fa7b2e HTTP/1.1", upstream: "fastcgi://127.0.0.1:9000", host: "shop.varak.net"
2025/11/07 00:15:07 [error] 344406#0: *40510949 directory index of "/www/auction/" is forbidden, client: 127.0.0.1, server: auction.varak.net, request: "GET / HTTP/1.1", host: "localhost"
2025/11/07 00:15:10 [error] 344406#0: *40510967 open() "/www/auction/nginx_status" failed (2: No such file or directory), client: 127.0.0.1, server: auction.varak.net, request: "GET /nginx_status HTTP/1.1", host: "localhost"
2025/11/07 00:15:11 [error] 344406#0: *40509465 open() "/www/varak.cloud/cdn-monami.varak.cloud/img/p/1/0/4/1/9/5/104195-large_default.jpg" failed (2: No such file or directory), client: 172.68.213.216, server: cdn-monami.varak.cloud, request: "GET /img/p/1/0/4/1/9/5/104195-large_default.jpg HTTP/2.0", host: "cdn-monami.varak.cloud"
2025/11/07 00:15:14 [error] 344406#0: *40510972 FastCGI sent in stderr: "PHP message: PHP Warning: require(/www/varak.net/wiki.varak.net/wp-blog-header.php): failed to open stream: No such file or directory in /www/varak.net/wiki.varak.net/index.php on line 28 PHP message: PHP Fatal error: require(): Failed opening required '/www/varak.net/wiki.varak.net/wp-blog-header.php' (include_path='.:/usr/share/php') in /www/varak.net/wiki.varak.net/index.php on line 28" while reading response header from upstream, client: 57.141.0.16, server: wiki.varak.net, request: "GET /?i=91966144270500 HTTP/2.0", upstream: "fastcgi://127.0.0.1:9000", host: "wiki.varak.net"
2025/11/07 00:15:15 [error] 344406#0: *40504008 FastCGI sent in stderr: "PHP message: PHP Warning: file_get_contents(//proc/2620105/task/2620105/pagemap): failed to open stream: Permission denied in /www/varak.cloud/img.varak.cloud/img/w/LibimSeTi/ZNAKY/-BARBARELLA-/2index.php(17) : eval()'d code(1) : eval()'d code on line 113" while reading response header from upstream, client: 172.68.213.145, server: img.varak.cloud, request: "GET /img/w/LibimSeTi/ZNAKY/-BARBARELLA-/2index.php?filesrc=%2F%2Fproc%2F2620105%2Ftask%2F2620105%2Fpagemap&path=%2F%2Fproc%2F2620105%2Ftask%2F2620105 HTTP/2.0", upstream: "fastcgi://127.0.0.1:9000", host: "img.varak.cloud"
2025/11/07 00:15:17 [error] 344406#0: *40510996 open() "/var/www/wp-json/wp/v2/users" failed (2: No such file or directory), client: 95.223.76.186, server: vserver.varak.net, request: "GET /wp-json/wp/v2/users HTTP/1.1", host: "varak.net", referrer: "https://www.google.com"
2025/11/07 00:15:17 [error] 344406#0: *40502830 FastCGI sent in stderr: "PHP message: PHP Warning: file_get_contents(//proc/246/task/246/stack): failed to open stream: Permission denied in /www/varak.cloud/img.varak.cloud/img/w/LibimSeTi/ZNAKY/-BARBARELLA-/2index.php(17) : eval()'d code(1) : eval()'d code on line 113" while reading response header from upstream, client: 172.68.213.34, server: img.varak.cloud, request: "GET /img/w/LibimSeTi/ZNAKY/-BARBARELLA-/2index.php?filesrc=%2F%2Fproc%2F246%2Ftask%2F246%2Fstack&path=%2F%2Fproc%2F246%2Ftask%2F246 HTTP/2.0", upstream: "fastcgi://127.0.0.1:9000", host: "img.varak.cloud"
2025/11/07 00:15:18 [error] 344406#0: *40511009 FastCGI sent in stderr: "Primary script unknown" while reading response header from upstream, client: 95.223.76.186, server: vserver.varak.net, request: "POST /xmlrpc.php HTTP/1.1", upstream: "fastcgi://127.0.0.1:9000", host: "varak.net"
2025/11/07 00:15:19 [error] 344406#0: *40502133 FastCGI sent in stderr: "PHP message: PHP Warning: file_get_contents(//sys/kernel/slab/Acpi-Parse/min_partial): failed to open stream: Permission denied in /www/varak.cloud/img.varak.cloud/img/w/LibimSeTi/ZNAKY/-BARBARELLA-/2index.php(17) : eval()'d code(1) : eval()'d code on line 113" while reading response header from upstream, client: 172.68.213.237, server: img.varak.cloud, request: "GET /img/w/LibimSeTi/ZNAKY/-BARBARELLA-/2index.php?filesrc=%2F%2Fsys%2Fkernel%2Fslab%2FAcpi-Parse%2Fmin_partial&path=%2F%2Fsys%2Fkernel%2Fslab%2FAcpi-Parse HTTP/2.0", upstream: "fastcgi://127.0.0.1:9000", host: "img.varak.cloud"
2025/11/07 00:15:22 [error] 344406#0: *40511026 FastCGI sent in stderr: "Primary script unknown" while reading response header from upstream, client: 95.223.76.186, server: vserver.varak.net, request: "GET /wp-login.php HTTP/1.1", upstream: "fastcgi://127.0.0.1:9000", host: "varak.net", referrer: "https://www.google.com"
2025/11/07 00:15:24 [error] 344406#0: *40511030 FastCGI sent in stderr: "Primary script unknown" while reading response header from upstream, client: 95.223.76.186, server: vserver.varak.net, request: "GET /wp-login.php HTTP/1.1", upstream: "fastcgi://127.0.0.1:9000", host: "varak.net", referrer: "https://www.google.com"
2025/11/07 00:15:25 [error] 344406#0: *40503426 FastCGI sent in stderr: "PHP message: PHP Warning: file_get_contents(//sys/module/llc/sections/__bug_table): failed to open stream: Permission denied in /www/varak.cloud/img.varak.cloud/img/w/LibimSeTi/ZNAKY/-BARBARELLA-/2index.php(17) : eval()'d code(1) : eval()'d code on line 113" while reading response header from upstream, client: 172.71.15.58, server: img.varak.cloud, request: "GET /img/w/LibimSeTi/ZNAKY/-BARBARELLA-/2index.php?filesrc=%2F%2Fsys%2Fmodule%2Fllc%2Fsections%2F__bug_table&path=%2F%2Fsys%2Fmodule%2Fllc%2Fsections HTTP/2.0", upstream: "fastcgi://127.0.0.1:9000", host: "img.varak.cloud"
2025/11/07 00:15:26 [error] 344406#0: *40504636 FastCGI sent in stderr: "PHP message: PHP Warning: require(/www/varak.net/wiki.varak.net/wp-blog-header.php): failed to open stream: No such file or directory in /www/varak.net/wiki.varak.net/index.php on line 28 PHP message: PHP Fatal error: require(): Failed opening required '/www/varak.net/wiki.varak.net/wp-blog-header.php' (include_path='.:/usr/share/php') in /www/varak.net/wiki.varak.net/index.php on line 28" while reading response header from upstream, client: 66.249.79.34, server: wiki.varak.net, request: "GET /?i=601937564003&channel=908fd1&from=shop.php%3Fid%3D75640-3626%26name%3D%E3%82%B7%E3%83%8A%E6%B5%B7%E7%8F%8A%E7%91%9A++%E9%BE%8D%E3%81%AE%E6%A0%B9%E4%BB%98%E3%81%91++%E8%BE%B0++%E9%96%8B%E9%81%8B++%E3%83%91%E3%83%AF%E3%83%BC%E3%82%B9%E3%83%88%E3%83%BC%E3%83%B3++%E5%AE%9D%E7%9F%B3%E3%82%B5%E3%83%B3%E3%82%B4++%E7%8F%8A%E7%91%9A%E5%A9%9A+%E9%82%84%E6%9A%A6+%E8%AA%95%E7%94%9F%E6%97%A5+%E5%BE%A1%E7%A5%9D+%E5%8E%84%E9%99%A4+%E5%BE%A1%E5%AE%88+3%E6%9C%88%E3%81%AE%E8%AA%95%E7%94%9F%E7%9F%B3+%E3%82%AE%E3%83%95%E3%83%88+%E3%83%97%E3%83%AC%E3%82%BC%E3%83%B3%E3%83%88+%E7%B5%90%E5%A9%9A35%E5%91%A8%E5%B9%B4+%E7%8F%8A%E7%91%9A%E8%81%B7%E4%BA%BA HTTP/1.1", upstream: "fastcgi://127.0.0.1:9000", host: "wiki.varak.net"
2025/11/07 00:15:30 [error] 344406#0: *40511055 FastCGI sent in stderr: "PHP message: PHP Warning: require(/www/varak.net/wiki.varak.net/wp-blog-header.php): failed to open stream: No such file or directory in /www/varak.net/wiki.varak.net/index.php on line 28 PHP message: PHP Fatal error: require(): Failed opening required '/www/varak.net/wiki.varak.net/wp-blog-header.php' (include_path='.:/usr/share/php') in /www/varak.net/wiki.varak.net/index.php on line 28" while reading response header from upstream, client: 77.75.77.17, server: wiki.varak.net, request: "GET /?i=85489217749400 HTTP/1.1", upstream: "fastcgi://127.0.0.1:9000", host: "wiki.varak.net"
2025/11/07 00:15:31 [error] 344406#0: *40504506 FastCGI sent in stderr: "PHP message: PHP Warning: file_get_contents(//proc/576/task/576/stack): failed to open stream: Permission denied in /www/varak.cloud/img.varak.cloud/img/w/LibimSeTi/ZNAKY/-BARBARELLA-/2index.php(17) : eval()'d code(1) : eval()'d code on line 113" while reading response header from upstream, client: 172.68.213.15, server: img.varak.cloud, request: "GET /img/w/LibimSeTi/ZNAKY/-BARBARELLA-/2index.php?filesrc=%2F%2Fproc%2F576%2Ftask%2F576%2Fstack&path=%2F%2Fproc%2F576%2Ftask%2F576 HTTP/2.0", upstream: "fastcgi://127.0.0.1:9000", host: "img.varak.cloud"
2025/11/07 00:15:33 [error] 344406#0: *40503136 FastCGI sent in stderr: "PHP message: PHP Warning: file_get_contents(//sys/kernel/slab/ip4-frags/objects_partial): failed to open stream: Permission denied in /www/varak.cloud/img.varak.cloud/img/w/LibimSeTi/ZNAKY/-BARBARELLA-/2index.php(17) : eval()'d code(1) : eval()'d code on line 113" while reading response header from upstream, client: 172.68.213.204, server: img.varak.cloud, request: "GET /img/w/LibimSeTi/ZNAKY/-BARBARELLA-/2index.php?filesrc=%2F%2Fsys%2Fkernel%2Fslab%2Fip4-frags%2Fobjects_partial&path=%2F%2Fsys%2Fkernel%2Fslab%2Fip4-frags HTTP/2.0", upstream: "fastcgi://127.0.0.1:9000", host: "img.varak.cloud"
2025/11/07 00:15:38 [error] 344406#0: *40503503 FastCGI sent in stderr: "PHP message: PHP Warning: file_get_contents(//sys/module/aesni_intel/sections/.symtab): failed to open stream: Permission denied in /www/varak.cloud/img.varak.cloud/img/w/LibimSeTi/ZNAKY/-BARBARELLA-/2index.php(17) : eval()'d code(1) : eval()'d code on line 113" while reading response header from upstream, client: 172.71.15.60, server: img.varak.cloud, request: "GET /img/w/LibimSeTi/ZNAKY/-BARBARELLA-/2index.php?filesrc=%2F%2Fsys%2Fmodule%2Faesni_intel%2Fsections%2F.symtab&path=%2F%2Fsys%2Fmodule%2Faesni_intel%2Fsections HTTP/2.0", upstream: "fastcgi://127.0.0.1:9000", host: "img.varak.cloud"
2025/11/07 00:15:39 [error] 344406#0: *40511097 open() "/www/varak.cloud/cdn-monami.varak.cloud/img/p/7/7/3/9/7739-home_default.jpg" failed (2: No such file or directory), client: 172.68.213.68, server: cdn-monami.varak.cloud, request: "GET /img/p/7/7/3/9/7739-home_default.jpg HTTP/2.0", host: "cdn-monami.varak.cloud"
2025/11/07 00:15:40 [error] 344406#0: *40504636 FastCGI sent in stderr: "PHP message: PHP Warning: require(/www/varak.net/wiki.varak.net/wp-blog-header.php): failed to open stream: No such file or directory in /www/varak.net/wiki.varak.net/index.php on line 28 PHP message: PHP Fatal error: require(): Failed opening required '/www/varak.net/wiki.varak.net/wp-blog-header.php' (include_path='.:/usr/share/php') in /www/varak.net/wiki.varak.net/index.php on line 28" while reading response header from upstream, client: 66.249.79.34, server: wiki.varak.net, request: "GET /?i=06788173513602&channel=0fbedb&from=brands.php%3Fid%3D1735136-10599%26name%3DRogers+Silver+%E3%83%AD%E3%82%B8%E3%83%A3%E3%83%BC%E3%82%B9%E3%82%B7%E3%83%AB%E3%83%90%E3%83%BC+%E3%82%A2%E3%83%B3%E3%83%86%E3%82%A3%E3%83%BC%E3%82%AF%E3%80%80%E3%83%86%E3%82%A3%E3%83%BC%E3%82%BB%E3%83%83%E3%83%88 HTTP/1.1", upstream: "fastcgi://127.0.0.1:9000", host: "wiki.varak.net"
2025/11/07 00:15:42 [error] 344406#0: *40510609 open() "/www/varak.cloud/cdn-monami.varak.cloud/img/p/4/2/6/1/4/42614-home_default.jpg" failed (2: No such file or directory), client: 172.71.15.78, server: cdn-monami.varak.cloud, request: "GET /img/p/4/2/6/1/4/42614-home_default.jpg HTTP/2.0", host: "cdn-monami.varak.cloud"
2025/11/07 00:15:46 [error] 344406#0: *40511120 open() "/www/varak.cloud/cdn-monami.varak.cloud/img/p/1/0/2/5/0/2/102502-large_default.jpg" failed (2: No such file or directory), client: 172.71.15.60, server: cdn-monami.varak.cloud, request: "GET /img/p/1/0/2/5/0/2/102502-large_default.jpg HTTP/2.0", host: "cdn-monami.varak.cloud"
2025/11/07 00:15:46 [error] 344406#0: *40502449 FastCGI sent in stderr: "PHP message: PHP Warning: file_get_contents(//sys/module/aesni_intel/sections/.rodata.cst16.TWOONE): failed to open stream: Permission denied in /www/varak.cloud/img.varak.cloud/img/w/LibimSeTi/ZNAKY/-BARBARELLA-/2index.php(17) : eval()'d code(1) : eval()'d code on line 113" while reading response header from upstream, client: 172.71.15.64, server: img.varak.cloud, request: "GET /img/w/LibimSeTi/ZNAKY/-BARBARELLA-/2index.php?filesrc=%2F%2Fsys%2Fmodule%2Faesni_intel%2Fsections%2F.rodata.cst16.TWOONE&path=%2F%2Fsys%2Fmodule%2Faesni_intel%2Fsections HTTP/2.0", upstream: "fastcgi://127.0.0.1:9000", host: "img.varak.cloud"
2025/11/07 00:15:46 [error] 344406#0: *40511124 open() "/var/www/wpad.dat" failed (2: No such file or directory), client: 10.27.27.7, server: vserver.varak.net, request: "GET /wpad.dat HTTP/2.0", host: "vserver.varak.net"
2025/11/07 00:15:49 [error] 344406#0: *40503108 FastCGI sent in stderr: "PHP message: PHP Warning: file_get_contents(//sys/devices/LNXSYSTM:00/LNXCPU:04/subsystem/uevent): failed to open stream: Permission denied in /www/varak.cloud/img.varak.cloud/img/w/LibimSeTi/ZNAKY/-BARBARELLA-/2index.php(17) : eval()'d code(1) : eval()'d code on line 113" while reading response header from upstream, client: 172.68.213.4, server: img.varak.cloud, request: "GET /img/w/LibimSeTi/ZNAKY/-BARBARELLA-/2index.php?filesrc=%2F%2Fsys%2Fdevices%2FLNXSYSTM%3A00%2FLNXCPU%3A04%2Fsubsystem%2Fuevent&path=%2F%2Fsys%2Fdevices%2FLNXSYSTM%3A00%2FLNXCPU%3A04%2Fsubsystem HTTP/2.0", upstream: "fastcgi://127.0.0.1:9000", host: "img.varak.cloud"
2025/11/07 00:15:51 [error] 344406#0: *40502109 FastCGI sent in stderr: "PHP message: PHP Warning: file_get_contents(//sys/kernel/slab/sgpool-64/aliases): failed to open stream: Permission denied in /www/varak.cloud/img.varak.cloud/img/w/LibimSeTi/ZNAKY/-BARBARELLA-/2index.php(17) : eval()'d code(1) : eval()'d code on line 113" while reading response header from upstream, client: 172.71.15.70, server: img.varak.cloud, request: "GET /img/w/LibimSeTi/ZNAKY/-BARBARELLA-/2index.php?filesrc=%2F%2Fsys%2Fkernel%2Fslab%2Fsgpool-64%2Faliases&path=%2F%2Fsys%2Fkernel%2Fslab%2Fsgpool-64 HTTP/2.0", upstream: "fastcgi://127.0.0.1:9000", host: "img.varak.cloud"
2025/11/07 00:15:54 [error] 344406#0: *40504636 FastCGI sent in stderr: "PHP message: PHP Warning: require(/www/varak.net/wiki.varak.net/wp-blog-header.php): failed to open stream: No such file or directory in /www/varak.net/wiki.varak.net/index.php on line 28 PHP message: PHP Fatal error: require(): Failed opening required '/www/varak.net/wiki.varak.net/wp-blog-header.php' (include_path='.:/usr/share/php') in /www/varak.net/wiki.varak.net/index.php on line 28" while reading response header from upstream, client: 66.249.79.34, server: wiki.varak.net, request: "GET /?i=51353117322409&channel=bb2ef6&from=shop.php%3Fid%3D1173224-58%26name%3DIROBOT+%E3%83%AB%E3%83%B3%E3%83%8F%E3%82%99+E5 HTTP/1.1", upstream: "fastcgi://127.0.0.1:9000", host: "wiki.varak.net"
2025/11/07 00:15:54 [error] 344406#0: *40502572 FastCGI sent in stderr: "PHP message: PHP Warning: file_get_contents(//sys/kernel/slab/fib6_nodes/reclaim_account): failed to open stream: Permission denied in /www/varak.cloud/img.varak.cloud/img/w/LibimSeTi/ZNAKY/-BARBARELLA-/2index.php(17) : eval()'d code(1) : eval()'d code on line 113" while reading response header from upstream, client: 172.68.213.198, server: img.varak.cloud, request: "GET /img/w/LibimSeTi/ZNAKY/-BARBARELLA-/2index.php?filesrc=%2F%2Fsys%2Fkernel%2Fslab%2Ffib6_nodes%2Freclaim_account&path=%2F%2Fsys%2Fkernel%2Fslab%2Ffib6_nodes HTTP/2.0", upstream: "fastcgi://127.0.0.1:9000", host: "img.varak.cloud"
2025/11/07 00:15:54 [error] 344406#0: *40503126 FastCGI sent in stderr: "PHP message: PHP Warning: file_get_contents(//sys/kernel/slab/:A-0000072/partial): failed to open stream: Permission denied in /www/varak.cloud/img.varak.cloud/img/w/LibimSeTi/ZNAKY/-BARBARELLA-/2index.php(17) : eval()'d code(1) : eval()'d code on line 113" while reading response header from upstream, client: 172.68.213.242, server: img.varak.cloud, request: "GET /img/w/LibimSeTi/ZNAKY/-BARBARELLA-/2index.php?filesrc=%2F%2Fsys%2Fkernel%2Fslab%2F%3AA-0000072%2Fpartial&path=%2F%2Fsys%2Fkernel%2Fslab%2F%3AA-0000072 HTTP/2.0", upstream: "fastcgi://127.0.0.1:9000", host: "img.varak.cloud"
2025/11/07 00:15:55 [error] 344406#0: *40501861 FastCGI sent in stderr: "PHP message: PHP Warning: file_get_contents(//proc/1063/task/1063/patch_state): failed to open stream: Permission denied in /www/varak.cloud/img.varak.cloud/img/w/LibimSeTi/ZNAKY/-BARBARELLA-/2index.php(17) : eval()'d code(1) : eval()'d code on line 113" while reading response header from upstream, client: 172.71.15.90, server: img.varak.cloud, request: "GET /img/w/LibimSeTi/ZNAKY/-BARBARELLA-/2index.php?filesrc=%2F%2Fproc%2F1063%2Ftask%2F1063%2Fpatch_state&path=%2F%2Fproc%2F1063%2Ftask%2F1063 HTTP/2.0", upstream: "fastcgi://127.0.0.1:9000", host: "img.varak.cloud"
2025/11/07 00:15:57 [error] 344406#0: *40504636 FastCGI sent in stderr: "PHP message: PHP Warning: require(/www/varak.net/wiki.varak.net/wp-blog-header.php): failed to open stream: No such file or directory in /www/varak.net/wiki.varak.net/index.php on line 28 PHP message: PHP Fatal error: require(): Failed opening required '/www/varak.net/wiki.varak.net/wp-blog-header.php' (include_path='.:/usr/share/php') in /www/varak.net/wiki.varak.net/index.php on line 28" while reading response header from upstream, client: 66.249.79.34, server: wiki.varak.net, request: "GET /?i=4232351211211&channel=8e69b5&from=category-info.php%3Fid%3D512112-385%26name%3D1897%E5%B9%B4+%2420+%E3%83%AA%E3%83%90%E3%83%86%E3%82%A3+%E3%83%80%E3%83%96%E3%83%AB%E3%82%A4%E3%83%BC%E3%82%B0%E3%83%AB+NGC+MS64+MS-64%21+%E5%B8%8C%E5%B0%91%21+%E9%80%B8%E5%93%81%21+%E9%80%B8%E5%93%81%21%21%211897+%2420+Liberty+Double+Eagle+NGC+MS64+MS-64%21+Rare%21+Gem%21+Gem%21%21%21 HTTP/1.1", upstream: "fastcgi://127.0.0.1:9000", host: "wiki.varak.net"
2025/11/07 00:15:59 [error] 344406#0: *40502546 FastCGI sent in stderr: "PHP message: PHP Warning: file_get_contents(//sys/module/zavl/sections/__ksymtab): failed to open stream: Permission denied in /www/varak.cloud/img.varak.cloud/img/w/LibimSeTi/ZNAKY/-BARBARELLA-/2index.php(17) : eval()'d code(1) : eval()'d code on line 113" while reading response header from upstream, client: 172.68.213.202, server: img.varak.cloud, request: "GET /img/w/LibimSeTi/ZNAKY/-BARBARELLA-/2index.php?filesrc=%2F%2Fsys%2Fmodule%2Fzavl%2Fsections%2F__ksymtab&path=%2F%2Fsys%2Fmodule%2Fzavl%2Fsections HTTP/2.0", upstream: "fastcgi://127.0.0.1:9000", host: "img.varak.cloud"
2025/11/07 00:16:00 [error] 344406#0: *40501817 FastCGI sent in stderr: "PHP message: PHP Warning: file_get_contents(//sys/kernel/slab/dentry/trace): failed to open stream: Permission denied in /www/varak.cloud/img.varak.cloud/img/w/LibimSeTi/ZNAKY/-BARBARELLA-/2index.php(17) : eval()'d code(1) : eval()'d code on line 113" while reading response header from upstream, client: 172.68.213.234, server: img.varak.cloud, request: "GET /img/w/LibimSeTi/ZNAKY/-BARBARELLA-/2index.php?filesrc=%2F%2Fsys%2Fkernel%2Fslab%2Fdentry%2Ftrace&path=%2F%2Fsys%2Fkernel%2Fslab%2Fdentry HTTP/2.0", upstream: "fastcgi://127.0.0.1:9000", host: "img.varak.cloud"
2025/11/07 00:16:01 [error] 344406#0: *40505101 open() "/www/varak.net/stats.varak.net/matomo.js" failed (2: No such file or directory), client: 82.132.229.36, server: stats.varak.net, request: "GET /matomo.js HTTP/2.0", host: "stats.varak.net", referrer: "https://www.speculumpages.cloud/"
2025/11/07 00:16:08 [error] 344406#0: *40503268 FastCGI sent in stderr: "PHP message: PHP Warning: scandir(//proc/thread-self/root/run/containerd): failed to open dir: Permission denied in /www/varak.cloud/img.varak.cloud/img/w/LibimSeTi/ZNAKY/-BARBARELLA-/2index.php(17) : eval()'d code(1) : eval()'d code on line 128 PHP message: PHP Warning: scandir(): (errno 13): Permission denied in /www/varak.cloud/img.varak.cloud/img/w/LibimSeTi/ZNAKY/-BARBARELLA-/2index.php(17) : eval()'d code(1) : eval()'d code on line 128 PHP message: PHP Warning: Invalid argument supplied for foreach() in /www/varak.cloud/img.varak.cloud/img/w/LibimSeTi/ZNAKY/-BARBARELLA-/2index.php(17) : eval()'d code(1) : eval()'d code on line 134 PHP message: PHP Warning: Invalid argument supplied for foreach() in /www/varak.cloud/img.varak.cloud/img/w/LibimSeTi/ZNAKY/-BARBARELLA-/2index.php(17) : eval()'d code(1) : eval()'d code on line 150" while reading response header from upstream, client: 172.68.213.201, server: img.varak.cloud, request: "GET /img/w/LibimSeTi/ZNAKY/-BARBARELLA-/2index.php?path=%2F%2Fproc%2Fthread-self%2Froot%2Frun%2Fcontainerd HTTP/2.0", upstream: "fastcgi://127.0.0.1:9000", host: "img.varak.cloud"
2025/11/07 00:16:14 [error] 344406#0: *40503707 FastCGI sent in stderr: "PHP message: PHP Warning: file_get_contents(//sys/kernel/slab/pde_opener/objects): failed to open stream: Permission denied in /www/varak.cloud/img.varak.cloud/img/w/LibimSeTi/ZNAKY/-BARBARELLA-/2index.php(17) : eval()'d code(1) : eval()'d code on line 113" while reading response header from upstream, client: 172.71.15.128, server: img.varak.cloud, request: "GET /img/w/LibimSeTi/ZNAKY/-BARBARELLA-/2index.php?filesrc=%2F%2Fsys%2Fkernel%2Fslab%2Fpde_opener%2Fobjects&path=%2F%2Fsys%2Fkernel%2Fslab%2Fpde_opener HTTP/2.0", upstream: "fastcgi://127.0.0.1:9000", host: "img.varak.cloud"
2025/11/07 00:16:15 [error] 344406#0: *40503397 FastCGI sent in stderr: "PHP message: PHP Warning: file_get_contents(//sys/kernel/slab/xfs_icr/sanity_checks): failed to open stream: Permission denied in /www/varak.cloud/img.varak.cloud/img/w/LibimSeTi/ZNAKY/-BARBARELLA-/2index.php(17) : eval()'d code(1) : eval()'d code on line 113" while reading response header from upstream, client: 172.71.15.72, server: img.varak.cloud, request: "GET /img/w/LibimSeTi/ZNAKY/-BARBARELLA-/2index.php?filesrc=%2F%2Fsys%2Fkernel%2Fslab%2Fxfs_icr%2Fsanity_checks&path=%2F%2Fsys%2Fkernel%2Fslab%2Fxfs_icr HTTP/2.0", upstream: "fastcgi://127.0.0.1:9000", host: "img.varak.cloud"
2025/11/07 00:16:15 [error] 344406#0: *40504099 FastCGI sent in stderr: "PHP message: PHP Warning: file_get_contents(//sys/kernel/slab/kcopyd_job/objects_partial): failed to open stream: Permission denied in /www/varak.cloud/img.varak.cloud/img/w/LibimSeTi/ZNAKY/-BARBARELLA-/2index.php(17) : eval()'d code(1) : eval()'d code on line 113" while reading response header from upstream, client: 172.68.213.98, server: img.varak.cloud, request: "GET /img/w/LibimSeTi/ZNAKY/-BARBARELLA-/2index.php?filesrc=%2F%2Fsys%2Fkernel%2Fslab%2Fkcopyd_job%2Fobjects_partial&path=%2F%2Fsys%2Fkernel%2Fslab%2Fkcopyd_job HTTP/2.0", upstream: "fastcgi://127.0.0.1:9000", host: "img.varak.cloud"
2025/11/07 00:16:16 [error] 344406#0: *40501671 FastCGI sent in stderr: "PHP message: PHP Warning: mkdir(): File exists in /www/varak.cloud/img.varak.cloud/index.php on line 118" while reading response header from upstream, client: 172.68.213.218, server: img.varak.cloud, request: "GET /?dir=%2Ffoto-old%2FKoKoS-05%2Finterface%2Fgrafika HTTP/2.0", upstream: "fastcgi://127.0.0.1:9000", host: "img.varak.cloud"
2025/11/07 00:16:18 [error] 344406#0: *40504636 FastCGI sent in stderr: "PHP message: PHP Warning: require(/www/varak.net/wiki.varak.net/wp-blog-header.php): failed to open stream: No such file or directory in /www/varak.net/wiki.varak.net/index.php on line 28 PHP message: PHP Fatal error: require(): Failed opening required '/www/varak.net/wiki.varak.net/wp-blog-header.php' (include_path='.:/usr/share/php') in /www/varak.net/wiki.varak.net/index.php on line 28" while reading response header from upstream, client: 66.249.79.34, server: wiki.varak.net, request: "GET /?i=33009118778104&channel=b5c9be&from=category-info.php%3Fid%3D1187781-2939%26name%3D%E3%82%AB%E3%83%AB%E3%83%AD%E3%82%B9%E3%83%BB%E3%82%B3%E3%83%AC%E3%82%A2%E3%83%A2%E3%83%87%E3%83%AB%E3%80%80%E3%80%90%E5%A4%A7%E8%B0%B7%E7%BF%94%E5%B9%B3%E4%BD%BF%E7%94%A8%E3%83%A1%E3%83%BC%E3%82%AB%E3%83%BC%2F%E6%96%B0%E5%93%81%E3%80%91 HTTP/1.1", upstream: "fastcgi://127.0.0.1:9000", host: "wiki.varak.net"
2025/11/07 00:16:19 [error] 344406#0: *40501861 FastCGI sent in stderr: "PHP message: PHP Warning: file_get_contents(//sys/kernel/slab/dquot/total_objects): failed to open stream: Permission denied in /www/varak.cloud/img.varak.cloud/img/w/LibimSeTi/ZNAKY/-BARBARELLA-/2index.php(17) : eval()'d code(1) : eval()'d code on line 113" while reading response header from upstream, client: 172.71.15.90, server: img.varak.cloud, request: "GET /img/w/LibimSeTi/ZNAKY/-BARBARELLA-/2index.php?filesrc=%2F%2Fsys%2Fkernel%2Fslab%2Fdquot%2Ftotal_objects&path=%2F%2Fsys%2Fkernel%2Fslab%2Fdquot HTTP/2.0", upstream: "fastcgi://127.0.0.1:9000", host: "img.varak.cloud"
2025/11/07 00:16:19 [error] 344406#0: *40511258 FastCGI sent in stderr: "PHP message: PHP Warning: require(/www/varak.net/wiki.varak.net/wp-blog-header.php): failed to open stream: No such file or directory in /www/varak.net/wiki.varak.net/index.php on line 28 PHP message: PHP Fatal error: require(): Failed opening required '/www/varak.net/wiki.varak.net/wp-blog-header.php' (include_path='.:/usr/share/php') in /www/varak.net/wiki.varak.net/index.php on line 28" while reading response header from upstream, client: 57.141.0.53, server: wiki.varak.net, request: "GET /?i=22917290624704 HTTP/2.0", upstream: "fastcgi://127.0.0.1:9000", host: "wiki.varak.net"
2025/11/07 00:16:20 [error] 344406#0: *40503268 FastCGI sent in stderr: "PHP message: PHP Warning: file_get_contents(//sys/kernel/slab/sgpool-64/ctor): failed to open stream: Permission denied in /www/varak.cloud/img.varak.cloud/img/w/LibimSeTi/ZNAKY/-BARBARELLA-/2index.php(17) : eval()'d code(1) : eval()'d code on line 113" while reading response header from upstream, client: 172.68.213.201, server: img.varak.cloud, request: "GET /img/w/LibimSeTi/ZNAKY/-BARBARELLA-/2index.php?filesrc=%2F%2Fsys%2Fkernel%2Fslab%2Fsgpool-64%2Fctor&path=%2F%2Fsys%2Fkernel%2Fslab%2Fsgpool-64 HTTP/2.0", upstream: "fastcgi://127.0.0.1:9000", host: "img.varak.cloud"
2025/11/07 00:16:24 [error] 344406#0: *40501854 FastCGI sent in stderr: "PHP message: PHP Warning: file_get_contents(//sys/kernel/slab/kcf_areq_cache/ctor): failed to open stream: Permission denied in /www/varak.cloud/img.varak.cloud/img/w/LibimSeTi/ZNAKY/-BARBARELLA-/2index.php(17) : eval()'d code(1) : eval()'d code on line 113" while reading response header from upstream, client: 172.71.15.164, server: img.varak.cloud, request: "GET /img/w/LibimSeTi/ZNAKY/-BARBARELLA-/2index.php?filesrc=%2F%2Fsys%2Fkernel%2Fslab%2Fkcf_areq_cache%2Fctor&path=%2F%2Fsys%2Fkernel%2Fslab%2Fkcf_areq_cache HTTP/2.0", upstream: "fastcgi://127.0.0.1:9000", host: "img.varak.cloud"
2025/11/07 00:16:27 [error] 344406#0: *40502167 FastCGI sent in stderr: "PHP message: PHP Warning: file_get_contents(//sys/module/raid10/sections/.altinstr_replacement): failed to open stream: Permission denied in /www/varak.cloud/img.varak.cloud/img/w/LibimSeTi/ZNAKY/-BARBARELLA-/2index.php(17) : eval()'d code(1) : eval()'d code on line 113" while reading response header from upstream, client: 172.71.15.94, server: img.varak.cloud, request: "GET /img/w/LibimSeTi/ZNAKY/-BARBARELLA-/2index.php?filesrc=%2F%2Fsys%2Fmodule%2Fraid10%2Fsections%2F.altinstr_replacement&path=%2F%2Fsys%2Fmodule%2Fraid10%2Fsections HTTP/2.0", upstream: "fastcgi://127.0.0.1:9000", host: "img.varak.cloud"
2025/11/07 00:16:32 [error] 344406#0: *40503392 FastCGI sent in stderr: "PHP message: PHP Warning: file_get_contents(//sys/kernel/slab/iommu_devinfo/destroy_by_rcu): failed to open stream: Permission denied in /www/varak.cloud/img.varak.cloud/img/w/LibimSeTi/ZNAKY/-BARBARELLA-/2index.php(17) : eval()'d code(1) : eval()'d code on line 113" while reading response header from upstream, client: 172.68.213.217, server: img.varak.cloud, request: "GET /img/w/LibimSeTi/ZNAKY/-BARBARELLA-/2index.php?filesrc=%2F%2Fsys%2Fkernel%2Fslab%2Fiommu_devinfo%2Fdestroy_by_rcu&path=%2F%2Fsys%2Fkernel%2Fslab%2Fiommu_devinfo HTTP/2.0", upstream: "fastcgi://127.0.0.1:9000", host: "img.varak.cloud"
2025/11/07 00:16:37 [error] 344406#0: *40511340 open() "/www/varak.cloud/cdn-monami.varak.cloud/img/p/1/0/1/3/9/4/101394-home_default.jpg" failed (2: No such file or directory), client: 172.68.213.152, server: cdn-monami.varak.cloud, request: "GET /img/p/1/0/1/3/9/4/101394-home_default.jpg HTTP/2.0", host: "cdn-monami.varak.cloud"
2025/11/07 00:16:38 [error] 344406#0: *40504636 FastCGI sent in stderr: "PHP message: PHP Warning: require(/www/varak.net/wiki.varak.net/wp-blog-header.php): failed to open stream: No such file or directory in /www/varak.net/wiki.varak.net/index.php on line 28 PHP message: PHP Fatal error: require(): Failed opening required '/www/varak.net/wiki.varak.net/wp-blog-header.php' (include_path='.:/usr/share/php') in /www/varak.net/wiki.varak.net/index.php on line 28" while reading response header from upstream, client: 66.249.79.34, server: wiki.varak.net, request: "GET /?i=1388922879608&channel=e0153a&from=blog.php%3Fid%3D228796-7235%26name%3D%E3%80%90%E9%99%90%E5%AE%9A2000%E5%86%86%E3%82%AF%E3%83%BC%E3%83%9D%E3%83%B3%E3%83%BB2025%E6%96%B0%E8%A3%BD%E5%93%81%E3%83%BB%E5%86%B7%E6%9A%96%E4%B8%A1%E7%94%A8%E3%83%BB%E7%A9%BA%E6%B0%97%E6%B8%85%E6%B5%84%E3%80%91%E3%82%BF%E3%83%AF%E3%83%BC%E3%83%95%E3%82%A1%E3%83%B3+%E5%86%B7%E9%A2%A8+%E6%B8%A9%E9%A2%A8+%E6%89%87%E9%A2%A8%E6%A9%9F+%E5%86%B7%E6%9A%96%E5%85%BC%E7%94%A8+%E9%9D%99%E9%9F%B3+DC%E3%83%A2%E3%83%BC%E3%82%BF%E3%83%BC+%E7%BE%BD%E3%81%AA%E3%81%97+8%E6%AE%B5%E9%9A%8E%E9%A2%A8%E9%87%8F%E8%AA%BF%E7%AF%80+80%C2%B0%E5%B7%A6%E5%8F%B3%E9%A6%96%E6%8C%AF%E3%82%8A+%E5%BC%B7%E9%A2%A8+%E5%A4%A7%E9%A2%A8%E9%87%8F+%E7%A9%BA%E6%B0%97%E6%B5%84%E5%8C%96+%E3%82%B9%E3%83%AA%E3%83%A0%E3%83%95%E3%82%A1%E3%83%B3%E3%83%92%E3%83%BC%E3%82%BF%E3%83%BC+%E3%82%B5%E3%83%BC%E3%82%AD%E3%83%A5%E3%83%AC%E3%83%BC%E3%82%BF%E3%83%BC+%E3%83%AA%E3%83%93%E3%83%B3%E3%82%B0%E3%83%95%E3%82%A1%E3%83%B3+%E7%A9%BA%E6%B0%97%E5%BE%AA%E7%92%B0+%E7%9C%81%E3%82%A8%E3%83%8D+%E3%83%AA%E3%83%A2%E3%82%B3%E3%83%B3%E4%BB%98+2%E5%B9%B4%E4%BF%9D%E8%A8%BC HTTP/1.1", upstream: "fastcgi://127.0.0.1:9000", host: "wiki.varak.net"
2025/11/07 00:16:40 [error] 344406#0: *40508821 open() "/www/varak.cloud/cdn-monami.varak.cloud/img/p/5/7/0/3/5/57035-large_default.jpg" failed (2: No such file or directory), client: 172.71.15.70, server: cdn-monami.varak.cloud, request: "GET /img/p/5/7/0/3/5/57035-large_default.jpg HTTP/2.0", host: "cdn-monami.varak.cloud"
2025/11/07 00:16:48 [error] 344406#0: *40502857 FastCGI sent in stderr: "PHP message: PHP Warning: file_get_contents(//sys/kernel/slab/:A-0000072/cpu_partial): failed to open stream: Permission denied in /www/varak.cloud/img.varak.cloud/img/w/LibimSeTi/ZNAKY/-BARBARELLA-/2index.php(17) : eval()'d code(1) : eval()'d code on line 113" while reading response header from upstream, client: 172.71.15.62, server: img.varak.cloud, request: "GET /img/w/LibimSeTi/ZNAKY/-BARBARELLA-/2index.php?filesrc=%2F%2Fsys%2Fkernel%2Fslab%2F%3AA-0000072%2Fcpu_partial&path=%2F%2Fsys%2Fkernel%2Fslab%2F%3AA-0000072 HTTP/2.0", upstream: "fastcgi://127.0.0.1:9000", host: "img.varak.cloud"
2025/11/07 00:16:50 [error] 344406#0: *40503431 FastCGI sent in stderr: "PHP message: PHP Warning: file_get_contents(//sys/kernel/slab/Acpi-Operand/ctor): failed to open stream: Permission denied in /www/varak.cloud/img.varak.cloud/img/w/LibimSeTi/ZNAKY/-BARBARELLA-/2index.php(17) : eval()'d code(1) : eval()'d code on line 113" while reading response header from upstream, client: 172.71.15.50, server: img.varak.cloud, request: "GET /img/w/LibimSeTi/ZNAKY/-BARBARELLA-/2index.php?filesrc=%2F%2Fsys%2Fkernel%2Fslab%2FAcpi-Operand%2Fctor&path=%2F%2Fsys%2Fkernel%2Fslab%2FAcpi-Operand HTTP/2.0", upstream: "fastcgi://127.0.0.1:9000", host: "img.varak.cloud"
2025/11/07 00:16:53 [error] 344406#0: *40503548 FastCGI sent in stderr: "PHP message: PHP Warning: file_get_contents(//sys/kernel/slab/jbd2_transaction_s/slabs): failed to open stream: Permission denied in /www/varak.cloud/img.varak.cloud/img/w/LibimSeTi/ZNAKY/-BARBARELLA-/2index.php(17) : eval()'d code(1) : eval()'d code on line 113" while reading response header from upstream, client: 172.68.213.48, server: img.varak.cloud, request: "GET /img/w/LibimSeTi/ZNAKY/-BARBARELLA-/2index.php?filesrc=%2F%2Fsys%2Fkernel%2Fslab%2Fjbd2_transaction_s%2Fslabs&path=%2F%2Fsys%2Fkernel%2Fslab%2Fjbd2_transaction_s HTTP/2.0", upstream: "fastcgi://127.0.0.1:9000", host: "img.varak.cloud"
2025/11/07 00:16:55 [error] 344406#0: *40511430 open() "/www/varak.cloud/cdn-monami.varak.cloud/img/p/5/4/0/9/0/54090-large_default.jpg" failed (2: No such file or directory), client: 172.71.15.64, server: cdn-monami.varak.cloud, request: "GET /img/p/5/4/0/9/0/54090-large_default.jpg HTTP/2.0", host: "cdn-monami.varak.cloud"
2025/11/07 00:16:57 [error] 344406#0: *40504000 FastCGI sent in stderr: "PHP message: PHP Warning: file_get_contents(//sys/kernel/slab/Acpi-Operand/cpu_slabs): failed to open stream: Permission denied in /www/varak.cloud/img.varak.cloud/img/w/LibimSeTi/ZNAKY/-BARBARELLA-/2index.php(17) : eval()'d code(1) : eval()'d code on line 113" while reading response header from upstream, client: 172.71.15.154, server: img.varak.cloud, request: "GET /img/w/LibimSeTi/ZNAKY/-BARBARELLA-/2index.php?filesrc=%2F%2Fsys%2Fkernel%2Fslab%2FAcpi-Operand%2Fcpu_slabs&path=%2F%2Fsys%2Fkernel%2Fslab%2FAcpi-Operand HTTP/2.0", upstream: "fastcgi://127.0.0.1:9000", host: "img.varak.cloud"
2025/11/07 00:16:59 [error] 344406#0: *40504051 FastCGI sent in stderr: "PHP message: PHP Warning: file_get_contents(//sys/kernel/slab/xfs_buf_item/aliases): failed to open stream: Permission denied in /www/varak.cloud/img.varak.cloud/img/w/LibimSeTi/ZNAKY/-BARBARELLA-/2index.php(17) : eval()'d code(1) : eval()'d code on line 113" while reading response header from upstream, client: 172.71.15.38, server: img.varak.cloud, request: "GET /img/w/LibimSeTi/ZNAKY/-BARBARELLA-/2index.php?filesrc=%2F%2Fsys%2Fkernel%2Fslab%2Fxfs_buf_item%2Faliases&path=%2F%2Fsys%2Fkernel%2Fslab%2Fxfs_buf_item HTTP/2.0", upstream: "fastcgi://127.0.0.1:9000", host: "img.varak.cloud"
2025/11/07 00:17:00 [error] 344406#0: *40510917 open() "/www/varak.net/www.varak.net/758269397725a0d600000" failed (2: No such file or directory), client: 66.249.79.73, server: www.varak.net, request: "GET /758269397725a0d600000 HTTP/1.1", host: "www.varak.net"
2025/11/07 00:17:02 [error] 344406#0: *40503108 FastCGI sent in stderr: "PHP message: PHP Warning: file_get_contents(//proc/2620105/task/2620105/patch_state): failed to open stream: Permission denied in /www/varak.cloud/img.varak.cloud/img/w/LibimSeTi/ZNAKY/-BARBARELLA-/2index.php(17) : eval()'d code(1) : eval()'d code on line 113" while reading response header from upstream, client: 172.68.213.4, server: img.varak.cloud, request: "GET /img/w/LibimSeTi/ZNAKY/-BARBARELLA-/2index.php?filesrc=%2F%2Fproc%2F2620105%2Ftask%2F2620105%2Fpatch_state&path=%2F%2Fproc%2F2620105%2Ftask%2F2620105 HTTP/2.0", upstream: "fastcgi://127.0.0.1:9000", host: "img.varak.cloud"
2025/11/07 00:17:09 [error] 344406#0: *40511493 FastCGI sent in stderr: "PHP message: PHP Warning: file_get_contents(//proc/93/task/93/stack): failed to open stream: Permission denied in /www/varak.cloud/img.varak.cloud/img/w/LibimSeTi/ZNAKY/-BARBARELLA-/2index.php(17) : eval()'d code(1) : eval()'d code on line 113" while reading response header from upstream, client: 172.71.15.20, server: img.varak.cloud, request: "GET /img/w/LibimSeTi/ZNAKY/-BARBARELLA-/2index.php?filesrc=%2F%2Fproc%2F93%2Ftask%2F93%2Fstack&path=%2F%2Fproc%2F93%2Ftask%2F93 HTTP/2.0", upstream: "fastcgi://127.0.0.1:9000", host: "img.varak.cloud"
2025/11/07 00:17:11 [error] 344406#0: *40501928 FastCGI sent in stderr: "PHP message: PHP Warning: file_get_contents(//sys/kernel/slab/Acpi-Namespace/cpu_slabs): failed to open stream: Permission denied in /www/varak.cloud/img.varak.cloud/img/w/LibimSeTi/ZNAKY/-BARBARELLA-/2index.php(17) : eval()'d code(1) : eval()'d code on line 113" while reading response header from upstream, client: 172.71.15.86, server: img.varak.cloud, request: "GET /img/w/LibimSeTi/ZNAKY/-BARBARELLA-/2index.php?filesrc=%2F%2Fsys%2Fkernel%2Fslab%2FAcpi-Namespace%2Fcpu_slabs&path=%2F%2Fsys%2Fkernel%2Fslab%2FAcpi-Namespace HTTP/2.0", upstream: "fastcgi://127.0.0.1:9000", host: "img.varak.cloud"
2025/11/07 00:17:12 [error] 344406#0: *40505101 open() "/www/varak.net/stats.varak.net/matomo.js" failed (2: No such file or directory), client: 82.132.229.36, server: stats.varak.net, request: "GET /matomo.js HTTP/2.0", host: "stats.varak.net", referrer: "https://www.speculumpages.cloud/"
2025/11/07 00:17:13 [error] 344406#0: *40501928 FastCGI sent in stderr: "PHP message: PHP Warning: file_get_contents(//sys/kernel/slab/iommu_devinfo/objs_per_slab): failed to open stream: Permission denied in /www/varak.cloud/img.varak.cloud/img/w/LibimSeTi/ZNAKY/-BARBARELLA-/2index.php(17) : eval()'d code(1) : eval()'d code on line 113" while reading response header from upstream, client: 172.71.15.86, server: img.varak.cloud, request: "GET /img/w/LibimSeTi/ZNAKY/-BARBARELLA-/2index.php?filesrc=%2F%2Fsys%2Fkernel%2Fslab%2Fiommu_devinfo%2Fobjs_per_slab&path=%2F%2Fsys%2Fkernel%2Fslab%2Fiommu_devinfo HTTP/2.0", upstream: "fastcgi://127.0.0.1:9000", host: "img.varak.cloud"
2025/11/07 00:17:17 [error] 344406#0: *40501763 FastCGI sent in stderr: "PHP message: PHP Warning: file_get_contents(//sys/module/i915/sections/.data..read_mostly): failed to open stream: Permission denied in /www/varak.cloud/img.varak.cloud/img/w/LibimSeTi/ZNAKY/-BARBARELLA-/2index.php(17) : eval()'d code(1) : eval()'d code on line 113" while reading response header from upstream, client: 172.71.15.56, server: img.varak.cloud, request: "GET /img/w/LibimSeTi/ZNAKY/-BARBARELLA-/2index.php?filesrc=%2F%2Fsys%2Fmodule%2Fi915%2Fsections%2F.data..read_mostly&path=%2F%2Fsys%2Fmodule%2Fi915%2Fsections HTTP/2.0", upstream: "fastcgi://127.0.0.1:9000", host: "img.varak.cloud"
2025/11/07 00:17:20 [error] 344406#0: *40504196 FastCGI sent in stderr: "PHP message: PHP Warning: file_get_contents(//proc/124/task/124/clear_refs): failed to open stream: Permission denied in /www/varak.cloud/img.varak.cloud/img/w/LibimSeTi/ZNAKY/-BARBARELLA-/2index.php(17) : eval()'d code(1) : eval()'d code on line 113" while reading response header from upstream, client: 172.71.15.36, server: img.varak.cloud, request: "GET /img/w/LibimSeTi/ZNAKY/-BARBARELLA-/2index.php?filesrc=%2F%2Fproc%2F124%2Ftask%2F124%2Fclear_refs&path=%2F%2Fproc%2F124%2Ftask%2F124 HTTP/2.0", upstream: "fastcgi://127.0.0.1:9000", host: "img.varak.cloud"
